{"id":84,"date":"2014-09-18T14:11:31","date_gmt":"2014-09-18T12:11:31","guid":{"rendered":"http:\/\/agora.xtec.cat\/ceip-rcastelltort\/?page_id=84"},"modified":"2025-01-03T15:33:09","modified_gmt":"2025-01-03T14:33:09","slug":"activitats-extraescolars","status":"publish","type":"page","link":"https:\/\/agora.xtec.cat\/ceip-rcastelltort\/ampa\/activitats-extraescolars\/","title":{"rendered":"Activitats extraescolars"},"content":{"rendered":"<p style=\"text-align: justify;\"><strong>Des de l&#8217;AFA<\/strong> oferim un ampli ventall d&#8217;activitats extraescolars per cobrir l&#8217;espai no lectiu del centre, amb l&#8217;objectiu d&#8217;estimular l&#8217;adquisici\u00f3 dels valors que es generen en la relaci\u00f3 amb els altres i amb el medi, i afavorir el seu desenvolupament personal i social.<\/p>\n<p style=\"text-align: justify;\">Les activitats extraescolars estan pensades per a tots els alumnes i es realitzen <strong>des de les 7:15 h del mat\u00ed fins a les 18:00 h<\/strong> de la tarda, cosa que permet una gran flexibilitat per adaptar-se a les necessitats de les fam\u00edlies.<\/p>\n<ul>\n<li style=\"text-align: justify;\"><strong>Acollida Matinal<\/strong><br \/>\nL&#8217;acollida matinal est\u00e0 disponible a partir de les 7:15 h, amb franges hor\u00e0ries de 30 minuts. Aquesta opci\u00f3 permet als alumnes comen\u00e7ar el dia de manera tranquil\u00b7la i segura abans de l&#8217;inici de les classes.<\/li>\n<li style=\"text-align: justify;\"><strong>Activitats de Migdia<\/strong><br \/>\nDe 12:00 h a 13:00 h, els alumnes poden participar en diverses activitats extraescolars, com angl\u00e8s, poliesportiu, creativitat, patinatge entre altres. Aquest espai permet que els nens i nenes gaudeixin de l&#8217;aprenentatge fora de l&#8217;aula i desenvolupin noves habilitats. A m\u00e9s, l&#8217;espai de menjador es pot combinar amb les activitats de migdia, cosa que permet una oferta flexible i adaptada a les necessitats de cada fam\u00edlia.<\/li>\n<li style=\"text-align: justify;\"><strong>Activitats de Tarda<\/strong><br \/>\nA la tarda, des de les 17:00 h fins a les 18:00 h, els alumnes poden participar en una gran varietat d&#8217;activitats extraescolars, com teatre, esport, cuina, entre d\u2019altres. Les activitats estan dissenyades per fomentar la creativitat, el treball en equip i el desenvolupament personal de cada nen o nena.<\/li>\n<\/ul>\n<p style=\"text-align: justify;\">A m\u00e9s, oferim l\u2019activitat de piscina, que es realitza al Complex Esportiu Infinit d&#8217;Igualada. Aquesta activitat finalitza a les 18:30 h, amb servei de transport incl\u00f2s.<\/p>\n<p style=\"text-align: justify;\"><strong>Biblioteca Oberta al Barri<\/strong><br \/>\nLa nostra biblioteca escolar est\u00e0 oberta tamb\u00e9 al barri! Els dimarts, dimecres i dijous fins a les 18:00 h, qualsevol membre de la comunitat pot fer \u00fas de les instal\u00b7lacions per llegir, estudiar o gaudir d&#8217;activitats relacionades amb la lectura. Aquesta obertura permet als alumnes i fam\u00edlies gaudir d&#8217;un espai tranquil i acollidor fora de l&#8217;horari escolar.<\/p>\n<p style=\"text-align: justify;\"><a href=\"https:\/\/www.afarc.cat\/descarga-documents\/\">M\u00e9s informaci\u00f3: Activitats extraescolars<\/a><\/p>\n","protected":false},"excerpt":{"rendered":"<p>Des de l&#8217;AFA oferim un ampli ventall d&#8217;activitats extraescolars per cobrir l&#8217;espai no lectiu del centre, amb l&#8217;objectiu d&#8217;estimular l&#8217;adquisici\u00f3 dels valors que es generen en la relaci\u00f3 amb els altres i amb el medi, i afavorir el seu desenvolupament personal i social.<br \/>\nLes activitats extraescolars&hellip;  <a href=\"https:\/\/agora.xtec.cat\/ceip-rcastelltort\/ampa\/activitats-extraescolars\/\" title=\"Read Activitats extraescolars\">Llegeix m\u00e9s\u00bb<\/a><\/p>\n","protected":false},"author":1,"featured_media":0,"parent":536,"menu_order":2,"comment_status":"closed","ping_status":"closed","template":"page-templates\/side-menu.php","meta":{"_bbp_topic_count":0,"_bbp_reply_count":0,"_bbp_total_topic_count":0,"_bbp_total_reply_count":0,"_bbp_voice_count":0,"_bbp_anonymous_reply_count":0,"_bbp_topic_count_hidden":0,"_bbp_reply_count_hidden":0,"_bbp_forum_subforum_count":0,"footnotes":""},"class_list":["post-84","page","type-page","status-publish","hentry"],"post_mailing_queue_ids":[],"_links":{"self":[{"href":"https:\/\/agora.xtec.cat\/ceip-rcastelltort\/wp-json\/wp\/v2\/pages\/84","targetHints":{"allow":["GET"]}}],"collection":[{"href":"https:\/\/agora.xtec.cat\/ceip-rcastelltort\/wp-json\/wp\/v2\/pages"}],"about":[{"href":"https:\/\/agora.xtec.cat\/ceip-rcastelltort\/wp-json\/wp\/v2\/types\/page"}],"author":[{"embeddable":true,"href":"https:\/\/agora.xtec.cat\/ceip-rcastelltort\/wp-json\/wp\/v2\/users\/1"}],"replies":[{"embeddable":true,"href":"https:\/\/agora.xtec.cat\/ceip-rcastelltort\/wp-json\/wp\/v2\/comments?post=84"}],"version-history":[{"count":6,"href":"https:\/\/agora.xtec.cat\/ceip-rcastelltort\/wp-json\/wp\/v2\/pages\/84\/revisions"}],"predecessor-version":[{"id":6933,"href":"https:\/\/agora.xtec.cat\/ceip-rcastelltort\/wp-json\/wp\/v2\/pages\/84\/revisions\/6933"}],"up":[{"embeddable":true,"href":"https:\/\/agora.xtec.cat\/ceip-rcastelltort\/wp-json\/wp\/v2\/pages\/536"}],"wp:attachment":[{"href":"https:\/\/agora.xtec.cat\/ceip-rcastelltort\/wp-json\/wp\/v2\/media?parent=84"}],"curies":[{"name":"wp","href":"https:\/\/api.w.org\/{rel}","templated":true}]}}