{"id":22,"date":"2014-09-18T12:19:57","date_gmt":"2014-09-18T11:19:57","guid":{"rendered":"http:\/\/agora.xtec.cat\/ceip-rcastelltort\/?page_id=22"},"modified":"2025-01-03T16:24:33","modified_gmt":"2025-01-03T15:24:33","slug":"lescola","status":"publish","type":"page","link":"https:\/\/agora.xtec.cat\/ceip-rcastelltort\/lescola\/","title":{"rendered":"L&#8217;escola"},"content":{"rendered":"<p>A la nostra escola, treballem cada dia per oferir una educaci\u00f3 de qualitat, pr\u00f2xima i innovadora. Ens caracteritzem per una comunitat educativa integrada, on la participaci\u00f3 de tots els membres \u00e9s fonamental per al creixement i desenvolupament dels nostres alumnes.<\/p>\n<h4><\/h4>\n<h4><a href=\"https:\/\/agora.xtec.cat\/ceip-rcastelltort\/trets-didentitat\/\"><strong>Trets d\u2019Identitat de l\u2019Escola<\/strong><\/a><\/h4>\n<p>Som una escola amb valors de respecte, diversitat i cooperaci\u00f3. La nostra missi\u00f3 \u00e9s proporcionar un ambient acollidor on cada nen i nena se senti valorat i motivat a aprendre. Promovem l\u2019autonomia, la creativitat i l\u2019esperit cr\u00edtic, preparant els nostres alumnes per afrontar els reptes del futur amb confian\u00e7a.<a href=\"https:\/\/agora.xtec.cat\/ceip-rcastelltort\/trets-didentitat\/\"><img loading=\"lazy\" decoding=\"async\" class=\"wp-image-6886 alignright\" src=\"https:\/\/agora.xtec.cat\/ceip-rcastelltort\/wp-content\/uploads\/usu926\/2025\/01\/fletxa.png\" alt=\"\" width=\"33\" height=\"33\" \/><\/a><\/p>\n<h4><a href=\"https:\/\/agora.xtec.cat\/ceip-rcastelltort\/lescola\/projectes\/\"><strong>Projectes de l\u2019Escola<\/strong><\/a><\/h4>\n<p>Els nostres projectes s\u00f3n una part essencial del nostre model educatiu. S\u00f3n iniciatives pensades per incentivar l\u2019aprenentatge actiu i cooperatiu, amb activitats interdisciplin\u00e0ries que fomenten la curiositat i l\u2019autoaprenentatge. A trav\u00e9s d\u2019aquests projectes, els alumnes no nom\u00e9s adquireixen coneixements, sin\u00f3 que tamb\u00e9 desenvolupen valors com el treball en equip, la responsabilitat i la solidaritat.<a href=\"https:\/\/agora.xtec.cat\/ceip-rcastelltort\/trets-didentitat\/\"><img loading=\"lazy\" decoding=\"async\" class=\"wp-image-6886 alignright\" src=\"https:\/\/agora.xtec.cat\/ceip-rcastelltort\/wp-content\/uploads\/usu926\/2025\/01\/fletxa.png\" alt=\"\" width=\"33\" height=\"33\" \/><\/a><\/p>\n<h4><a href=\"https:\/\/agora.xtec.cat\/ceip-rcastelltort\/comunitat-de-petits\/\"><strong>Etapa d\u2019Infantil<\/strong><\/a><\/h4>\n<p>A l\u2019etapa d\u2019Infantil, l\u2019aprenentatge \u00e9s una experi\u00e8ncia divertida i emocionant. Els nostres alumnes d\u2019I3, I4 i I5 viuen un proc\u00e9s de descoberta constant, on l\u2019adquisici\u00f3 de coneixements es realitza mitjan\u00e7ant el joc, l\u2019experimentaci\u00f3 i la imaginaci\u00f3. Fomentem el desenvolupament emocional i social, creant un ambient segur i estimulant per als m\u00e9s petits.<a href=\"https:\/\/agora.xtec.cat\/ceip-rcastelltort\/comunitat-de-petits\/\"><img loading=\"lazy\" decoding=\"async\" class=\"wp-image-6886 alignright\" src=\"https:\/\/agora.xtec.cat\/ceip-rcastelltort\/wp-content\/uploads\/usu926\/2025\/01\/fletxa.png\" alt=\"\" width=\"33\" height=\"33\" \/><\/a><\/p>\n<h4><a href=\"https:\/\/agora.xtec.cat\/ceip-rcastelltort\/primaria\/\"><strong>Etapa de Prim\u00e0ria<\/strong><\/a><\/h4>\n<p>A l\u2019etapa de Prim\u00e0ria, els alumnes comencen a consolidar les seves habilitats acad\u00e8miques i a afrontar nous reptes. Des de 1r fins a 6\u00e8, els nostres alumnes experimenten un aprenentatge m\u00e9s profund i diversificat, on s\u2019afronten \u00e0rees com les matem\u00e0tiques, la llengua, les ci\u00e8ncies i la llengua estrangera, sempre amb un enfocament pr\u00e0ctic i creatiu.<a href=\"https:\/\/agora.xtec.cat\/ceip-rcastelltort\/primaria\/\"><img loading=\"lazy\" decoding=\"async\" class=\"wp-image-6886 alignright\" src=\"https:\/\/agora.xtec.cat\/ceip-rcastelltort\/wp-content\/uploads\/usu926\/2025\/01\/fletxa.png\" alt=\"\" width=\"33\" height=\"33\" \/><\/a><\/p>\n<h4><a href=\"https:\/\/agora.xtec.cat\/ceip-rcastelltort\/lescola\/instal%c2%b7lacions\/\"><strong>Espais de l\u2019Escola<\/strong><\/a><\/h4>\n<p>Els nostres espais estan pensats per a l\u2019aprenentatge i el benestar dels alumnes. A m\u00e9s de les aules, comptem amb zones d\u2019esbarjo, una biblioteca i espais exteriors amplis, on els nens i nenes poden desenvolupar activitats f\u00edsiques, creatives i socials. Cada espai \u00e9s utilitzat de manera funcional i flexible per tal d\u2019adaptar-se a les necessitats dels nostres projectes i del nostre model pedag\u00f2gic.<a href=\"https:\/\/agora.xtec.cat\/ceip-rcastelltort\/trets-didentitat\/\"><img loading=\"lazy\" decoding=\"async\" class=\"wp-image-6886 alignright\" src=\"https:\/\/agora.xtec.cat\/ceip-rcastelltort\/wp-content\/uploads\/usu926\/2025\/01\/fletxa.png\" alt=\"\" width=\"33\" height=\"33\" \/><\/a><\/p>\n<p>&nbsp;<\/p>\n","protected":false},"excerpt":{"rendered":"<p>A la nostra escola, treballem cada dia per oferir una educaci\u00f3 de qualitat, pr\u00f2xima i innovadora. Ens caracteritzem per una comunitat educativa integrada, on la participaci\u00f3 de tots els membres \u00e9s fonamental per al creixement i desenvolupament dels nostres alumnes.<\/p>\n<p><a href=\"https:\/\/agora.xtec.cat\/ceip-rcastelltort\/trets-didentitat\/\">Trets d\u2019Identitat de l\u2019Escola<\/a><br \/>\nSom una&hellip;  <a href=\"https:\/\/agora.xtec.cat\/ceip-rcastelltort\/lescola\/\" title=\"Read L&#8217;escola\">Llegeix m\u00e9s\u00bb<\/a><\/p>\n","protected":false},"author":1,"featured_media":0,"parent":0,"menu_order":0,"comment_status":"closed","ping_status":"closed","template":"","meta":{"_bbp_topic_count":0,"_bbp_reply_count":0,"_bbp_total_topic_count":0,"_bbp_total_reply_count":0,"_bbp_voice_count":0,"_bbp_anonymous_reply_count":0,"_bbp_topic_count_hidden":0,"_bbp_reply_count_hidden":0,"_bbp_forum_subforum_count":0,"footnotes":""},"class_list":["post-22","page","type-page","status-publish","hentry"],"post_mailing_queue_ids":[],"_links":{"self":[{"href":"https:\/\/agora.xtec.cat\/ceip-rcastelltort\/wp-json\/wp\/v2\/pages\/22","targetHints":{"allow":["GET"]}}],"collection":[{"href":"https:\/\/agora.xtec.cat\/ceip-rcastelltort\/wp-json\/wp\/v2\/pages"}],"about":[{"href":"https:\/\/agora.xtec.cat\/ceip-rcastelltort\/wp-json\/wp\/v2\/types\/page"}],"author":[{"embeddable":true,"href":"https:\/\/agora.xtec.cat\/ceip-rcastelltort\/wp-json\/wp\/v2\/users\/1"}],"replies":[{"embeddable":true,"href":"https:\/\/agora.xtec.cat\/ceip-rcastelltort\/wp-json\/wp\/v2\/comments?post=22"}],"version-history":[{"count":4,"href":"https:\/\/agora.xtec.cat\/ceip-rcastelltort\/wp-json\/wp\/v2\/pages\/22\/revisions"}],"predecessor-version":[{"id":6959,"href":"https:\/\/agora.xtec.cat\/ceip-rcastelltort\/wp-json\/wp\/v2\/pages\/22\/revisions\/6959"}],"wp:attachment":[{"href":"https:\/\/agora.xtec.cat\/ceip-rcastelltort\/wp-json\/wp\/v2\/media?parent=22"}],"curies":[{"name":"wp","href":"https:\/\/api.w.org\/{rel}","templated":true}]}}