{"id":9,"date":"2021-02-23T15:08:18","date_gmt":"2021-02-23T14:08:18","guid":{"rendered":"http:\/\/agora.xtec.cat\/ceip-rafaelcasanova\/?page_id=9"},"modified":"2026-03-26T13:38:17","modified_gmt":"2026-03-26T12:38:17","slug":"pagina-dinici-buida","status":"publish","type":"page","link":"https:\/\/agora.xtec.cat\/ceip-rafaelcasanova\/","title":{"rendered":"Destacats"},"content":{"rendered":"<p><strong>Les fam\u00edlies amb fills i filles que comencen I3 o fan el canvi a l\u2019ESO, aix\u00ed com aquelles que desitgin canviar de centre, han de fer la preinscripci\u00f3 escolar.<\/strong><\/p>\n<p><a href=\"https:\/\/preinscripcio.gencat.cat\/ca\/inici\/index.html\" target=\"_blank\" rel=\"noopener\"><img loading=\"lazy\" decoding=\"async\" class=\"aligncenter wp-image-8892\" src=\"https:\/\/agora.xtec.cat\/ceip-rafaelcasanova\/wp-content\/uploads\/usu715\/2026\/03\/preinscripcio-2026-27-300x105.jpg\" alt=\"\" width=\"1000\" height=\"349\" srcset=\"https:\/\/agora.xtec.cat\/ceip-rafaelcasanova\/wp-content\/uploads\/usu715\/2026\/03\/preinscripcio-2026-27-300x105.jpg 300w, https:\/\/agora.xtec.cat\/ceip-rafaelcasanova\/wp-content\/uploads\/usu715\/2026\/03\/preinscripcio-2026-27.jpg 742w\" sizes=\"auto, (max-width: 1000px) 100vw, 1000px\" \/><\/a><\/p>\n<div style=\"width: 100%;\">\n<div style=\"position: relative; padding-bottom: 56.25%; padding-top: 0; height: 0;\"><iframe loading=\"lazy\" title=\"Portes obertes Rafael Casanova\" frameborder=\"0\" width=\"1200\" height=\"675\" style=\"position: absolute; top: 0; left: 0; width: 100%; height: 100%;\" src=\"https:\/\/view.genially.com\/60353bcb9d202513976df846\" type=\"text\/html\" allowscriptaccess=\"always\" allowfullscreen=\"true\" scrolling=\"yes\" allownetworking=\"all\"><\/iframe> <\/div>\n<\/p><\/div>\n<hr \/>\n<h1>\u200bLes seves veus, les seves experi\u00e8ncies\ud83d\udcac<\/h1>\n<table style=\"border-collapse: collapse; width: 100%;\">\n<tbody>\n<tr>\n<td style=\"width: 50%;\">\n<h6><a href=\"https:\/\/drive.google.com\/file\/d\/11ZN0buVTcPHH99_A5F5VEIjIxuCQ7GGh\/view?usp=drive_link\" target=\"_blank\" rel=\"noopener\"><img loading=\"lazy\" decoding=\"async\" class=\"aligncenter wp-image-8726 size-large\" src=\"https:\/\/agora.xtec.cat\/ceip-rafaelcasanova\/wp-content\/uploads\/usu715\/2026\/02\/Que-t_agrada-fer-a-l_escola-1024x650.jpg\" alt=\"\" width=\"1024\" height=\"650\" srcset=\"https:\/\/agora.xtec.cat\/ceip-rafaelcasanova\/wp-content\/uploads\/usu715\/2026\/02\/Que-t_agrada-fer-a-l_escola-1024x650.jpg 1024w, https:\/\/agora.xtec.cat\/ceip-rafaelcasanova\/wp-content\/uploads\/usu715\/2026\/02\/Que-t_agrada-fer-a-l_escola-300x191.jpg 300w, https:\/\/agora.xtec.cat\/ceip-rafaelcasanova\/wp-content\/uploads\/usu715\/2026\/02\/Que-t_agrada-fer-a-l_escola-768x488.jpg 768w, https:\/\/agora.xtec.cat\/ceip-rafaelcasanova\/wp-content\/uploads\/usu715\/2026\/02\/Que-t_agrada-fer-a-l_escola.jpg 1488w\" sizes=\"auto, (max-width: 1024px) 100vw, 1024px\" \/>Qu\u00e8 \u00e9s el que m\u00e9s t&#8217;agrada fer a l&#8217;escola?<\/a><\/h6>\n<\/td>\n<td style=\"width: 50%;\">\n<h6><a href=\"https:\/\/drive.google.com\/file\/d\/1wKYiC_HKzdAJwxuGmIBrOcK7LtKRoKTV\/view?usp=drive_link\" target=\"_blank\" rel=\"noopener\"><img loading=\"lazy\" decoding=\"async\" class=\"aligncenter wp-image-8724 size-large\" src=\"https:\/\/agora.xtec.cat\/ceip-rafaelcasanova\/wp-content\/uploads\/usu715\/2026\/02\/Entrada-I3-1024x650.jpg\" alt=\"\" width=\"1024\" height=\"650\" srcset=\"https:\/\/agora.xtec.cat\/ceip-rafaelcasanova\/wp-content\/uploads\/usu715\/2026\/02\/Entrada-I3-1024x650.jpg 1024w, https:\/\/agora.xtec.cat\/ceip-rafaelcasanova\/wp-content\/uploads\/usu715\/2026\/02\/Entrada-I3-300x191.jpg 300w, https:\/\/agora.xtec.cat\/ceip-rafaelcasanova\/wp-content\/uploads\/usu715\/2026\/02\/Entrada-I3-768x488.jpg 768w, https:\/\/agora.xtec.cat\/ceip-rafaelcasanova\/wp-content\/uploads\/usu715\/2026\/02\/Entrada-I3.jpg 1488w\" sizes=\"auto, (max-width: 1024px) 100vw, 1024px\" \/>Com vas viure l&#8217;entrada del teu fill\/a a I3?<\/a><\/h6>\n<\/td>\n<\/tr>\n<\/tbody>\n<\/table>\n<table style=\"border-collapse: collapse; width: 100%;\">\n<tbody>\n<tr>\n<td style=\"width: 50%;\">\n<h6><a href=\"https:\/\/drive.google.com\/file\/d\/1V0U0fNpwwW1ivsP-HlkQkbAsfFQzo-Ja\/view?usp=drive_link\" target=\"_blank\" rel=\"noopener\"><img loading=\"lazy\" decoding=\"async\" class=\"aligncenter wp-image-8725 size-large\" src=\"https:\/\/agora.xtec.cat\/ceip-rafaelcasanova\/wp-content\/uploads\/usu715\/2026\/02\/Projecte-educatiu-1024x650.jpg\" alt=\"\" width=\"1024\" height=\"650\" srcset=\"https:\/\/agora.xtec.cat\/ceip-rafaelcasanova\/wp-content\/uploads\/usu715\/2026\/02\/Projecte-educatiu-1024x650.jpg 1024w, https:\/\/agora.xtec.cat\/ceip-rafaelcasanova\/wp-content\/uploads\/usu715\/2026\/02\/Projecte-educatiu-300x191.jpg 300w, https:\/\/agora.xtec.cat\/ceip-rafaelcasanova\/wp-content\/uploads\/usu715\/2026\/02\/Projecte-educatiu-768x488.jpg 768w, https:\/\/agora.xtec.cat\/ceip-rafaelcasanova\/wp-content\/uploads\/usu715\/2026\/02\/Projecte-educatiu.jpg 1488w\" sizes=\"auto, (max-width: 1024px) 100vw, 1024px\" \/>Qu\u00e8 \u00e9s el que m\u00e9s valores del projecte educatiu de l&#8217;escola?<\/a><\/h6>\n<\/td>\n<td style=\"width: 50%;\">\n<h6><a href=\"https:\/\/drive.google.com\/file\/d\/1xzUZ17o6JxBfKF34nxGRnM7orGv7hwbo\/view?usp=drive_link\" target=\"_blank\" rel=\"noopener\"><img loading=\"lazy\" decoding=\"async\" class=\"aligncenter wp-image-8723 size-full\" src=\"https:\/\/agora.xtec.cat\/ceip-rafaelcasanova\/wp-content\/uploads\/usu715\/2026\/02\/Definicio-breu-de-l_escola.jpg\" alt=\"\" width=\"1488\" height=\"945\" srcset=\"https:\/\/agora.xtec.cat\/ceip-rafaelcasanova\/wp-content\/uploads\/usu715\/2026\/02\/Definicio-breu-de-l_escola.jpg 1488w, https:\/\/agora.xtec.cat\/ceip-rafaelcasanova\/wp-content\/uploads\/usu715\/2026\/02\/Definicio-breu-de-l_escola-300x191.jpg 300w, https:\/\/agora.xtec.cat\/ceip-rafaelcasanova\/wp-content\/uploads\/usu715\/2026\/02\/Definicio-breu-de-l_escola-1024x650.jpg 1024w, https:\/\/agora.xtec.cat\/ceip-rafaelcasanova\/wp-content\/uploads\/usu715\/2026\/02\/Definicio-breu-de-l_escola-768x488.jpg 768w\" sizes=\"auto, (max-width: 1488px) 100vw, 1488px\" \/>Com definiries l&#8217;escola en una paraula o frase?<\/a><\/h6>\n<\/td>\n<\/tr>\n<\/tbody>\n<\/table>\n<hr \/>\n","protected":false},"excerpt":{"rendered":"<p>Les fam\u00edlies amb fills i filles que comencen I3 o fan el canvi a l\u2019ESO, aix\u00ed com aquelles que desitgin canviar de centre, han de fer la preinscripci\u00f3 escolar. \u200bLes seves veus, les seves experi\u00e8ncies\ud83d\udcac Qu\u00e8 \u00e9s el que m\u00e9s t&#8217;agrada fer a l&#8217;escola? Com vas viure l&#8217;entrada del teu fill\/a a I3? Qu\u00e8 \u00e9s [&hellip;]<\/p>\n","protected":false},"author":2,"featured_media":0,"parent":0,"menu_order":0,"comment_status":"closed","ping_status":"closed","template":"","meta":{"_bbp_topic_count":0,"_bbp_reply_count":0,"_bbp_total_topic_count":0,"_bbp_total_reply_count":0,"_bbp_voice_count":0,"_bbp_anonymous_reply_count":0,"_bbp_topic_count_hidden":0,"_bbp_reply_count_hidden":0,"_bbp_forum_subforum_count":0,"site-sidebar-layout":"default","site-content-layout":"","ast-site-content-layout":"default","site-content-style":"default","site-sidebar-style":"default","ast-global-header-display":"","ast-banner-title-visibility":"","ast-main-header-display":"","ast-hfb-above-header-display":"","ast-hfb-below-header-display":"","ast-hfb-mobile-header-display":"","site-post-title":"","ast-breadcrumbs-content":"","ast-featured-img":"","footer-sml-layout":"","theme-transparent-header-meta":"default","adv-header-id-meta":"","stick-header-meta":"","header-above-stick-meta":"","header-main-stick-meta":"","header-below-stick-meta":"","astra-migrate-meta-layouts":"set","ast-page-background-enabled":"default","ast-page-background-meta":{"desktop":{"background-color":"var(--ast-global-color-4)","background-image":"","background-repeat":"repeat","background-position":"center center","background-size":"auto","background-attachment":"scroll","background-type":"","background-media":"","overlay-type":"","overlay-color":"","overlay-opacity":"","overlay-gradient":""},"tablet":{"background-color":"","background-image":"","background-repeat":"repeat","background-position":"center center","background-size":"auto","background-attachment":"scroll","background-type":"","background-media":"","overlay-type":"","overlay-color":"","overlay-opacity":"","overlay-gradient":""},"mobile":{"background-color":"","background-image":"","background-repeat":"repeat","background-position":"center center","background-size":"auto","background-attachment":"scroll","background-type":"","background-media":"","overlay-type":"","overlay-color":"","overlay-opacity":"","overlay-gradient":""}},"ast-content-background-meta":{"desktop":{"background-color":"var(--ast-global-color-5)","background-image":"","background-repeat":"repeat","background-position":"center center","background-size":"auto","background-attachment":"scroll","background-type":"","background-media":"","overlay-type":"","overlay-color":"","overlay-opacity":"","overlay-gradient":""},"tablet":{"background-color":"var(--ast-global-color-5)","background-image":"","background-repeat":"repeat","background-position":"center center","background-size":"auto","background-attachment":"scroll","background-type":"","background-media":"","overlay-type":"","overlay-color":"","overlay-opacity":"","overlay-gradient":""},"mobile":{"background-color":"var(--ast-global-color-5)","background-image":"","background-repeat":"repeat","background-position":"center center","background-size":"auto","background-attachment":"scroll","background-type":"","background-media":"","overlay-type":"","overlay-color":"","overlay-opacity":"","overlay-gradient":""}},"footnotes":""},"class_list":["post-9","page","type-page","status-publish","hentry"],"post_mailing_queue_ids":[],"_links":{"self":[{"href":"https:\/\/agora.xtec.cat\/ceip-rafaelcasanova\/wp-json\/wp\/v2\/pages\/9","targetHints":{"allow":["GET"]}}],"collection":[{"href":"https:\/\/agora.xtec.cat\/ceip-rafaelcasanova\/wp-json\/wp\/v2\/pages"}],"about":[{"href":"https:\/\/agora.xtec.cat\/ceip-rafaelcasanova\/wp-json\/wp\/v2\/types\/page"}],"author":[{"embeddable":true,"href":"https:\/\/agora.xtec.cat\/ceip-rafaelcasanova\/wp-json\/wp\/v2\/users\/2"}],"replies":[{"embeddable":true,"href":"https:\/\/agora.xtec.cat\/ceip-rafaelcasanova\/wp-json\/wp\/v2\/comments?post=9"}],"version-history":[{"count":6,"href":"https:\/\/agora.xtec.cat\/ceip-rafaelcasanova\/wp-json\/wp\/v2\/pages\/9\/revisions"}],"predecessor-version":[{"id":9017,"href":"https:\/\/agora.xtec.cat\/ceip-rafaelcasanova\/wp-json\/wp\/v2\/pages\/9\/revisions\/9017"}],"wp:attachment":[{"href":"https:\/\/agora.xtec.cat\/ceip-rafaelcasanova\/wp-json\/wp\/v2\/media?parent=9"}],"curies":[{"name":"wp","href":"https:\/\/api.w.org\/{rel}","templated":true}]}}

<p><strong>Les famílies amb fills i filles que comencen I3 o fan el canvi a l’ESO, així com aquelles que desitgin canviar de centre, han de fer la preinscripció escolar.</strong></p>
<p><a href="https://preinscripcio.gencat.cat/ca/inici/index.html" target="_blank" rel="noopener"><img loading="lazy" decoding="async" class="aligncenter wp-image-8892" src="https://agora.xtec.cat/ceip-rafaelcasanova/wp-content/uploads/usu715/2026/03/preinscripcio-2026-27-300x105.jpg" alt="" width="1000" height="349" srcset="https://agora.xtec.cat/ceip-rafaelcasanova/wp-content/uploads/usu715/2026/03/preinscripcio-2026-27-300x105.jpg 300w, https://agora.xtec.cat/ceip-rafaelcasanova/wp-content/uploads/usu715/2026/03/preinscripcio-2026-27.jpg 742w" sizes="auto, (max-width: 1000px) 100vw, 1000px" /></a></p>
<div style="width: 100%;">
<div style="position: relative; padding-bottom: 56.25%; padding-top: 0; height: 0;"><iframe loading="lazy" title="Portes obertes Rafael Casanova" frameborder="0" width="1200" height="675" style="position: absolute; top: 0; left: 0; width: 100%; height: 100%;" src="https://view.genially.com/60353bcb9d202513976df846" type="text/html" allowscriptaccess="always" allowfullscreen="true" scrolling="yes" allownetworking="all"></iframe> </div>
</p></div>
<hr />
<h1>​Les seves veus, les seves experiències💬</h1>
<table style="border-collapse: collapse; width: 100%;">
<tbody>
<tr>
<td style="width: 50%;">
<h6><a href="https://drive.google.com/file/d/11ZN0buVTcPHH99_A5F5VEIjIxuCQ7GGh/view?usp=drive_link" target="_blank" rel="noopener"><img loading="lazy" decoding="async" class="aligncenter wp-image-8726 size-large" src="https://agora.xtec.cat/ceip-rafaelcasanova/wp-content/uploads/usu715/2026/02/Que-t_agrada-fer-a-l_escola-1024x650.jpg" alt="" width="1024" height="650" srcset="https://agora.xtec.cat/ceip-rafaelcasanova/wp-content/uploads/usu715/2026/02/Que-t_agrada-fer-a-l_escola-1024x650.jpg 1024w, https://agora.xtec.cat/ceip-rafaelcasanova/wp-content/uploads/usu715/2026/02/Que-t_agrada-fer-a-l_escola-300x191.jpg 300w, https://agora.xtec.cat/ceip-rafaelcasanova/wp-content/uploads/usu715/2026/02/Que-t_agrada-fer-a-l_escola-768x488.jpg 768w, https://agora.xtec.cat/ceip-rafaelcasanova/wp-content/uploads/usu715/2026/02/Que-t_agrada-fer-a-l_escola.jpg 1488w" sizes="auto, (max-width: 1024px) 100vw, 1024px" />Què és el que més t&#8217;agrada fer a l&#8217;escola?</a></h6>
</td>
<td style="width: 50%;">
<h6><a href="https://drive.google.com/file/d/1wKYiC_HKzdAJwxuGmIBrOcK7LtKRoKTV/view?usp=drive_link" target="_blank" rel="noopener"><img loading="lazy" decoding="async" class="aligncenter wp-image-8724 size-large" src="https://agora.xtec.cat/ceip-rafaelcasanova/wp-content/uploads/usu715/2026/02/Entrada-I3-1024x650.jpg" alt="" width="1024" height="650" srcset="https://agora.xtec.cat/ceip-rafaelcasanova/wp-content/uploads/usu715/2026/02/Entrada-I3-1024x650.jpg 1024w, https://agora.xtec.cat/ceip-rafaelcasanova/wp-content/uploads/usu715/2026/02/Entrada-I3-300x191.jpg 300w, https://agora.xtec.cat/ceip-rafaelcasanova/wp-content/uploads/usu715/2026/02/Entrada-I3-768x488.jpg 768w, https://agora.xtec.cat/ceip-rafaelcasanova/wp-content/uploads/usu715/2026/02/Entrada-I3.jpg 1488w" sizes="auto, (max-width: 1024px) 100vw, 1024px" />Com vas viure l&#8217;entrada del teu fill/a a I3?</a></h6>
</td>
</tr>
</tbody>
</table>
<table style="border-collapse: collapse; width: 100%;">
<tbody>
<tr>
<td style="width: 50%;">
<h6><a href="https://drive.google.com/file/d/1V0U0fNpwwW1ivsP-HlkQkbAsfFQzo-Ja/view?usp=drive_link" target="_blank" rel="noopener"><img loading="lazy" decoding="async" class="aligncenter wp-image-8725 size-large" src="https://agora.xtec.cat/ceip-rafaelcasanova/wp-content/uploads/usu715/2026/02/Projecte-educatiu-1024x650.jpg" alt="" width="1024" height="650" srcset="https://agora.xtec.cat/ceip-rafaelcasanova/wp-content/uploads/usu715/2026/02/Projecte-educatiu-1024x650.jpg 1024w, https://agora.xtec.cat/ceip-rafaelcasanova/wp-content/uploads/usu715/2026/02/Projecte-educatiu-300x191.jpg 300w, https://agora.xtec.cat/ceip-rafaelcasanova/wp-content/uploads/usu715/2026/02/Projecte-educatiu-768x488.jpg 768w, https://agora.xtec.cat/ceip-rafaelcasanova/wp-content/uploads/usu715/2026/02/Projecte-educatiu.jpg 1488w" sizes="auto, (max-width: 1024px) 100vw, 1024px" />Què és el que més valores del projecte educatiu de l&#8217;escola?</a></h6>
</td>
<td style="width: 50%;">
<h6><a href="https://drive.google.com/file/d/1xzUZ17o6JxBfKF34nxGRnM7orGv7hwbo/view?usp=drive_link" target="_blank" rel="noopener"><img loading="lazy" decoding="async" class="aligncenter wp-image-8723 size-full" src="https://agora.xtec.cat/ceip-rafaelcasanova/wp-content/uploads/usu715/2026/02/Definicio-breu-de-l_escola.jpg" alt="" width="1488" height="945" srcset="https://agora.xtec.cat/ceip-rafaelcasanova/wp-content/uploads/usu715/2026/02/Definicio-breu-de-l_escola.jpg 1488w, https://agora.xtec.cat/ceip-rafaelcasanova/wp-content/uploads/usu715/2026/02/Definicio-breu-de-l_escola-300x191.jpg 300w, https://agora.xtec.cat/ceip-rafaelcasanova/wp-content/uploads/usu715/2026/02/Definicio-breu-de-l_escola-1024x650.jpg 1024w, https://agora.xtec.cat/ceip-rafaelcasanova/wp-content/uploads/usu715/2026/02/Definicio-breu-de-l_escola-768x488.jpg 768w" sizes="auto, (max-width: 1488px) 100vw, 1488px" />Com definiries l&#8217;escola en una paraula o frase?</a></h6>
</td>
</tr>
</tbody>
</table>
<hr />

<p>Les famílies amb fills i filles que comencen I3 o fan el canvi a l’ESO, així com aquelles que desitgin canviar de centre, han de fer la preinscripció escolar. ​Les seves veus, les seves experiències💬 Què és el que més t&#8217;agrada fer a l&#8217;escola? Com vas viure l&#8217;entrada del teu fill/a a I3? Què és [&hellip;]</p>
