{"id":84,"date":"2014-09-18T14:11:31","date_gmt":"2014-09-18T14:11:31","guid":{"rendered":"http:\/\/agora.xtec.cat\/ceip-rafaelcasanova\/?page_id=84"},"modified":"2025-09-22T09:48:18","modified_gmt":"2025-09-22T07:48:18","slug":"activitats-extraescolars","status":"publish","type":"page","link":"https:\/\/agora.xtec.cat\/ceip-rafaelcasanova\/serveis\/activitats-extraescolars\/","title":{"rendered":"Activitats extraescolars"},"content":{"rendered":"<p>A continuaci\u00f3 mostrem la informaci\u00f3 de les activitats extraescolars del curs<\/p>\n<blockquote><p>Les inscripcions es faran a trav\u00e9s de l&#8217;<a href=\"https:\/\/activitats.fundesplai.org\/public\/landing\/app\" target=\"_blank\" rel=\"noopener\">APP de Fundesplai<\/a><\/p><\/blockquote>\n<p><a href=\"https:\/\/activitats.fundesplai.org\/public\/landing\/app\" target=\"_blank\" rel=\"noopener\"><img loading=\"lazy\" decoding=\"async\" class=\"aligncenter wp-image-8346 size-full\" src=\"https:\/\/agora.xtec.cat\/ceip-rafaelcasanova\/wp-content\/uploads\/usu715\/2025\/09\/25-26Extralectives-Rafael-Casanova_page-0001.jpg\" alt=\"\" width=\"1241\" height=\"1755\" srcset=\"https:\/\/agora.xtec.cat\/ceip-rafaelcasanova\/wp-content\/uploads\/usu715\/2025\/09\/25-26Extralectives-Rafael-Casanova_page-0001.jpg 1241w, https:\/\/agora.xtec.cat\/ceip-rafaelcasanova\/wp-content\/uploads\/usu715\/2025\/09\/25-26Extralectives-Rafael-Casanova_page-0001-212x300.jpg 212w, https:\/\/agora.xtec.cat\/ceip-rafaelcasanova\/wp-content\/uploads\/usu715\/2025\/09\/25-26Extralectives-Rafael-Casanova_page-0001-724x1024.jpg 724w, https:\/\/agora.xtec.cat\/ceip-rafaelcasanova\/wp-content\/uploads\/usu715\/2025\/09\/25-26Extralectives-Rafael-Casanova_page-0001-768x1086.jpg 768w, https:\/\/agora.xtec.cat\/ceip-rafaelcasanova\/wp-content\/uploads\/usu715\/2025\/09\/25-26Extralectives-Rafael-Casanova_page-0001-1086x1536.jpg 1086w\" sizes=\"auto, (max-width: 1241px) 100vw, 1241px\" \/><\/a><\/p>\n","protected":false},"excerpt":{"rendered":"<p>A continuaci\u00f3 mostrem la informaci\u00f3 de les activitats extraescolars del curs Les inscripcions es faran a trav\u00e9s de l&#8217;APP de Fundesplai<\/p>\n","protected":false},"author":2,"featured_media":0,"parent":66,"menu_order":30,"comment_status":"closed","ping_status":"closed","template":"page-templates\/side-menu.php","meta":{"_bbp_topic_count":0,"_bbp_reply_count":0,"_bbp_total_topic_count":0,"_bbp_total_reply_count":0,"_bbp_voice_count":0,"_bbp_anonymous_reply_count":0,"_bbp_topic_count_hidden":0,"_bbp_reply_count_hidden":0,"_bbp_forum_subforum_count":0,"site-sidebar-layout":"default","site-content-layout":"","ast-site-content-layout":"","site-content-style":"default","site-sidebar-style":"default","ast-global-header-display":"","ast-banner-title-visibility":"","ast-main-header-display":"","ast-hfb-above-header-display":"","ast-hfb-below-header-display":"","ast-hfb-mobile-header-display":"","site-post-title":"","ast-breadcrumbs-content":"","ast-featured-img":"","footer-sml-layout":"","theme-transparent-header-meta":"","adv-header-id-meta":"","stick-header-meta":"","header-above-stick-meta":"","header-main-stick-meta":"","header-below-stick-meta":"","astra-migrate-meta-layouts":"default","ast-page-background-enabled":"default","ast-page-background-meta":{"desktop":{"background-color":"var(--ast-global-color-4)","background-image":"","background-repeat":"repeat","background-position":"center center","background-size":"auto","background-attachment":"scroll","background-type":"","background-media":"","overlay-type":"","overlay-color":"","overlay-opacity":"","overlay-gradient":""},"tablet":{"background-color":"","background-image":"","background-repeat":"repeat","background-position":"center center","background-size":"auto","background-attachment":"scroll","background-type":"","background-media":"","overlay-type":"","overlay-color":"","overlay-opacity":"","overlay-gradient":""},"mobile":{"background-color":"","background-image":"","background-repeat":"repeat","background-position":"center center","background-size":"auto","background-attachment":"scroll","background-type":"","background-media":"","overlay-type":"","overlay-color":"","overlay-opacity":"","overlay-gradient":""}},"ast-content-background-meta":{"desktop":{"background-color":"var(--ast-global-color-5)","background-image":"","background-repeat":"repeat","background-position":"center center","background-size":"auto","background-attachment":"scroll","background-type":"","background-media":"","overlay-type":"","overlay-color":"","overlay-opacity":"","overlay-gradient":""},"tablet":{"background-color":"var(--ast-global-color-5)","background-image":"","background-repeat":"repeat","background-position":"center center","background-size":"auto","background-attachment":"scroll","background-type":"","background-media":"","overlay-type":"","overlay-color":"","overlay-opacity":"","overlay-gradient":""},"mobile":{"background-color":"var(--ast-global-color-5)","background-image":"","background-repeat":"repeat","background-position":"center center","background-size":"auto","background-attachment":"scroll","background-type":"","background-media":"","overlay-type":"","overlay-color":"","overlay-opacity":"","overlay-gradient":""}},"footnotes":""},"class_list":["post-84","page","type-page","status-publish","hentry"],"post_mailing_queue_ids":[],"_links":{"self":[{"href":"https:\/\/agora.xtec.cat\/ceip-rafaelcasanova\/wp-json\/wp\/v2\/pages\/84","targetHints":{"allow":["GET"]}}],"collection":[{"href":"https:\/\/agora.xtec.cat\/ceip-rafaelcasanova\/wp-json\/wp\/v2\/pages"}],"about":[{"href":"https:\/\/agora.xtec.cat\/ceip-rafaelcasanova\/wp-json\/wp\/v2\/types\/page"}],"author":[{"embeddable":true,"href":"https:\/\/agora.xtec.cat\/ceip-rafaelcasanova\/wp-json\/wp\/v2\/users\/2"}],"replies":[{"embeddable":true,"href":"https:\/\/agora.xtec.cat\/ceip-rafaelcasanova\/wp-json\/wp\/v2\/comments?post=84"}],"version-history":[{"count":6,"href":"https:\/\/agora.xtec.cat\/ceip-rafaelcasanova\/wp-json\/wp\/v2\/pages\/84\/revisions"}],"predecessor-version":[{"id":8347,"href":"https:\/\/agora.xtec.cat\/ceip-rafaelcasanova\/wp-json\/wp\/v2\/pages\/84\/revisions\/8347"}],"up":[{"embeddable":true,"href":"https:\/\/agora.xtec.cat\/ceip-rafaelcasanova\/wp-json\/wp\/v2\/pages\/66"}],"wp:attachment":[{"href":"https:\/\/agora.xtec.cat\/ceip-rafaelcasanova\/wp-json\/wp\/v2\/media?parent=84"}],"curies":[{"name":"wp","href":"https:\/\/api.w.org\/{rel}","templated":true}]}}

<p>A continuació mostrem la informació de les activitats extraescolars del curs</p>
<blockquote><p>Les inscripcions es faran a través de l&#8217;<a href="https://activitats.fundesplai.org/public/landing/app" target="_blank" rel="noopener">APP de Fundesplai</a></p></blockquote>
<p><a href="https://activitats.fundesplai.org/public/landing/app" target="_blank" rel="noopener"><img loading="lazy" decoding="async" class="aligncenter wp-image-8346 size-full" src="https://agora.xtec.cat/ceip-rafaelcasanova/wp-content/uploads/usu715/2025/09/25-26Extralectives-Rafael-Casanova_page-0001.jpg" alt="" width="1241" height="1755" srcset="https://agora.xtec.cat/ceip-rafaelcasanova/wp-content/uploads/usu715/2025/09/25-26Extralectives-Rafael-Casanova_page-0001.jpg 1241w, https://agora.xtec.cat/ceip-rafaelcasanova/wp-content/uploads/usu715/2025/09/25-26Extralectives-Rafael-Casanova_page-0001-212x300.jpg 212w, https://agora.xtec.cat/ceip-rafaelcasanova/wp-content/uploads/usu715/2025/09/25-26Extralectives-Rafael-Casanova_page-0001-724x1024.jpg 724w, https://agora.xtec.cat/ceip-rafaelcasanova/wp-content/uploads/usu715/2025/09/25-26Extralectives-Rafael-Casanova_page-0001-768x1086.jpg 768w, https://agora.xtec.cat/ceip-rafaelcasanova/wp-content/uploads/usu715/2025/09/25-26Extralectives-Rafael-Casanova_page-0001-1086x1536.jpg 1086w" sizes="auto, (max-width: 1241px) 100vw, 1241px" /></a></p>

<p>A continuació mostrem la informació de les activitats extraescolars del curs Les inscripcions es faran a través de l&#8217;APP de Fundesplai</p>
