{"id":7510,"date":"2024-09-26T11:33:57","date_gmt":"2024-09-26T09:33:57","guid":{"rendered":"https:\/\/agora.xtec.cat\/ceip-rafaelcasanova\/?page_id=7510"},"modified":"2026-03-18T15:45:52","modified_gmt":"2026-03-18T14:45:52","slug":"ampa-afa","status":"publish","type":"page","link":"https:\/\/agora.xtec.cat\/ceip-rafaelcasanova\/ampa-afa\/","title":{"rendered":"AFA\/AMPA"},"content":{"rendered":"<blockquote><p><img loading=\"lazy\" decoding=\"async\" class=\"alignright wp-image-899\" src=\"https:\/\/agora.xtec.cat\/ceip-rafaelcasanova\/wp-content\/uploads\/usu715\/2017\/10\/BLOC-AMPA-e1727702955704.jpg\" alt=\"\" width=\"321\" height=\"300\" \/>L&#8217;AFA (Associaci\u00f3 de Fam\u00edlies d&#8217;Alumnes) \u00e9s una entitat sense \u00e0nim de lucre que<strong> agrupa els pares i mares de l&#8217;escola<\/strong>. L&#8217;associaci\u00f3 gestiona els serveis que s&#8217;ofereixen fora de l&#8217;horari lectiu i que s\u00f3n imprescindibles per a la conciliaci\u00f3 familiar: <a href=\"https:\/\/agora.xtec.cat\/ceip-rafaelcasanova\/serveis\/menjador-escolar\/\" target=\"_blank\" rel=\"noopener\">menjador escolar<\/a>, les <a href=\"https:\/\/agora.xtec.cat\/ceip-rafaelcasanova\/serveis\/activitats-extraescolars\/\" target=\"_blank\" rel=\"noopener\">activitats extraescolars<\/a>, l&#8217;<a href=\"https:\/\/agora.xtec.cat\/ceip-rafaelcasanova\/serveis\/acollida\/\" target=\"_blank\" rel=\"noopener\">acollida<\/a> i el casal d&#8217;estiu.<\/p>\n<p>Podeu <strong>contactar amb l&#8217;AFA<\/strong> de manera:<\/p>\n<p>-Presencial, a l&#8217;escola <strong>tots els dimarts i divendres a les 16:30h<\/strong><br \/>\n-Per correu electr\u00f2nic, <strong>amparafanova@gmail.com<\/strong><\/p><\/blockquote>\n","protected":false},"excerpt":{"rendered":"<p>L&#8217;AFA (Associaci\u00f3 de Fam\u00edlies d&#8217;Alumnes) \u00e9s una entitat sense \u00e0nim de lucre que agrupa els pares i mares de l&#8217;escola. L&#8217;associaci\u00f3 gestiona els serveis que s&#8217;ofereixen fora de l&#8217;horari lectiu i que s\u00f3n imprescindibles per a la conciliaci\u00f3 familiar: menjador escolar, les activitats extraescolars, l&#8217;acollida i el casal d&#8217;estiu. Podeu contactar amb l&#8217;AFA de manera: [&hellip;]<\/p>\n","protected":false},"author":1,"featured_media":0,"parent":0,"menu_order":0,"comment_status":"closed","ping_status":"closed","template":"","meta":{"_bbp_topic_count":0,"_bbp_reply_count":0,"_bbp_total_topic_count":0,"_bbp_total_reply_count":0,"_bbp_voice_count":0,"_bbp_anonymous_reply_count":0,"_bbp_topic_count_hidden":0,"_bbp_reply_count_hidden":0,"_bbp_forum_subforum_count":0,"site-sidebar-layout":"default","site-content-layout":"","ast-site-content-layout":"default","site-content-style":"default","site-sidebar-style":"default","ast-global-header-display":"","ast-banner-title-visibility":"","ast-main-header-display":"","ast-hfb-above-header-display":"","ast-hfb-below-header-display":"","ast-hfb-mobile-header-display":"","site-post-title":"","ast-breadcrumbs-content":"","ast-featured-img":"","footer-sml-layout":"","theme-transparent-header-meta":"default","adv-header-id-meta":"","stick-header-meta":"","header-above-stick-meta":"","header-main-stick-meta":"","header-below-stick-meta":"","astra-migrate-meta-layouts":"set","ast-page-background-enabled":"default","ast-page-background-meta":{"desktop":{"background-color":"var(--ast-global-color-4)","background-image":"","background-repeat":"repeat","background-position":"center center","background-size":"auto","background-attachment":"scroll","background-type":"","background-media":"","overlay-type":"","overlay-color":"","overlay-opacity":"","overlay-gradient":""},"tablet":{"background-color":"","background-image":"","background-repeat":"repeat","background-position":"center center","background-size":"auto","background-attachment":"scroll","background-type":"","background-media":"","overlay-type":"","overlay-color":"","overlay-opacity":"","overlay-gradient":""},"mobile":{"background-color":"","background-image":"","background-repeat":"repeat","background-position":"center center","background-size":"auto","background-attachment":"scroll","background-type":"","background-media":"","overlay-type":"","overlay-color":"","overlay-opacity":"","overlay-gradient":""}},"ast-content-background-meta":{"desktop":{"background-color":"var(--ast-global-color-5)","background-image":"","background-repeat":"repeat","background-position":"center center","background-size":"auto","background-attachment":"scroll","background-type":"","background-media":"","overlay-type":"","overlay-color":"","overlay-opacity":"","overlay-gradient":""},"tablet":{"background-color":"var(--ast-global-color-5)","background-image":"","background-repeat":"repeat","background-position":"center center","background-size":"auto","background-attachment":"scroll","background-type":"","background-media":"","overlay-type":"","overlay-color":"","overlay-opacity":"","overlay-gradient":""},"mobile":{"background-color":"var(--ast-global-color-5)","background-image":"","background-repeat":"repeat","background-position":"center center","background-size":"auto","background-attachment":"scroll","background-type":"","background-media":"","overlay-type":"","overlay-color":"","overlay-opacity":"","overlay-gradient":""}},"footnotes":""},"class_list":["post-7510","page","type-page","status-publish","hentry"],"post_mailing_queue_ids":[],"_links":{"self":[{"href":"https:\/\/agora.xtec.cat\/ceip-rafaelcasanova\/wp-json\/wp\/v2\/pages\/7510","targetHints":{"allow":["GET"]}}],"collection":[{"href":"https:\/\/agora.xtec.cat\/ceip-rafaelcasanova\/wp-json\/wp\/v2\/pages"}],"about":[{"href":"https:\/\/agora.xtec.cat\/ceip-rafaelcasanova\/wp-json\/wp\/v2\/types\/page"}],"author":[{"embeddable":true,"href":"https:\/\/agora.xtec.cat\/ceip-rafaelcasanova\/wp-json\/wp\/v2\/users\/1"}],"replies":[{"embeddable":true,"href":"https:\/\/agora.xtec.cat\/ceip-rafaelcasanova\/wp-json\/wp\/v2\/comments?post=7510"}],"version-history":[{"count":6,"href":"https:\/\/agora.xtec.cat\/ceip-rafaelcasanova\/wp-json\/wp\/v2\/pages\/7510\/revisions"}],"predecessor-version":[{"id":8990,"href":"https:\/\/agora.xtec.cat\/ceip-rafaelcasanova\/wp-json\/wp\/v2\/pages\/7510\/revisions\/8990"}],"wp:attachment":[{"href":"https:\/\/agora.xtec.cat\/ceip-rafaelcasanova\/wp-json\/wp\/v2\/media?parent=7510"}],"curies":[{"name":"wp","href":"https:\/\/api.w.org\/{rel}","templated":true}]}}

<blockquote><p><img loading="lazy" decoding="async" class="alignright wp-image-899" src="https://agora.xtec.cat/ceip-rafaelcasanova/wp-content/uploads/usu715/2017/10/BLOC-AMPA-e1727702955704.jpg" alt="" width="321" height="300" />L&#8217;AFA (Associació de Famílies d&#8217;Alumnes) és una entitat sense ànim de lucre que<strong> agrupa els pares i mares de l&#8217;escola</strong>. L&#8217;associació gestiona els serveis que s&#8217;ofereixen fora de l&#8217;horari lectiu i que són imprescindibles per a la conciliació familiar: <a href="https://agora.xtec.cat/ceip-rafaelcasanova/serveis/menjador-escolar/" target="_blank" rel="noopener">menjador escolar</a>, les <a href="https://agora.xtec.cat/ceip-rafaelcasanova/serveis/activitats-extraescolars/" target="_blank" rel="noopener">activitats extraescolars</a>, l&#8217;<a href="https://agora.xtec.cat/ceip-rafaelcasanova/serveis/acollida/" target="_blank" rel="noopener">acollida</a> i el casal d&#8217;estiu.</p>
<p>Podeu <strong>contactar amb l&#8217;AFA</strong> de manera:</p>
<p>-Presencial, a l&#8217;escola <strong>tots els dimarts i divendres a les 16:30h</strong><br />
-Per correu electrònic, <strong>amparafanova@gmail.com</strong></p></blockquote>

<p>L&#8217;AFA (Associació de Famílies d&#8217;Alumnes) és una entitat sense ànim de lucre que agrupa els pares i mares de l&#8217;escola. L&#8217;associació gestiona els serveis que s&#8217;ofereixen fora de l&#8217;horari lectiu i que són imprescindibles per a la conciliació familiar: menjador escolar, les activitats extraescolars, l&#8217;acollida i el casal d&#8217;estiu. Podeu contactar amb l&#8217;AFA de manera: [&hellip;]</p>
