{"id":6988,"date":"2024-01-18T08:28:34","date_gmt":"2024-01-18T07:28:34","guid":{"rendered":"https:\/\/agora.xtec.cat\/ceip-rafaelcasanova\/?page_id=6988"},"modified":"2024-09-30T13:48:16","modified_gmt":"2024-09-30T11:48:16","slug":"la-clika","status":"publish","type":"page","link":"https:\/\/agora.xtec.cat\/ceip-rafaelcasanova\/la-clika\/","title":{"rendered":"La Clika"},"content":{"rendered":"<blockquote><p><a href=\"https:\/\/laclika.cat\/\">La Clika<\/a> \u00e9s un projecte socioeducatiu que t\u00e9 l\u2019objectiu de connectar la mainada amb la m\u00fasica a trav\u00e9s de l\u2019univers d\u2019una colla d\u2019amics i\u00a0\u00e9s un projecte social sense \u00e0nim de lucre que promou la m\u00fasica i la cultura a la infantesa.<\/p>\n<p>Connecta la m\u00fasica a la mainada a trav\u00e9s de l\u2019univers narratiu de nou personatges que formen la colla d\u2019amigues que dona nom al projecte, La Clika. Elles i les seves aventures, s\u00f3n el fil conductor de totes les iniciatives del projecte.<\/p><\/blockquote>\n<h6><img loading=\"lazy\" decoding=\"async\" class=\"alignleft wp-image-6994 size-full\" src=\"https:\/\/agora.xtec.cat\/ceip-rafaelcasanova\/wp-content\/uploads\/usu715\/2024\/01\/inici-e1727696856211.png\" alt=\"\" width=\"3840\" height=\"1561\" srcset=\"https:\/\/agora.xtec.cat\/ceip-rafaelcasanova\/wp-content\/uploads\/usu715\/2024\/01\/inici-e1727696856211.png 3840w, https:\/\/agora.xtec.cat\/ceip-rafaelcasanova\/wp-content\/uploads\/usu715\/2024\/01\/inici-e1727696856211-300x122.png 300w, https:\/\/agora.xtec.cat\/ceip-rafaelcasanova\/wp-content\/uploads\/usu715\/2024\/01\/inici-e1727696856211-1024x416.png 1024w, https:\/\/agora.xtec.cat\/ceip-rafaelcasanova\/wp-content\/uploads\/usu715\/2024\/01\/inici-e1727696856211-768x312.png 768w, https:\/\/agora.xtec.cat\/ceip-rafaelcasanova\/wp-content\/uploads\/usu715\/2024\/01\/inici-e1727696856211-1536x624.png 1536w, https:\/\/agora.xtec.cat\/ceip-rafaelcasanova\/wp-content\/uploads\/usu715\/2024\/01\/inici-e1727696856211-2048x833.png 2048w\" sizes=\"auto, (max-width: 3840px) 100vw, 3840px\" \/><\/h6>\n","protected":false},"excerpt":{"rendered":"<p>La Clika \u00e9s un projecte socioeducatiu que t\u00e9 l\u2019objectiu de connectar la mainada amb la m\u00fasica a trav\u00e9s de l\u2019univers d\u2019una colla d\u2019amics i\u00a0\u00e9s un projecte social sense \u00e0nim de lucre que promou la m\u00fasica i la cultura a la infantesa. Connecta la m\u00fasica a la mainada a trav\u00e9s de l\u2019univers narratiu de nou personatges [&hellip;]<\/p>\n","protected":false},"author":1,"featured_media":0,"parent":0,"menu_order":0,"comment_status":"closed","ping_status":"closed","template":"","meta":{"_bbp_topic_count":0,"_bbp_reply_count":0,"_bbp_total_topic_count":0,"_bbp_total_reply_count":0,"_bbp_voice_count":0,"_bbp_anonymous_reply_count":0,"_bbp_topic_count_hidden":0,"_bbp_reply_count_hidden":0,"_bbp_forum_subforum_count":0,"site-sidebar-layout":"default","site-content-layout":"","ast-site-content-layout":"","site-content-style":"default","site-sidebar-style":"default","ast-global-header-display":"","ast-banner-title-visibility":"","ast-main-header-display":"","ast-hfb-above-header-display":"","ast-hfb-below-header-display":"","ast-hfb-mobile-header-display":"","site-post-title":"","ast-breadcrumbs-content":"","ast-featured-img":"","footer-sml-layout":"","theme-transparent-header-meta":"","adv-header-id-meta":"","stick-header-meta":"","header-above-stick-meta":"","header-main-stick-meta":"","header-below-stick-meta":"","astra-migrate-meta-layouts":"default","ast-page-background-enabled":"default","ast-page-background-meta":{"desktop":{"background-color":"var(--ast-global-color-4)","background-image":"","background-repeat":"repeat","background-position":"center center","background-size":"auto","background-attachment":"scroll","background-type":"","background-media":"","overlay-type":"","overlay-color":"","overlay-opacity":"","overlay-gradient":""},"tablet":{"background-color":"","background-image":"","background-repeat":"repeat","background-position":"center center","background-size":"auto","background-attachment":"scroll","background-type":"","background-media":"","overlay-type":"","overlay-color":"","overlay-opacity":"","overlay-gradient":""},"mobile":{"background-color":"","background-image":"","background-repeat":"repeat","background-position":"center center","background-size":"auto","background-attachment":"scroll","background-type":"","background-media":"","overlay-type":"","overlay-color":"","overlay-opacity":"","overlay-gradient":""}},"ast-content-background-meta":{"desktop":{"background-color":"var(--ast-global-color-5)","background-image":"","background-repeat":"repeat","background-position":"center center","background-size":"auto","background-attachment":"scroll","background-type":"","background-media":"","overlay-type":"","overlay-color":"","overlay-opacity":"","overlay-gradient":""},"tablet":{"background-color":"var(--ast-global-color-5)","background-image":"","background-repeat":"repeat","background-position":"center center","background-size":"auto","background-attachment":"scroll","background-type":"","background-media":"","overlay-type":"","overlay-color":"","overlay-opacity":"","overlay-gradient":""},"mobile":{"background-color":"var(--ast-global-color-5)","background-image":"","background-repeat":"repeat","background-position":"center center","background-size":"auto","background-attachment":"scroll","background-type":"","background-media":"","overlay-type":"","overlay-color":"","overlay-opacity":"","overlay-gradient":""}},"footnotes":""},"class_list":["post-6988","page","type-page","status-publish","hentry"],"post_mailing_queue_ids":[],"_links":{"self":[{"href":"https:\/\/agora.xtec.cat\/ceip-rafaelcasanova\/wp-json\/wp\/v2\/pages\/6988","targetHints":{"allow":["GET"]}}],"collection":[{"href":"https:\/\/agora.xtec.cat\/ceip-rafaelcasanova\/wp-json\/wp\/v2\/pages"}],"about":[{"href":"https:\/\/agora.xtec.cat\/ceip-rafaelcasanova\/wp-json\/wp\/v2\/types\/page"}],"author":[{"embeddable":true,"href":"https:\/\/agora.xtec.cat\/ceip-rafaelcasanova\/wp-json\/wp\/v2\/users\/1"}],"replies":[{"embeddable":true,"href":"https:\/\/agora.xtec.cat\/ceip-rafaelcasanova\/wp-json\/wp\/v2\/comments?post=6988"}],"version-history":[{"count":7,"href":"https:\/\/agora.xtec.cat\/ceip-rafaelcasanova\/wp-json\/wp\/v2\/pages\/6988\/revisions"}],"predecessor-version":[{"id":7558,"href":"https:\/\/agora.xtec.cat\/ceip-rafaelcasanova\/wp-json\/wp\/v2\/pages\/6988\/revisions\/7558"}],"wp:attachment":[{"href":"https:\/\/agora.xtec.cat\/ceip-rafaelcasanova\/wp-json\/wp\/v2\/media?parent=6988"}],"curies":[{"name":"wp","href":"https:\/\/api.w.org\/{rel}","templated":true}]}}

<blockquote><p><a href="https://laclika.cat/">La Clika</a> és un projecte socioeducatiu que té l’objectiu de connectar la mainada amb la música a través de l’univers d’una colla d’amics i és un projecte social sense ànim de lucre que promou la música i la cultura a la infantesa.</p>
<p>Connecta la música a la mainada a través de l’univers narratiu de nou personatges que formen la colla d’amigues que dona nom al projecte, La Clika. Elles i les seves aventures, són el fil conductor de totes les iniciatives del projecte.</p></blockquote>
<h6><img loading="lazy" decoding="async" class="alignleft wp-image-6994 size-full" src="https://agora.xtec.cat/ceip-rafaelcasanova/wp-content/uploads/usu715/2024/01/inici-e1727696856211.png" alt="" width="3840" height="1561" srcset="https://agora.xtec.cat/ceip-rafaelcasanova/wp-content/uploads/usu715/2024/01/inici-e1727696856211.png 3840w, https://agora.xtec.cat/ceip-rafaelcasanova/wp-content/uploads/usu715/2024/01/inici-e1727696856211-300x122.png 300w, https://agora.xtec.cat/ceip-rafaelcasanova/wp-content/uploads/usu715/2024/01/inici-e1727696856211-1024x416.png 1024w, https://agora.xtec.cat/ceip-rafaelcasanova/wp-content/uploads/usu715/2024/01/inici-e1727696856211-768x312.png 768w, https://agora.xtec.cat/ceip-rafaelcasanova/wp-content/uploads/usu715/2024/01/inici-e1727696856211-1536x624.png 1536w, https://agora.xtec.cat/ceip-rafaelcasanova/wp-content/uploads/usu715/2024/01/inici-e1727696856211-2048x833.png 2048w" sizes="auto, (max-width: 3840px) 100vw, 3840px" /></h6>

<p>La Clika és un projecte socioeducatiu que té l’objectiu de connectar la mainada amb la música a través de l’univers d’una colla d’amics i és un projecte social sense ànim de lucre que promou la música i la cultura a la infantesa. Connecta la música a la mainada a través de l’univers narratiu de nou personatges [&hellip;]</p>
