{"id":38,"date":"2014-09-18T12:34:08","date_gmt":"2014-09-18T12:34:08","guid":{"rendered":"http:\/\/agora.xtec.cat\/ceip-rafaelcasanova\/?page_id=38"},"modified":"2024-09-27T11:53:23","modified_gmt":"2024-09-27T09:53:23","slug":"salut","status":"publish","type":"page","link":"https:\/\/agora.xtec.cat\/ceip-rafaelcasanova\/lescola\/informacions\/salut\/","title":{"rendered":"Salut"},"content":{"rendered":"<h2>Malalties:<\/h2>\n<blockquote><p>Creiem molt important assist\u00e8ncia continuada a classe, per\u00f2 quan un nen o nena est\u00e0 malalt conv\u00e9 que descansi i que no assisteixi a l\u2019escola per evitar el possible contagi.<\/p>\n<p>Les malalties infeccioses han de ser comunicades immediatament i el malalt ha de restar a casa.<\/p>\n<p>L\u2019aparici\u00f3 de polls o ll\u00e9menes tamb\u00e9 ha de ser comunicada al centre i l&#8217;alumne ha de restar a casa fins la desaparici\u00f3 total del par\u00e0sit. \u00c9s IMPORTANT que durant tot el curs escolar reviseu peri\u00f2dicament el cabell dels vostres fills i filles i preneu les mesures oportunes.<\/p><\/blockquote>\n<h2>Al\u00b7l\u00e8rgies:<\/h2>\n<blockquote><p>Si algun nen\/a t\u00e9 alguna al\u00b7l\u00e8rgia o algun problema de salut, \u00e9s <strong>MOLT IMPORTANT<\/strong> <strong>comunicar-ho al tutor\/a i a la secretaria del centre.<\/strong><\/p>\n<p><strong>Si un nen\/a presenta s\u00edmptomes de malaltia durant la seva estada a l\u2019escola avisarem a la fam\u00edlia perqu\u00e8 el reculli i l\u2019atengui degudament.<\/strong><\/p><\/blockquote>\n<h2>Accidents escolars:<\/h2>\n<blockquote><p>En cas que algun alumne s\u2019accidenti es seguir\u00e0 el seg\u00fcent protocol:<\/p>\n<p>Si s\u00f3n petites ferides o rascades es curaran a l\u2019escola i es comunicar\u00e0 a la fam\u00edlia.<\/p>\n<p>Si l\u2019accident \u00e9s lleu per\u00f2 requereix intervenci\u00f3 m\u00e8dica, us avisarem a la fam\u00edlia per a que el vingueu a buscar i el porteu al seu metge habitual.<\/p>\n<p>En els casos que es consideri necessari, es demanaran els serveis d\u2019ambul\u00e0ncia i una persona responsable, preferentment el tutor \/a de l\u2019alumne, l\u2019acompanyar\u00e0 al centre sanitari, a l\u2019hora que s\u2019informar\u00e0 a la fam\u00edlia.<\/p>\n<p><em><strong>\u00c9s MOLT IMPORTANT que estigueu localitzables i tenir els vostres n\u00fameros de tel\u00e8fon actualitzats comunicant al tutor\/a o secretaria qualsevol canvi.<\/strong><br \/>\n<\/em><\/p><\/blockquote>\n<p>&nbsp;<\/p>\n<p>&nbsp;<\/p>\n<p>&nbsp;<\/p>\n<p>&nbsp;<\/p>\n<p>&nbsp;<\/p>\n","protected":false},"excerpt":{"rendered":"<p>Malalties: Creiem molt important assist\u00e8ncia continuada a classe, per\u00f2 quan un nen o nena est\u00e0 malalt conv\u00e9 que descansi i que no assisteixi a l\u2019escola per evitar el possible contagi. Les malalties infeccioses han de ser comunicades immediatament i el malalt ha de restar a casa. L\u2019aparici\u00f3 de polls o ll\u00e9menes tamb\u00e9 ha de ser [&hellip;]<\/p>\n","protected":false},"author":2,"featured_media":0,"parent":6518,"menu_order":30,"comment_status":"closed","ping_status":"closed","template":"page-templates\/side-menu.php","meta":{"_bbp_topic_count":0,"_bbp_reply_count":0,"_bbp_total_topic_count":0,"_bbp_total_reply_count":0,"_bbp_voice_count":0,"_bbp_anonymous_reply_count":0,"_bbp_topic_count_hidden":0,"_bbp_reply_count_hidden":0,"_bbp_forum_subforum_count":0,"site-sidebar-layout":"default","site-content-layout":"","ast-site-content-layout":"","site-content-style":"default","site-sidebar-style":"default","ast-global-header-display":"","ast-banner-title-visibility":"","ast-main-header-display":"","ast-hfb-above-header-display":"","ast-hfb-below-header-display":"","ast-hfb-mobile-header-display":"","site-post-title":"","ast-breadcrumbs-content":"","ast-featured-img":"","footer-sml-layout":"","theme-transparent-header-meta":"","adv-header-id-meta":"","stick-header-meta":"","header-above-stick-meta":"","header-main-stick-meta":"","header-below-stick-meta":"","astra-migrate-meta-layouts":"default","ast-page-background-enabled":"default","ast-page-background-meta":{"desktop":{"background-color":"var(--ast-global-color-4)","background-image":"","background-repeat":"repeat","background-position":"center center","background-size":"auto","background-attachment":"scroll","background-type":"","background-media":"","overlay-type":"","overlay-color":"","overlay-opacity":"","overlay-gradient":""},"tablet":{"background-color":"","background-image":"","background-repeat":"repeat","background-position":"center center","background-size":"auto","background-attachment":"scroll","background-type":"","background-media":"","overlay-type":"","overlay-color":"","overlay-opacity":"","overlay-gradient":""},"mobile":{"background-color":"","background-image":"","background-repeat":"repeat","background-position":"center center","background-size":"auto","background-attachment":"scroll","background-type":"","background-media":"","overlay-type":"","overlay-color":"","overlay-opacity":"","overlay-gradient":""}},"ast-content-background-meta":{"desktop":{"background-color":"var(--ast-global-color-5)","background-image":"","background-repeat":"repeat","background-position":"center center","background-size":"auto","background-attachment":"scroll","background-type":"","background-media":"","overlay-type":"","overlay-color":"","overlay-opacity":"","overlay-gradient":""},"tablet":{"background-color":"var(--ast-global-color-5)","background-image":"","background-repeat":"repeat","background-position":"center center","background-size":"auto","background-attachment":"scroll","background-type":"","background-media":"","overlay-type":"","overlay-color":"","overlay-opacity":"","overlay-gradient":""},"mobile":{"background-color":"var(--ast-global-color-5)","background-image":"","background-repeat":"repeat","background-position":"center center","background-size":"auto","background-attachment":"scroll","background-type":"","background-media":"","overlay-type":"","overlay-color":"","overlay-opacity":"","overlay-gradient":""}},"footnotes":""},"class_list":["post-38","page","type-page","status-publish","hentry"],"post_mailing_queue_ids":[],"_links":{"self":[{"href":"https:\/\/agora.xtec.cat\/ceip-rafaelcasanova\/wp-json\/wp\/v2\/pages\/38","targetHints":{"allow":["GET"]}}],"collection":[{"href":"https:\/\/agora.xtec.cat\/ceip-rafaelcasanova\/wp-json\/wp\/v2\/pages"}],"about":[{"href":"https:\/\/agora.xtec.cat\/ceip-rafaelcasanova\/wp-json\/wp\/v2\/types\/page"}],"author":[{"embeddable":true,"href":"https:\/\/agora.xtec.cat\/ceip-rafaelcasanova\/wp-json\/wp\/v2\/users\/2"}],"replies":[{"embeddable":true,"href":"https:\/\/agora.xtec.cat\/ceip-rafaelcasanova\/wp-json\/wp\/v2\/comments?post=38"}],"version-history":[{"count":6,"href":"https:\/\/agora.xtec.cat\/ceip-rafaelcasanova\/wp-json\/wp\/v2\/pages\/38\/revisions"}],"predecessor-version":[{"id":7522,"href":"https:\/\/agora.xtec.cat\/ceip-rafaelcasanova\/wp-json\/wp\/v2\/pages\/38\/revisions\/7522"}],"up":[{"embeddable":true,"href":"https:\/\/agora.xtec.cat\/ceip-rafaelcasanova\/wp-json\/wp\/v2\/pages\/6518"}],"wp:attachment":[{"href":"https:\/\/agora.xtec.cat\/ceip-rafaelcasanova\/wp-json\/wp\/v2\/media?parent=38"}],"curies":[{"name":"wp","href":"https:\/\/api.w.org\/{rel}","templated":true}]}}