{"id":3112,"date":"2020-10-04T19:14:48","date_gmt":"2020-10-04T17:14:48","guid":{"rendered":"http:\/\/agora.xtec.cat\/ceip-rafaelcasanova\/?page_id=3112"},"modified":"2026-04-07T12:02:24","modified_gmt":"2026-04-07T10:02:24","slug":"equip-huma","status":"publish","type":"page","link":"https:\/\/agora.xtec.cat\/ceip-rafaelcasanova\/lescola\/equip-huma\/","title":{"rendered":"Equip hum\u00e0"},"content":{"rendered":"<hr \/>\n<h3 style=\"text-align: left;\"><strong>Equip directiu<\/strong><\/h3>\n<table style=\"border-collapse: collapse; width: 100%;\">\n<tbody>\n<tr>\n<td style=\"width: 33.3333%;\">Direcci\u00f3<\/td>\n<td style=\"width: 33.3333%;\">CRISTINA GARCIA<\/td>\n<td style=\"width: 33.3333%;\">a8039379@xtec.cat<\/td>\n<\/tr>\n<tr>\n<td style=\"width: 33.3333%;\">Cap d\u2019estudis<\/td>\n<td style=\"width: 33.3333%;\">ANA M\u00aa L\u00d3PEZ<\/td>\n<td style=\"width: 33.3333%;\">a8039379@xtec.cat<\/td>\n<\/tr>\n<tr>\n<td style=\"width: 33.3333%;\">Secretaria<\/td>\n<td style=\"width: 33.3333%;\">SANDRA C\u00c1MARA<\/td>\n<td style=\"width: 33.3333%;\">a8039379@xtec.cat<\/td>\n<\/tr>\n<\/tbody>\n<\/table>\n<p><img loading=\"lazy\" decoding=\"async\" class=\"wp-image-8494 alignnone\" src=\"https:\/\/agora.xtec.cat\/ceip-rafaelcasanova\/wp-content\/uploads\/usu715\/2025\/10\/WhatsApp-Image-2025-10-22-at-11.23.04-1-e1773747473334-300x184.jpeg\" alt=\"\" width=\"600\" height=\"367\" srcset=\"https:\/\/agora.xtec.cat\/ceip-rafaelcasanova\/wp-content\/uploads\/usu715\/2025\/10\/WhatsApp-Image-2025-10-22-at-11.23.04-1-e1773747473334-300x184.jpeg 300w, https:\/\/agora.xtec.cat\/ceip-rafaelcasanova\/wp-content\/uploads\/usu715\/2025\/10\/WhatsApp-Image-2025-10-22-at-11.23.04-1-e1773747473334-768x470.jpeg 768w, https:\/\/agora.xtec.cat\/ceip-rafaelcasanova\/wp-content\/uploads\/usu715\/2025\/10\/WhatsApp-Image-2025-10-22-at-11.23.04-1-e1773747473334.jpeg 940w\" sizes=\"auto, (max-width: 600px) 100vw, 600px\" \/><\/p>\n<hr \/>\n<h3><strong>Comunitat de petits<\/strong><\/h3>\n<table style=\"border-collapse: collapse; width: 100%;\">\n<tbody>\n<tr>\n<td style=\"width: 50%;\">I3<\/td>\n<td style=\"width: 50%;\">LISA COLOM<\/td>\n<\/tr>\n<tr>\n<td style=\"width: 50%;\">I4<\/td>\n<td style=\"width: 50%;\">MIRIAM MU\u00d1OZ<\/td>\n<\/tr>\n<tr>\n<td style=\"width: 50%;\">I5<\/td>\n<td style=\"width: 50%;\">LORENA G\u00d3MEZ &#8211; AROA RODRIGUEZ<\/td>\n<\/tr>\n<tr>\n<td style=\"width: 50%;\">Psicomotricitat<\/td>\n<td style=\"width: 50%;\">REBECA LATORRE<\/td>\n<\/tr>\n<tr>\n<td style=\"width: 50%;\">EE<\/td>\n<td style=\"width: 50%;\">MART\u00cdN BLANCO<\/td>\n<\/tr>\n<tr>\n<td style=\"width: 50%;\">Refor\u00e7<\/td>\n<td style=\"width: 50%;\">SANDRA CAMARA<\/td>\n<\/tr>\n<tr>\n<td style=\"width: 50%;\">TEI<\/td>\n<td style=\"width: 50%;\">LURDES GALVE<\/td>\n<\/tr>\n<\/tbody>\n<\/table>\n<p><img loading=\"lazy\" decoding=\"async\" class=\"alignnone wp-image-8495\" src=\"https:\/\/agora.xtec.cat\/ceip-rafaelcasanova\/wp-content\/uploads\/usu715\/2025\/10\/WhatsApp-Image-2025-10-22-at-11.23.04-2-e1761130428479-1024x979.jpeg\" alt=\"\" width=\"600\" height=\"574\" srcset=\"https:\/\/agora.xtec.cat\/ceip-rafaelcasanova\/wp-content\/uploads\/usu715\/2025\/10\/WhatsApp-Image-2025-10-22-at-11.23.04-2-e1761130428479-1024x979.jpeg 1024w, https:\/\/agora.xtec.cat\/ceip-rafaelcasanova\/wp-content\/uploads\/usu715\/2025\/10\/WhatsApp-Image-2025-10-22-at-11.23.04-2-e1761130428479-300x287.jpeg 300w, https:\/\/agora.xtec.cat\/ceip-rafaelcasanova\/wp-content\/uploads\/usu715\/2025\/10\/WhatsApp-Image-2025-10-22-at-11.23.04-2-e1761130428479-768x734.jpeg 768w, https:\/\/agora.xtec.cat\/ceip-rafaelcasanova\/wp-content\/uploads\/usu715\/2025\/10\/WhatsApp-Image-2025-10-22-at-11.23.04-2-e1761130428479.jpeg 1200w\" sizes=\"auto, (max-width: 600px) 100vw, 600px\" \/><\/p>\n<hr \/>\n<h3><strong>Comunitat de mitjans<\/strong><\/h3>\n<table style=\"border-collapse: collapse; width: 100%; height: 257px;\">\n<tbody>\n<tr style=\"height: 32px;\">\n<td style=\"width: 33.3333%; height: 33px;\">1r A<\/td>\n<td style=\"width: 33.3333%; height: 33px;\">N\u00daRIA RIVALLO<\/td>\n<\/tr>\n<tr>\n<td style=\"width: 33.3333%;\">1r B<\/td>\n<td style=\"width: 33.3333%;\">SHEILA S\u00c1NCHEZ<\/td>\n<\/tr>\n<tr style=\"height: 32px;\">\n<td style=\"width: 33.3333%; height: 32px;\">2n<\/td>\n<td style=\"width: 33.3333%; height: 32px;\">GEMMA CASTILLO &#8211; JOSE LL\u00c0CER<\/td>\n<\/tr>\n<tr style=\"height: 32px;\">\n<td style=\"width: 33.3333%; height: 32px;\">3r<\/td>\n<td style=\"width: 33.3333%; height: 32px;\">MERC\u00c8 LLAMAS<\/td>\n<\/tr>\n<tr style=\"height: 32px;\">\n<td style=\"width: 33.3333%; height: 32px;\">ANGL\u00c8S<\/td>\n<td style=\"width: 33.3333%; height: 32px;\">AINA FELIU &#8211; MIGUEL GARC\u00cdA<\/td>\n<\/tr>\n<tr style=\"height: 32px;\">\n<td style=\"width: 33.3333%; height: 32px;\">EF<\/td>\n<td style=\"width: 33.3333%; height: 32px;\">REBECA LATORRE<\/td>\n<\/tr>\n<tr style=\"height: 32px;\">\n<td style=\"width: 33.3333%; height: 32px;\">M\u00fasica<\/td>\n<td style=\"width: 33.3333%; height: 32px;\">MARTA BARBERO<\/td>\n<\/tr>\n<tr style=\"height: 32px;\">\n<td style=\"width: 33.3333%;\">EE<\/td>\n<td style=\"width: 33.3333%;\">MART\u00cdN BLANCO &#8211; MAITE LLAMAS &#8211; NEREA MIRANDA<\/td>\n<\/tr>\n<tr style=\"height: 32px;\">\n<td style=\"width: 33.3333%; height: 32px;\">Acollida<\/td>\n<td style=\"width: 33.3333%; height: 32px;\">PEPA HERN\u00c1NDEZ<\/td>\n<\/tr>\n<\/tbody>\n<\/table>\n<p><img loading=\"lazy\" decoding=\"async\" class=\"alignnone wp-image-8496\" src=\"https:\/\/agora.xtec.cat\/ceip-rafaelcasanova\/wp-content\/uploads\/usu715\/2025\/10\/WhatsApp-Image-2025-10-22-at-11.23.04-e1761130516616-1024x806.jpeg\" alt=\"\" width=\"600\" height=\"472\" srcset=\"https:\/\/agora.xtec.cat\/ceip-rafaelcasanova\/wp-content\/uploads\/usu715\/2025\/10\/WhatsApp-Image-2025-10-22-at-11.23.04-e1761130516616-1024x806.jpeg 1024w, https:\/\/agora.xtec.cat\/ceip-rafaelcasanova\/wp-content\/uploads\/usu715\/2025\/10\/WhatsApp-Image-2025-10-22-at-11.23.04-e1761130516616-300x236.jpeg 300w, https:\/\/agora.xtec.cat\/ceip-rafaelcasanova\/wp-content\/uploads\/usu715\/2025\/10\/WhatsApp-Image-2025-10-22-at-11.23.04-e1761130516616-768x604.jpeg 768w, https:\/\/agora.xtec.cat\/ceip-rafaelcasanova\/wp-content\/uploads\/usu715\/2025\/10\/WhatsApp-Image-2025-10-22-at-11.23.04-e1761130516616.jpeg 1200w\" sizes=\"auto, (max-width: 600px) 100vw, 600px\" \/><\/p>\n<hr \/>\n<h3><strong>Comunitat de grans<\/strong><\/h3>\n<table style=\"border-collapse: collapse; width: 100%;\">\n<tbody>\n<tr>\n<td style=\"width: 50%;\">4T<\/td>\n<td style=\"width: 50%;\">MIGUEL GARC\u00cdA<\/td>\n<\/tr>\n<tr>\n<td style=\"width: 50%;\">5\u00e8 A<\/td>\n<td style=\"width: 50%;\">PATRI VALENZUELA<\/td>\n<\/tr>\n<tr>\n<td style=\"width: 50%;\">5\u00e8 B<\/td>\n<td style=\"width: 50%;\">ROSA MARIA BENITEZ<\/td>\n<\/tr>\n<tr>\n<td style=\"width: 50%;\">6\u00e8 A<\/td>\n<td style=\"width: 50%;\">CARLOS JIMENEZ<\/td>\n<\/tr>\n<tr>\n<td style=\"width: 50%;\">6\u00e8 B<\/td>\n<td style=\"width: 50%;\">ARIANA BERNAL<\/td>\n<\/tr>\n<tr>\n<td style=\"width: 50%;\">Angl\u00e8s<\/td>\n<td style=\"width: 50%;\">AINA FELIU &#8211; MART\u00cdN BLANCO<\/td>\n<\/tr>\n<tr>\n<td style=\"width: 50%;\">EF<\/td>\n<td style=\"width: 50%;\">REBECA LATORRE<\/td>\n<\/tr>\n<tr>\n<td style=\"width: 50%;\">EE<\/td>\n<td style=\"width: 50%;\">MAITE LLAMAS &#8211; NEREA MIRANDA<\/td>\n<\/tr>\n<\/tbody>\n<\/table>\n<p><img loading=\"lazy\" decoding=\"async\" class=\"alignnone wp-image-8493\" src=\"https:\/\/agora.xtec.cat\/ceip-rafaelcasanova\/wp-content\/uploads\/usu715\/2025\/10\/WhatsApp-Image-2025-10-22-at-11.23.03-e1761130564881-1024x796.jpeg\" alt=\"\" width=\"600\" height=\"467\" srcset=\"https:\/\/agora.xtec.cat\/ceip-rafaelcasanova\/wp-content\/uploads\/usu715\/2025\/10\/WhatsApp-Image-2025-10-22-at-11.23.03-e1761130564881-1024x796.jpeg 1024w, https:\/\/agora.xtec.cat\/ceip-rafaelcasanova\/wp-content\/uploads\/usu715\/2025\/10\/WhatsApp-Image-2025-10-22-at-11.23.03-e1761130564881-300x233.jpeg 300w, https:\/\/agora.xtec.cat\/ceip-rafaelcasanova\/wp-content\/uploads\/usu715\/2025\/10\/WhatsApp-Image-2025-10-22-at-11.23.03-e1761130564881-768x597.jpeg 768w, https:\/\/agora.xtec.cat\/ceip-rafaelcasanova\/wp-content\/uploads\/usu715\/2025\/10\/WhatsApp-Image-2025-10-22-at-11.23.03-e1761130564881.jpeg 1152w\" sizes=\"auto, (max-width: 600px) 100vw, 600px\" \/><\/p>\n<hr \/>\n<h3 style=\"text-align: left;\"><strong>PAS &#8211; PAE (Personal d&#8217;administraci\u00f3 i serveis)<\/strong><\/h3>\n<table style=\"border-collapse: collapse; width: 100%;\">\n<tbody>\n<tr>\n<td style=\"width: 33.3333%;\">T\u00e8cnica d&#8217;integraci\u00f3 social (TIS)<\/td>\n<td style=\"width: 33.3333%;\">PATRICIA GONZALEZ<\/td>\n<td style=\"width: 33.3333%;\"><\/td>\n<\/tr>\n<\/tbody>\n<\/table>\n<table style=\"border-collapse: collapse; width: 100%;\">\n<tbody>\n<tr>\n<td style=\"width: 33.3333%;\">Administraci\u00f3<\/td>\n<td style=\"width: 33.3333%;\">ROSA RICO<\/td>\n<td style=\"width: 33.3333%;\">a8039379@xtec.cat<\/td>\n<\/tr>\n<tr>\n<td style=\"width: 33.3333%;\">Consergeria<\/td>\n<td style=\"width: 33.3333%;\">JAVI GARC\u00cdA \/ CARMEN GONZ\u00c1LEZ \/ SANDRA ROBLEDO<\/td>\n<td style=\"width: 33.3333%;\"><\/td>\n<\/tr>\n<tr>\n<td style=\"width: 33.3333%;\">Vetlladores<\/td>\n<td style=\"width: 33.3333%;\">MONTSE L\u00d3PEZ \/ ESTHER RODRIGUEZ<\/td>\n<td style=\"width: 33.3333%;\"><\/td>\n<\/tr>\n<\/tbody>\n<\/table>\n<hr \/>\n<h3><strong>Equip de menjador<\/strong><\/h3>\n<p><img loading=\"lazy\" decoding=\"async\" class=\"alignleft wp-image-6828\" src=\"https:\/\/agora.xtec.cat\/ceip-rafaelcasanova\/wp-content\/uploads\/usu715\/2023\/11\/monitores-menjador.jpg\" alt=\"\" width=\"600\" height=\"447\" srcset=\"https:\/\/agora.xtec.cat\/ceip-rafaelcasanova\/wp-content\/uploads\/usu715\/2023\/11\/monitores-menjador.jpg 657w, https:\/\/agora.xtec.cat\/ceip-rafaelcasanova\/wp-content\/uploads\/usu715\/2023\/11\/monitores-menjador-300x224.jpg 300w, https:\/\/agora.xtec.cat\/ceip-rafaelcasanova\/wp-content\/uploads\/usu715\/2023\/11\/monitores-menjador-200x150.jpg 200w\" sizes=\"auto, (max-width: 600px) 100vw, 600px\" \/><\/p>\n<p>&nbsp;<\/p>\n","protected":false},"excerpt":{"rendered":"<p>Equip directiu Direcci\u00f3 CRISTINA GARCIA a8039379@xtec.cat Cap d\u2019estudis ANA M\u00aa L\u00d3PEZ a8039379@xtec.cat Secretaria SANDRA C\u00c1MARA a8039379@xtec.cat Comunitat de petits I3 LISA COLOM I4 MIRIAM MU\u00d1OZ I5 LORENA G\u00d3MEZ &#8211; AROA RODRIGUEZ Psicomotricitat REBECA LATORRE EE MART\u00cdN BLANCO Refor\u00e7 SANDRA CAMARA TEI LURDES GALVE Comunitat de mitjans 1r A N\u00daRIA RIVALLO 1r B SHEILA S\u00c1NCHEZ 2n [&hellip;]<\/p>\n","protected":false},"author":1,"featured_media":0,"parent":22,"menu_order":30,"comment_status":"closed","ping_status":"closed","template":"","meta":{"_bbp_topic_count":0,"_bbp_reply_count":0,"_bbp_total_topic_count":0,"_bbp_total_reply_count":0,"_bbp_voice_count":0,"_bbp_anonymous_reply_count":0,"_bbp_topic_count_hidden":0,"_bbp_reply_count_hidden":0,"_bbp_forum_subforum_count":0,"site-sidebar-layout":"default","site-content-layout":"","ast-site-content-layout":"default","site-content-style":"default","site-sidebar-style":"default","ast-global-header-display":"","ast-banner-title-visibility":"","ast-main-header-display":"","ast-hfb-above-header-display":"","ast-hfb-below-header-display":"","ast-hfb-mobile-header-display":"","site-post-title":"","ast-breadcrumbs-content":"","ast-featured-img":"","footer-sml-layout":"","theme-transparent-header-meta":"default","adv-header-id-meta":"","stick-header-meta":"","header-above-stick-meta":"","header-main-stick-meta":"","header-below-stick-meta":"","astra-migrate-meta-layouts":"set","ast-page-background-enabled":"default","ast-page-background-meta":{"desktop":{"background-color":"var(--ast-global-color-4)","background-image":"","background-repeat":"repeat","background-position":"center center","background-size":"auto","background-attachment":"scroll","background-type":"","background-media":"","overlay-type":"","overlay-color":"","overlay-opacity":"","overlay-gradient":""},"tablet":{"background-color":"","background-image":"","background-repeat":"repeat","background-position":"center center","background-size":"auto","background-attachment":"scroll","background-type":"","background-media":"","overlay-type":"","overlay-color":"","overlay-opacity":"","overlay-gradient":""},"mobile":{"background-color":"","background-image":"","background-repeat":"repeat","background-position":"center center","background-size":"auto","background-attachment":"scroll","background-type":"","background-media":"","overlay-type":"","overlay-color":"","overlay-opacity":"","overlay-gradient":""}},"ast-content-background-meta":{"desktop":{"background-color":"var(--ast-global-color-5)","background-image":"","background-repeat":"repeat","background-position":"center center","background-size":"auto","background-attachment":"scroll","background-type":"","background-media":"","overlay-type":"","overlay-color":"","overlay-opacity":"","overlay-gradient":""},"tablet":{"background-color":"var(--ast-global-color-5)","background-image":"","background-repeat":"repeat","background-position":"center center","background-size":"auto","background-attachment":"scroll","background-type":"","background-media":"","overlay-type":"","overlay-color":"","overlay-opacity":"","overlay-gradient":""},"mobile":{"background-color":"var(--ast-global-color-5)","background-image":"","background-repeat":"repeat","background-position":"center center","background-size":"auto","background-attachment":"scroll","background-type":"","background-media":"","overlay-type":"","overlay-color":"","overlay-opacity":"","overlay-gradient":""}},"footnotes":""},"class_list":["post-3112","page","type-page","status-publish","hentry"],"post_mailing_queue_ids":[],"_links":{"self":[{"href":"https:\/\/agora.xtec.cat\/ceip-rafaelcasanova\/wp-json\/wp\/v2\/pages\/3112","targetHints":{"allow":["GET"]}}],"collection":[{"href":"https:\/\/agora.xtec.cat\/ceip-rafaelcasanova\/wp-json\/wp\/v2\/pages"}],"about":[{"href":"https:\/\/agora.xtec.cat\/ceip-rafaelcasanova\/wp-json\/wp\/v2\/types\/page"}],"author":[{"embeddable":true,"href":"https:\/\/agora.xtec.cat\/ceip-rafaelcasanova\/wp-json\/wp\/v2\/users\/1"}],"replies":[{"embeddable":true,"href":"https:\/\/agora.xtec.cat\/ceip-rafaelcasanova\/wp-json\/wp\/v2\/comments?post=3112"}],"version-history":[{"count":6,"href":"https:\/\/agora.xtec.cat\/ceip-rafaelcasanova\/wp-json\/wp\/v2\/pages\/3112\/revisions"}],"predecessor-version":[{"id":9030,"href":"https:\/\/agora.xtec.cat\/ceip-rafaelcasanova\/wp-json\/wp\/v2\/pages\/3112\/revisions\/9030"}],"up":[{"embeddable":true,"href":"https:\/\/agora.xtec.cat\/ceip-rafaelcasanova\/wp-json\/wp\/v2\/pages\/22"}],"wp:attachment":[{"href":"https:\/\/agora.xtec.cat\/ceip-rafaelcasanova\/wp-json\/wp\/v2\/media?parent=3112"}],"curies":[{"name":"wp","href":"https:\/\/api.w.org\/{rel}","templated":true}]}}