{"id":28,"date":"2014-09-18T12:29:35","date_gmt":"2014-09-18T12:29:35","guid":{"rendered":"http:\/\/agora.xtec.cat\/ceip-rafaelcasanova\/?page_id=28"},"modified":"2025-12-18T13:38:45","modified_gmt":"2025-12-18T12:38:45","slug":"consell-escolar","status":"publish","type":"page","link":"https:\/\/agora.xtec.cat\/ceip-rafaelcasanova\/lescola\/consell-escolar\/","title":{"rendered":"Consell escolar"},"content":{"rendered":"<blockquote><p><strong>EL CONSELL ESCOLAR DEL CENTRE<\/strong> \u00e9s l\u2019\u00f2rgan de participaci\u00f3 de la comunitat escolar en el control i gesti\u00f3 dels centres docents, amb funcions en l\u2019\u00e0mbit de la programaci\u00f3 general, i en el seguiment i avaluaci\u00f3 de les seves activitats.<\/p>\n<p>D\u2019acord amb la darrera acta, el nostre consell escolar est\u00e0 constitu\u00eft de la seg\u00fcent manera:<\/p><\/blockquote>\n<table style=\"border-collapse: collapse; width: 100%;\">\n<tbody>\n<tr>\n<td style=\"width: 50%;\">Director\/a<\/td>\n<td style=\"width: 50%;\">Cristina Garcia Garcia<\/td>\n<\/tr>\n<tr>\n<td style=\"width: 50%;\">Cap d&#8217;estudis<\/td>\n<td style=\"width: 50%;\">Ana Maria L\u00f3pez Garc\u00e9s<\/td>\n<\/tr>\n<tr>\n<td style=\"width: 50%;\">Secretari\/\u00e0ria<\/td>\n<td style=\"width: 50%;\">Sandra C\u00e1mara Castillo<\/td>\n<\/tr>\n<\/tbody>\n<\/table>\n<table style=\"border-collapse: collapse; width: 100%;\">\n<tbody>\n<tr>\n<td style=\"width: 50%;\">Representant de l&#8217;Ajuntament<\/td>\n<td style=\"width: 50%;\">Andr\u00e9s Suanes<\/td>\n<\/tr>\n<tr>\n<td style=\"width: 50%;\">Representant de l&#8217;AMPA<\/td>\n<td style=\"width: 50%;\">Eva Mar\u00eda Mart\u00ednez L\u00f3pez<\/td>\n<\/tr>\n<tr>\n<td style=\"width: 50%;\">Representant de pares i mares<\/td>\n<td style=\"width: 50%;\">Gemma Aguilera Marcual<\/td>\n<\/tr>\n<tr>\n<td style=\"width: 50%;\">Representant de pares i mares<\/td>\n<td style=\"width: 50%;\">Meritxell Ramoneda Dur\u00e1n<\/td>\n<\/tr>\n<tr>\n<td style=\"width: 50%;\">Representant de pares i mares<\/td>\n<td style=\"width: 50%;\">Sandra Baena Dur\u00e1n<\/td>\n<\/tr>\n<tr>\n<td style=\"width: 50%;\">Representant de pares i mares<\/td>\n<td style=\"width: 50%;\">Soraya Calomarde Navarro<\/td>\n<\/tr>\n<tr>\n<td style=\"width: 50%;\">Representant del PAS<\/td>\n<td style=\"width: 50%;\">Lourdes Galve Ros<\/td>\n<\/tr>\n<tr>\n<td style=\"width: 50%;\">Representant del professorat<\/td>\n<td style=\"width: 50%;\">Merc\u00e8 Llamas Sanz<\/td>\n<\/tr>\n<tr>\n<td style=\"width: 50%;\">Representant del professorat<\/td>\n<td style=\"width: 50%;\">Patricia Valenzuela L\u00f3pez<\/td>\n<\/tr>\n<tr>\n<td style=\"width: 50%;\">Representant del professorat<\/td>\n<td style=\"width: 50%;\">Rebeca Latorre Dom\u00ednguez<\/td>\n<\/tr>\n<tr>\n<td style=\"width: 50%;\">Representant del professorat<\/td>\n<td style=\"width: 50%;\">Rosa Maria Ben\u00edtez Bernab\u00e9<\/td>\n<\/tr>\n<\/tbody>\n<\/table>\n<p>&nbsp;<\/p>\n<p>&nbsp;<\/p>\n","protected":false},"excerpt":{"rendered":"<p>EL CONSELL ESCOLAR DEL CENTRE \u00e9s l\u2019\u00f2rgan de participaci\u00f3 de la comunitat escolar en el control i gesti\u00f3 dels centres docents, amb funcions en l\u2019\u00e0mbit de la programaci\u00f3 general, i en el seguiment i avaluaci\u00f3 de les seves activitats. D\u2019acord amb la darrera acta, el nostre consell escolar est\u00e0 constitu\u00eft de la seg\u00fcent manera: Director\/a [&hellip;]<\/p>\n","protected":false},"author":2,"featured_media":0,"parent":22,"menu_order":60,"comment_status":"closed","ping_status":"closed","template":"page-templates\/side-menu.php","meta":{"_bbp_topic_count":0,"_bbp_reply_count":0,"_bbp_total_topic_count":0,"_bbp_total_reply_count":0,"_bbp_voice_count":0,"_bbp_anonymous_reply_count":0,"_bbp_topic_count_hidden":0,"_bbp_reply_count_hidden":0,"_bbp_forum_subforum_count":0,"site-sidebar-layout":"default","site-content-layout":"","ast-site-content-layout":"","site-content-style":"default","site-sidebar-style":"default","ast-global-header-display":"","ast-banner-title-visibility":"","ast-main-header-display":"","ast-hfb-above-header-display":"","ast-hfb-below-header-display":"","ast-hfb-mobile-header-display":"","site-post-title":"","ast-breadcrumbs-content":"","ast-featured-img":"","footer-sml-layout":"","theme-transparent-header-meta":"","adv-header-id-meta":"","stick-header-meta":"","header-above-stick-meta":"","header-main-stick-meta":"","header-below-stick-meta":"","astra-migrate-meta-layouts":"default","ast-page-background-enabled":"default","ast-page-background-meta":{"desktop":{"background-color":"var(--ast-global-color-4)","background-image":"","background-repeat":"repeat","background-position":"center center","background-size":"auto","background-attachment":"scroll","background-type":"","background-media":"","overlay-type":"","overlay-color":"","overlay-opacity":"","overlay-gradient":""},"tablet":{"background-color":"","background-image":"","background-repeat":"repeat","background-position":"center center","background-size":"auto","background-attachment":"scroll","background-type":"","background-media":"","overlay-type":"","overlay-color":"","overlay-opacity":"","overlay-gradient":""},"mobile":{"background-color":"","background-image":"","background-repeat":"repeat","background-position":"center center","background-size":"auto","background-attachment":"scroll","background-type":"","background-media":"","overlay-type":"","overlay-color":"","overlay-opacity":"","overlay-gradient":""}},"ast-content-background-meta":{"desktop":{"background-color":"var(--ast-global-color-5)","background-image":"","background-repeat":"repeat","background-position":"center center","background-size":"auto","background-attachment":"scroll","background-type":"","background-media":"","overlay-type":"","overlay-color":"","overlay-opacity":"","overlay-gradient":""},"tablet":{"background-color":"var(--ast-global-color-5)","background-image":"","background-repeat":"repeat","background-position":"center center","background-size":"auto","background-attachment":"scroll","background-type":"","background-media":"","overlay-type":"","overlay-color":"","overlay-opacity":"","overlay-gradient":""},"mobile":{"background-color":"var(--ast-global-color-5)","background-image":"","background-repeat":"repeat","background-position":"center center","background-size":"auto","background-attachment":"scroll","background-type":"","background-media":"","overlay-type":"","overlay-color":"","overlay-opacity":"","overlay-gradient":""}},"footnotes":""},"class_list":["post-28","page","type-page","status-publish","hentry"],"post_mailing_queue_ids":[],"_links":{"self":[{"href":"https:\/\/agora.xtec.cat\/ceip-rafaelcasanova\/wp-json\/wp\/v2\/pages\/28","targetHints":{"allow":["GET"]}}],"collection":[{"href":"https:\/\/agora.xtec.cat\/ceip-rafaelcasanova\/wp-json\/wp\/v2\/pages"}],"about":[{"href":"https:\/\/agora.xtec.cat\/ceip-rafaelcasanova\/wp-json\/wp\/v2\/types\/page"}],"author":[{"embeddable":true,"href":"https:\/\/agora.xtec.cat\/ceip-rafaelcasanova\/wp-json\/wp\/v2\/users\/2"}],"replies":[{"embeddable":true,"href":"https:\/\/agora.xtec.cat\/ceip-rafaelcasanova\/wp-json\/wp\/v2\/comments?post=28"}],"version-history":[{"count":6,"href":"https:\/\/agora.xtec.cat\/ceip-rafaelcasanova\/wp-json\/wp\/v2\/pages\/28\/revisions"}],"predecessor-version":[{"id":8562,"href":"https:\/\/agora.xtec.cat\/ceip-rafaelcasanova\/wp-json\/wp\/v2\/pages\/28\/revisions\/8562"}],"up":[{"embeddable":true,"href":"https:\/\/agora.xtec.cat\/ceip-rafaelcasanova\/wp-json\/wp\/v2\/pages\/22"}],"wp:attachment":[{"href":"https:\/\/agora.xtec.cat\/ceip-rafaelcasanova\/wp-json\/wp\/v2\/media?parent=28"}],"curies":[{"name":"wp","href":"https:\/\/api.w.org\/{rel}","templated":true}]}}

<blockquote><p><strong>EL CONSELL ESCOLAR DEL CENTRE</strong> és l’òrgan de participació de la comunitat escolar en el control i gestió dels centres docents, amb funcions en l’àmbit de la programació general, i en el seguiment i avaluació de les seves activitats.</p>
<p>D’acord amb la darrera acta, el nostre consell escolar està constituït de la següent manera:</p></blockquote>
<table style="border-collapse: collapse; width: 100%;">
<tbody>
<tr>
<td style="width: 50%;">Director/a</td>
<td style="width: 50%;">Cristina Garcia Garcia</td>
</tr>
<tr>
<td style="width: 50%;">Cap d&#8217;estudis</td>
<td style="width: 50%;">Ana Maria López Garcés</td>
</tr>
<tr>
<td style="width: 50%;">Secretari/ària</td>
<td style="width: 50%;">Sandra Cámara Castillo</td>
</tr>
</tbody>
</table>
<table style="border-collapse: collapse; width: 100%;">
<tbody>
<tr>
<td style="width: 50%;">Representant de l&#8217;Ajuntament</td>
<td style="width: 50%;">Andrés Suanes</td>
</tr>
<tr>
<td style="width: 50%;">Representant de l&#8217;AMPA</td>
<td style="width: 50%;">Eva María Martínez López</td>
</tr>
<tr>
<td style="width: 50%;">Representant de pares i mares</td>
<td style="width: 50%;">Gemma Aguilera Marcual</td>
</tr>
<tr>
<td style="width: 50%;">Representant de pares i mares</td>
<td style="width: 50%;">Meritxell Ramoneda Durán</td>
</tr>
<tr>
<td style="width: 50%;">Representant de pares i mares</td>
<td style="width: 50%;">Sandra Baena Durán</td>
</tr>
<tr>
<td style="width: 50%;">Representant de pares i mares</td>
<td style="width: 50%;">Soraya Calomarde Navarro</td>
</tr>
<tr>
<td style="width: 50%;">Representant del PAS</td>
<td style="width: 50%;">Lourdes Galve Ros</td>
</tr>
<tr>
<td style="width: 50%;">Representant del professorat</td>
<td style="width: 50%;">Mercè Llamas Sanz</td>
</tr>
<tr>
<td style="width: 50%;">Representant del professorat</td>
<td style="width: 50%;">Patricia Valenzuela López</td>
</tr>
<tr>
<td style="width: 50%;">Representant del professorat</td>
<td style="width: 50%;">Rebeca Latorre Domínguez</td>
</tr>
<tr>
<td style="width: 50%;">Representant del professorat</td>
<td style="width: 50%;">Rosa Maria Benítez Bernabé</td>
</tr>
</tbody>
</table>
<p>&nbsp;</p>
<p>&nbsp;</p>

<p>EL CONSELL ESCOLAR DEL CENTRE és l’òrgan de participació de la comunitat escolar en el control i gestió dels centres docents, amb funcions en l’àmbit de la programació general, i en el seguiment i avaluació de les seves activitats. D’acord amb la darrera acta, el nostre consell escolar està constituït de la següent manera: Director/a [&hellip;]</p>
