{"id":26,"date":"2014-09-18T12:24:32","date_gmt":"2014-09-18T12:24:32","guid":{"rendered":"http:\/\/agora.xtec.cat\/ceip-rafaelcasanova\/?page_id=26"},"modified":"2026-01-13T16:22:05","modified_gmt":"2026-01-13T15:22:05","slug":"historia","status":"publish","type":"page","link":"https:\/\/agora.xtec.cat\/ceip-rafaelcasanova\/lescola\/historia\/","title":{"rendered":"Hist\u00f2ria"},"content":{"rendered":"<blockquote><p><img loading=\"lazy\" decoding=\"async\" class=\"wp-image-5908 alignright\" src=\"https:\/\/agora.xtec.cat\/ceip-rafaelcasanova\/wp-content\/uploads\/usu715\/2022\/11\/escola-rafael-casanova_40-aniversari_mitg-logo-imatge-color.png\" alt=\"\" width=\"300\" height=\"374\" \/>L&#8217;escola Rafael Casanova \u00e9s un centre p\u00fablic de dues l\u00ednies creat al 1983, entre els barris de Ciutat Cooperativa i Marianao. Encara que geogr\u00e0ficament pertany a la zona Marianao, la seva ubicaci\u00f3, condiciona que l\u2019alumnat sigui dels dos barris.<\/p>\n<p>La majoria de l\u2019alumnat \u00e9s nascut a Sant Boi de Llobregat i la seva llengua materna \u00e9s el castell\u00e0.<\/p>\n<p>La llengua vehicular i d\u2019aprenentatge a l\u2019escola \u00e9s el catal\u00e0, tot garantint un coneixement satisfactori i competent tant del catal\u00e0 com del castell\u00e0 a l\u2019acabament de l\u2019etapa d\u2019educaci\u00f3 prim\u00e0ria.<\/p>\n<p>L\u2019objectiu principal de l\u2019escola sempre ha estat el d\u2019oferir una educaci\u00f3 integral que ajudi als alumnes a esdevenir persones competents, aut\u00f2nomes, critiques i compromeses, fomentant els valors de convivencia i cohesi\u00f3 social dins de la seva pluralitat.<\/p><\/blockquote>\n","protected":false},"excerpt":{"rendered":"<p>L&#8217;escola Rafael Casanova \u00e9s un centre p\u00fablic de dues l\u00ednies creat al 1983, entre els barris de Ciutat Cooperativa i Marianao. Encara que geogr\u00e0ficament pertany a la zona Marianao, la seva ubicaci\u00f3, condiciona que l\u2019alumnat sigui dels dos barris. La majoria de l\u2019alumnat \u00e9s nascut a Sant Boi de Llobregat i la seva llengua materna [&hellip;]<\/p>\n","protected":false},"author":2,"featured_media":0,"parent":22,"menu_order":20,"comment_status":"closed","ping_status":"closed","template":"page-templates\/side-menu.php","meta":{"_bbp_topic_count":0,"_bbp_reply_count":0,"_bbp_total_topic_count":0,"_bbp_total_reply_count":0,"_bbp_voice_count":0,"_bbp_anonymous_reply_count":0,"_bbp_topic_count_hidden":0,"_bbp_reply_count_hidden":0,"_bbp_forum_subforum_count":0,"site-sidebar-layout":"default","site-content-layout":"","ast-site-content-layout":"","site-content-style":"default","site-sidebar-style":"default","ast-global-header-display":"","ast-banner-title-visibility":"","ast-main-header-display":"","ast-hfb-above-header-display":"","ast-hfb-below-header-display":"","ast-hfb-mobile-header-display":"","site-post-title":"","ast-breadcrumbs-content":"","ast-featured-img":"","footer-sml-layout":"","theme-transparent-header-meta":"","adv-header-id-meta":"","stick-header-meta":"","header-above-stick-meta":"","header-main-stick-meta":"","header-below-stick-meta":"","astra-migrate-meta-layouts":"default","ast-page-background-enabled":"default","ast-page-background-meta":{"desktop":{"background-color":"var(--ast-global-color-4)","background-image":"","background-repeat":"repeat","background-position":"center center","background-size":"auto","background-attachment":"scroll","background-type":"","background-media":"","overlay-type":"","overlay-color":"","overlay-opacity":"","overlay-gradient":""},"tablet":{"background-color":"","background-image":"","background-repeat":"repeat","background-position":"center center","background-size":"auto","background-attachment":"scroll","background-type":"","background-media":"","overlay-type":"","overlay-color":"","overlay-opacity":"","overlay-gradient":""},"mobile":{"background-color":"","background-image":"","background-repeat":"repeat","background-position":"center center","background-size":"auto","background-attachment":"scroll","background-type":"","background-media":"","overlay-type":"","overlay-color":"","overlay-opacity":"","overlay-gradient":""}},"ast-content-background-meta":{"desktop":{"background-color":"var(--ast-global-color-5)","background-image":"","background-repeat":"repeat","background-position":"center center","background-size":"auto","background-attachment":"scroll","background-type":"","background-media":"","overlay-type":"","overlay-color":"","overlay-opacity":"","overlay-gradient":""},"tablet":{"background-color":"var(--ast-global-color-5)","background-image":"","background-repeat":"repeat","background-position":"center center","background-size":"auto","background-attachment":"scroll","background-type":"","background-media":"","overlay-type":"","overlay-color":"","overlay-opacity":"","overlay-gradient":""},"mobile":{"background-color":"var(--ast-global-color-5)","background-image":"","background-repeat":"repeat","background-position":"center center","background-size":"auto","background-attachment":"scroll","background-type":"","background-media":"","overlay-type":"","overlay-color":"","overlay-opacity":"","overlay-gradient":""}},"footnotes":""},"class_list":["post-26","page","type-page","status-publish","hentry"],"post_mailing_queue_ids":[],"_links":{"self":[{"href":"https:\/\/agora.xtec.cat\/ceip-rafaelcasanova\/wp-json\/wp\/v2\/pages\/26","targetHints":{"allow":["GET"]}}],"collection":[{"href":"https:\/\/agora.xtec.cat\/ceip-rafaelcasanova\/wp-json\/wp\/v2\/pages"}],"about":[{"href":"https:\/\/agora.xtec.cat\/ceip-rafaelcasanova\/wp-json\/wp\/v2\/types\/page"}],"author":[{"embeddable":true,"href":"https:\/\/agora.xtec.cat\/ceip-rafaelcasanova\/wp-json\/wp\/v2\/users\/2"}],"replies":[{"embeddable":true,"href":"https:\/\/agora.xtec.cat\/ceip-rafaelcasanova\/wp-json\/wp\/v2\/comments?post=26"}],"version-history":[{"count":7,"href":"https:\/\/agora.xtec.cat\/ceip-rafaelcasanova\/wp-json\/wp\/v2\/pages\/26\/revisions"}],"predecessor-version":[{"id":8591,"href":"https:\/\/agora.xtec.cat\/ceip-rafaelcasanova\/wp-json\/wp\/v2\/pages\/26\/revisions\/8591"}],"up":[{"embeddable":true,"href":"https:\/\/agora.xtec.cat\/ceip-rafaelcasanova\/wp-json\/wp\/v2\/pages\/22"}],"wp:attachment":[{"href":"https:\/\/agora.xtec.cat\/ceip-rafaelcasanova\/wp-json\/wp\/v2\/media?parent=26"}],"curies":[{"name":"wp","href":"https:\/\/api.w.org\/{rel}","templated":true}]}}

Història

<blockquote><p><img loading="lazy" decoding="async" class="wp-image-5908 alignright" src="https://agora.xtec.cat/ceip-rafaelcasanova/wp-content/uploads/usu715/2022/11/escola-rafael-casanova_40-aniversari_mitg-logo-imatge-color.png" alt="" width="300" height="374" />L&#8217;escola Rafael Casanova és un centre públic de dues línies creat al 1983, entre els barris de Ciutat Cooperativa i Marianao. Encara que geogràficament pertany a la zona Marianao, la seva ubicació, condiciona que l’alumnat sigui dels dos barris.</p>
<p>La majoria de l’alumnat és nascut a Sant Boi de Llobregat i la seva llengua materna és el castellà.</p>
<p>La llengua vehicular i d’aprenentatge a l’escola és el català, tot garantint un coneixement satisfactori i competent tant del català com del castellà a l’acabament de l’etapa d’educació primària.</p>
<p>L’objectiu principal de l’escola sempre ha estat el d’oferir una educació integral que ajudi als alumnes a esdevenir persones competents, autònomes, critiques i compromeses, fomentant els valors de convivencia i cohesió social dins de la seva pluralitat.</p></blockquote>

<p>L&#8217;escola Rafael Casanova és un centre públic de dues línies creat al 1983, entre els barris de Ciutat Cooperativa i Marianao. Encara que geogràficament pertany a la zona Marianao, la seva ubicació, condiciona que l’alumnat sigui dels dos barris. La majoria de l’alumnat és nascut a Sant Boi de Llobregat i la seva llengua materna [&hellip;]</p>
