{"id":22,"date":"2014-09-18T12:19:57","date_gmt":"2014-09-18T12:19:57","guid":{"rendered":"http:\/\/agora.xtec.cat\/ceip-rafaelcasanova\/?page_id=22"},"modified":"2025-11-05T09:57:27","modified_gmt":"2025-11-05T08:57:27","slug":"lescola","status":"publish","type":"page","link":"https:\/\/agora.xtec.cat\/ceip-rafaelcasanova\/lescola\/","title":{"rendered":"L&#8217;escola"},"content":{"rendered":"<p>L\u2019escola Rafael Casanova \u00e9s un centre p\u00fablic del Departament d\u2019Educaci\u00f3 de la Generalitat de Catalunya.<\/p>\n<h2>Molt m\u00e9s que una escola<\/h2>\n<blockquote><p>\u00c9s un espai d&#8217;aprenentatge actiu i vivencial, on cada infant \u00e9s protagonista del seu propi proc\u00e9s educatiu.\u00a0La nostra metodologia es basa en l&#8217;experimentaci\u00f3, la manipulaci\u00f3 i la descoberta, fomentant la curiositat, el pensament cr\u00edtic i l&#8217;autonomia.<\/p>\n<p>Treballem amb metodologies actives que potencien l&#8217;aprenentatge cooperatiu, la resoluci\u00f3 de problemes i l&#8217;expressi\u00f3 creativa, respectant sempre els ritmes individuals de cada infant.<\/p>\n<p>Acompanyem els nens i nenes en el seu desenvolupament emocional i social, promovent valors com el respecte, la inclusi\u00f3 i la conviv\u00e8ncia.\u00a0Creiem en una educaci\u00f3 arrelada al nostre entorn i amb una estreta col\u00b7laboraci\u00f3 entre escola, fam\u00edlia i comunitat.<\/p><\/blockquote>\n<p>&nbsp;<\/p>\n<p><a href=\"https:\/\/agora.xtec.cat\/ceip-rafaelcasanova\/wp-content\/uploads\/usu715\/2025\/11\/ESCOLA.jpg\"><img loading=\"lazy\" decoding=\"async\" class=\"wp-image-8525 aligncenter\" src=\"https:\/\/agora.xtec.cat\/ceip-rafaelcasanova\/wp-content\/uploads\/usu715\/2025\/11\/ESCOLA-1024x545.jpg\" alt=\"\" width=\"800\" height=\"426\" srcset=\"https:\/\/agora.xtec.cat\/ceip-rafaelcasanova\/wp-content\/uploads\/usu715\/2025\/11\/ESCOLA-1024x545.jpg 1024w, https:\/\/agora.xtec.cat\/ceip-rafaelcasanova\/wp-content\/uploads\/usu715\/2025\/11\/ESCOLA-300x160.jpg 300w, https:\/\/agora.xtec.cat\/ceip-rafaelcasanova\/wp-content\/uploads\/usu715\/2025\/11\/ESCOLA-768x409.jpg 768w, https:\/\/agora.xtec.cat\/ceip-rafaelcasanova\/wp-content\/uploads\/usu715\/2025\/11\/ESCOLA.jpg 1082w\" sizes=\"auto, (max-width: 800px) 100vw, 800px\" \/><\/a><\/p>\n<p>&nbsp;<\/p>\n","protected":false},"excerpt":{"rendered":"<p>L\u2019escola Rafael Casanova \u00e9s un centre p\u00fablic del Departament d\u2019Educaci\u00f3 de la Generalitat de Catalunya. Molt m\u00e9s que una escola \u00c9s un espai d&#8217;aprenentatge actiu i vivencial, on cada infant \u00e9s protagonista del seu propi proc\u00e9s educatiu.\u00a0La nostra metodologia es basa en l&#8217;experimentaci\u00f3, la manipulaci\u00f3 i la descoberta, fomentant la curiositat, el pensament cr\u00edtic i [&hellip;]<\/p>\n","protected":false},"author":2,"featured_media":0,"parent":0,"menu_order":0,"comment_status":"closed","ping_status":"closed","template":"page-templates\/side-menu.php","meta":{"_bbp_topic_count":0,"_bbp_reply_count":0,"_bbp_total_topic_count":0,"_bbp_total_reply_count":0,"_bbp_voice_count":0,"_bbp_anonymous_reply_count":0,"_bbp_topic_count_hidden":0,"_bbp_reply_count_hidden":0,"_bbp_forum_subforum_count":0,"site-sidebar-layout":"default","site-content-layout":"","ast-site-content-layout":"","site-content-style":"default","site-sidebar-style":"default","ast-global-header-display":"","ast-banner-title-visibility":"","ast-main-header-display":"","ast-hfb-above-header-display":"","ast-hfb-below-header-display":"","ast-hfb-mobile-header-display":"","site-post-title":"","ast-breadcrumbs-content":"","ast-featured-img":"","footer-sml-layout":"","theme-transparent-header-meta":"","adv-header-id-meta":"","stick-header-meta":"","header-above-stick-meta":"","header-main-stick-meta":"","header-below-stick-meta":"","astra-migrate-meta-layouts":"default","ast-page-background-enabled":"default","ast-page-background-meta":{"desktop":{"background-color":"var(--ast-global-color-4)","background-image":"","background-repeat":"repeat","background-position":"center center","background-size":"auto","background-attachment":"scroll","background-type":"","background-media":"","overlay-type":"","overlay-color":"","overlay-opacity":"","overlay-gradient":""},"tablet":{"background-color":"","background-image":"","background-repeat":"repeat","background-position":"center center","background-size":"auto","background-attachment":"scroll","background-type":"","background-media":"","overlay-type":"","overlay-color":"","overlay-opacity":"","overlay-gradient":""},"mobile":{"background-color":"","background-image":"","background-repeat":"repeat","background-position":"center center","background-size":"auto","background-attachment":"scroll","background-type":"","background-media":"","overlay-type":"","overlay-color":"","overlay-opacity":"","overlay-gradient":""}},"ast-content-background-meta":{"desktop":{"background-color":"var(--ast-global-color-5)","background-image":"","background-repeat":"repeat","background-position":"center center","background-size":"auto","background-attachment":"scroll","background-type":"","background-media":"","overlay-type":"","overlay-color":"","overlay-opacity":"","overlay-gradient":""},"tablet":{"background-color":"var(--ast-global-color-5)","background-image":"","background-repeat":"repeat","background-position":"center center","background-size":"auto","background-attachment":"scroll","background-type":"","background-media":"","overlay-type":"","overlay-color":"","overlay-opacity":"","overlay-gradient":""},"mobile":{"background-color":"var(--ast-global-color-5)","background-image":"","background-repeat":"repeat","background-position":"center center","background-size":"auto","background-attachment":"scroll","background-type":"","background-media":"","overlay-type":"","overlay-color":"","overlay-opacity":"","overlay-gradient":""}},"footnotes":""},"class_list":["post-22","page","type-page","status-publish","hentry"],"post_mailing_queue_ids":[],"_links":{"self":[{"href":"https:\/\/agora.xtec.cat\/ceip-rafaelcasanova\/wp-json\/wp\/v2\/pages\/22","targetHints":{"allow":["GET"]}}],"collection":[{"href":"https:\/\/agora.xtec.cat\/ceip-rafaelcasanova\/wp-json\/wp\/v2\/pages"}],"about":[{"href":"https:\/\/agora.xtec.cat\/ceip-rafaelcasanova\/wp-json\/wp\/v2\/types\/page"}],"author":[{"embeddable":true,"href":"https:\/\/agora.xtec.cat\/ceip-rafaelcasanova\/wp-json\/wp\/v2\/users\/2"}],"replies":[{"embeddable":true,"href":"https:\/\/agora.xtec.cat\/ceip-rafaelcasanova\/wp-json\/wp\/v2\/comments?post=22"}],"version-history":[{"count":6,"href":"https:\/\/agora.xtec.cat\/ceip-rafaelcasanova\/wp-json\/wp\/v2\/pages\/22\/revisions"}],"predecessor-version":[{"id":6861,"href":"https:\/\/agora.xtec.cat\/ceip-rafaelcasanova\/wp-json\/wp\/v2\/pages\/22\/revisions\/6861"}],"wp:attachment":[{"href":"https:\/\/agora.xtec.cat\/ceip-rafaelcasanova\/wp-json\/wp\/v2\/media?parent=22"}],"curies":[{"name":"wp","href":"https:\/\/api.w.org\/{rel}","templated":true}]}}

<p>L’escola Rafael Casanova és un centre públic del Departament d’Educació de la Generalitat de Catalunya.</p>
<h2>Molt més que una escola</h2>
<blockquote><p>És un espai d&#8217;aprenentatge actiu i vivencial, on cada infant és protagonista del seu propi procés educatiu. La nostra metodologia es basa en l&#8217;experimentació, la manipulació i la descoberta, fomentant la curiositat, el pensament crític i l&#8217;autonomia.</p>
<p>Treballem amb metodologies actives que potencien l&#8217;aprenentatge cooperatiu, la resolució de problemes i l&#8217;expressió creativa, respectant sempre els ritmes individuals de cada infant.</p>
<p>Acompanyem els nens i nenes en el seu desenvolupament emocional i social, promovent valors com el respecte, la inclusió i la convivència. Creiem en una educació arrelada al nostre entorn i amb una estreta col·laboració entre escola, família i comunitat.</p></blockquote>
<p>&nbsp;</p>
<p><a href="https://agora.xtec.cat/ceip-rafaelcasanova/wp-content/uploads/usu715/2025/11/ESCOLA.jpg"><img loading="lazy" decoding="async" class="wp-image-8525 aligncenter" src="https://agora.xtec.cat/ceip-rafaelcasanova/wp-content/uploads/usu715/2025/11/ESCOLA-1024x545.jpg" alt="" width="800" height="426" srcset="https://agora.xtec.cat/ceip-rafaelcasanova/wp-content/uploads/usu715/2025/11/ESCOLA-1024x545.jpg 1024w, https://agora.xtec.cat/ceip-rafaelcasanova/wp-content/uploads/usu715/2025/11/ESCOLA-300x160.jpg 300w, https://agora.xtec.cat/ceip-rafaelcasanova/wp-content/uploads/usu715/2025/11/ESCOLA-768x409.jpg 768w, https://agora.xtec.cat/ceip-rafaelcasanova/wp-content/uploads/usu715/2025/11/ESCOLA.jpg 1082w" sizes="auto, (max-width: 800px) 100vw, 800px" /></a></p>
<p>&nbsp;</p>

<p>L’escola Rafael Casanova és un centre públic del Departament d’Educació de la Generalitat de Catalunya. Molt més que una escola És un espai d&#8217;aprenentatge actiu i vivencial, on cada infant és protagonista del seu propi procés educatiu. La nostra metodologia es basa en l&#8217;experimentació, la manipulació i la descoberta, fomentant la curiositat, el pensament crític i [&hellip;]</p>
