{"id":4470,"date":"2024-09-27T14:33:07","date_gmt":"2024-09-27T12:33:07","guid":{"rendered":"https:\/\/agora.xtec.cat\/ceip-quatre-vents\/?page_id=4470"},"modified":"2025-05-06T19:16:27","modified_gmt":"2025-05-06T17:16:27","slug":"historia","status":"publish","type":"page","link":"https:\/\/agora.xtec.cat\/ceip-quatre-vents\/escola\/historia\/","title":{"rendered":"Hist\u00f2ria"},"content":{"rendered":"\n<div class=\"wp-block-media-text has-media-on-the-right is-stacked-on-mobile\"><div class=\"wp-block-media-text__content\">\n<p class=\"has-text-align-center has-medium-font-size\">&#8220;Cal recuperar, mantenir i transmetre la mem\u00f2ria hist\u00f2rica, perqu\u00e8 es comen\u00e7a per l&#8217;oblit i s&#8217;acaba amb la indifer\u00e8ncia&#8221;<\/p>\n\n\n\n<p class=\"has-text-align-center has-small-font-size\"><em>Jos\u00e9 Saramago<\/em><\/p>\n<\/div><figure class=\"wp-block-media-text__media\"><img loading=\"lazy\" decoding=\"async\" width=\"730\" height=\"365\" src=\"https:\/\/agora.xtec.cat\/ceip-quatre-vents\/wp-content\/uploads\/usu227\/2025\/02\/153-slider-centreimg.jpg\" alt=\"\" class=\"wp-image-5043 size-full\" srcset=\"https:\/\/agora.xtec.cat\/ceip-quatre-vents\/wp-content\/uploads\/usu227\/2025\/02\/153-slider-centreimg.jpg 730w, https:\/\/agora.xtec.cat\/ceip-quatre-vents\/wp-content\/uploads\/usu227\/2025\/02\/153-slider-centreimg-300x150.jpg 300w\" sizes=\"auto, (max-width: 730px) 100vw, 730px\" \/><\/figure><\/div>\n\n\n\n<div style=\"height:43px\" aria-hidden=\"true\" class=\"wp-block-spacer\"><\/div>\n\n\n\n<div class=\"wp-block-getwid-content-timeline\" data-animation=\"none\" data-filling=\"true\"><div class=\"wp-block-getwid-content-timeline__line\"><div class=\"wp-block-getwid-content-timeline__bar\"><\/div><\/div><div class=\"wp-block-getwid-content-timeline__wrapper\">\n<div class=\"wp-block-getwid-content-timeline-item\"><div class=\"wp-block-getwid-content-timeline-item__wrapper\"><div class=\"wp-block-getwid-content-timeline-item__card\"><div class=\"wp-block-getwid-content-timeline-item__card-wrapper\"><div class=\"wp-block-getwid-content-timeline-item__content-wrapper\"><div class=\"wp-block-getwid-content-timeline-item__mobile-meta\"><p class=\"wp-block-getwid-content-timeline-item__meta-content\">Masia &#8220;Els Pavos&#8221; on actualment est\u00e0 ubicada l&#8217;escola. Foto 1.<br>Celebraci\u00f3 familiar dels antics propietaris del mas. Foto 2.<\/p><\/div>\n<h3 class=\"wp-block-heading\">Inicis<\/h3>\n\n\n\n<p><a href=\"https:\/\/drive.google.com\/file\/d\/15v6cI3c5Z7sZSKelPzoSi5BLnggvebAj\/view?usp=drive_link\" target=\"_blank\" rel=\"noreferrer noopener\">Veure imatges<\/a><\/p>\n<\/div><\/div><\/div><div class=\"wp-block-getwid-content-timeline-item__point\"><div class=\"wp-block-getwid-content-timeline-item__point-content\"><\/div><\/div><div class=\"wp-block-getwid-content-timeline-item__meta\"><p class=\"wp-block-getwid-content-timeline-item__meta-content\">Masia &#8220;Els Pavos&#8221; on actualment est\u00e0 ubicada l&#8217;escola. Foto 1.<br>Celebraci\u00f3 familiar dels antics propietaris del mas. Foto 2.<\/p><\/div><\/div><\/div>\n\n\n\n<div class=\"wp-block-getwid-content-timeline-item\"><div class=\"wp-block-getwid-content-timeline-item__wrapper\"><div class=\"wp-block-getwid-content-timeline-item__card\"><div class=\"wp-block-getwid-content-timeline-item__card-wrapper\"><div class=\"wp-block-getwid-content-timeline-item__content-wrapper\"><div class=\"wp-block-getwid-content-timeline-item__mobile-meta\"><p class=\"wp-block-getwid-content-timeline-item__meta-content\">El mar\u00e7 de 1982, el Departament de la Generalitat de Catalunya i l&#8217;Ajuntament de Blanes van arribar a un acord per a la construcci\u00f3 d&#8217;una nova escola a la zona del Pla Parcial dels Pavos. En aquell moment, degut a que els dos centres escolars de la nostra vila, l\u2019escola Joaquim Ruyra i l\u2019escola Napole\u00f3 Soliva, estaven molt massificats i, tamb\u00e9, perqu\u00e8 hi havia molts nens i nenes del barri de Quatre Vents escolaritzats en aquests dos centres. Llavors, es va decidir crear unes aules als baixos d\u2019uns edificis del Carrer Canig\u00f3 que es van anomenar \u201caules de Quatre Vents\u201d, agafant el nom del barri on es van instal\u00b7lar provisionalment a l\u2019espera de poder construir una escola nova. Al setembre del mateix any, es va comen\u00e7ar el curs amb una certa oposici\u00f3 per part de les fam\u00edlies perqu\u00e8 pensaven que aquestes aules no reunien les condicions necess\u00e0ries per als seus fills i filles. Es va comen\u00e7ar fent 1r, 2n i 3r d\u2019EGB i el curs seg\u00fcent es va ampliar fins a 5\u00e8 i 6\u00e8 i, fins i tot, es van habilitar uns baixos de la Pla\u00e7a Nuri\u00e0 per als m\u00e9s petits (P4 i P5). Van comen\u00e7ar tres mestres, la Dolors Iglesias, en Salvador Pont i l&#8217;Esteve Pallerols, tots ells joves, il\u00b7lusionats, emprenedors i molt motivats per l&#8217;ensenyan\u00e7a i aquest nou repte. M\u00e9s endavant, en augmentar el nombre d&#8217;aules provisionals, s&#8217;hi van anar incorporant la Maria Salvat, l&#8217;Eduard Saguer, en Joan Adroher i la Pilar Bol\u00f3s, i la Carme Cornet i la Pilar Blanco al parvulari. En total van ser tres cursos que van funcionar les aules. Pel que fa als mestres, aquests depenien administrativament del CEIP Joaquim Ruyra i formaven part activa del Claustre de Mestres. Van ser anys dif\u00edcils perqu\u00e8 es disposaven de pocs materials i recursos. L\u2019esbarjo i l\u2019Educaci\u00f3 F\u00edsica es realitzaven al carrer, per\u00f2 la col\u00b7laboraci\u00f3 de les fam\u00edlies i de tot el ve\u00efnat van fer que es guardin molt bons records d\u2019aquells anys i els lligams afectius amb fam\u00edlies i, sobretot, amb l\u2019alumnat, encara avui es recorden amb nost\u00e0lgia. Les fam\u00edlies, l\u2019equip educatiu i l\u2019alumnat d\u2019aleshores van tenir un paper fonamental i molt participatiu en la demanda d\u2019una nova escola al barri. Es van fer manifestacions, reunions amb l\u2019ajuntament, inspecci\u00f3, entre altres, per reivindicar la construcci\u00f3 en tres fases diferenciades del que avui \u00e9s el nostre centre.<\/p><\/div>\n<h3 class=\"wp-block-heading has-text-align-right\">Origen<\/h3>\n\n\n\n<p class=\"has-text-align-right\"><strong>1982<\/strong><\/p>\n\n\n\n<p class=\"has-text-align-right\"><a href=\"https:\/\/drive.google.com\/file\/d\/1w7rCO23np6oNDbc_lsnOgGZu6VaL_pqZ\/view?usp=drive_link\" target=\"_blank\" rel=\"noreferrer noopener\">Veure imatges<\/a><\/p>\n<\/div><\/div><\/div><div class=\"wp-block-getwid-content-timeline-item__point\"><div class=\"wp-block-getwid-content-timeline-item__point-content\"><\/div><\/div><div class=\"wp-block-getwid-content-timeline-item__meta\"><p class=\"wp-block-getwid-content-timeline-item__meta-content\">El mar\u00e7 de 1982, el Departament de la Generalitat de Catalunya i l&#8217;Ajuntament de Blanes van arribar a un acord per a la construcci\u00f3 d&#8217;una nova escola a la zona del Pla Parcial dels Pavos. En aquell moment, degut a que els dos centres escolars de la nostra vila, l\u2019escola Joaquim Ruyra i l\u2019escola Napole\u00f3 Soliva, estaven molt massificats i, tamb\u00e9, perqu\u00e8 hi havia molts nens i nenes del barri de Quatre Vents escolaritzats en aquests dos centres. Llavors, es va decidir crear unes aules als baixos d\u2019uns edificis del Carrer Canig\u00f3 que es van anomenar \u201caules de Quatre Vents\u201d, agafant el nom del barri on es van instal\u00b7lar provisionalment a l\u2019espera de poder construir una escola nova. Al setembre del mateix any, es va comen\u00e7ar el curs amb una certa oposici\u00f3 per part de les fam\u00edlies perqu\u00e8 pensaven que aquestes aules no reunien les condicions necess\u00e0ries per als seus fills i filles. Es va comen\u00e7ar fent 1r, 2n i 3r d\u2019EGB i el curs seg\u00fcent es va ampliar fins a 5\u00e8 i 6\u00e8 i, fins i tot, es van habilitar uns baixos de la Pla\u00e7a Nuri\u00e0 per als m\u00e9s petits (P4 i P5). Van comen\u00e7ar tres mestres, la Dolors Iglesias, en Salvador Pont i l&#8217;Esteve Pallerols, tots ells joves, il\u00b7lusionats, emprenedors i molt motivats per l&#8217;ensenyan\u00e7a i aquest nou repte. M\u00e9s endavant, en augmentar el nombre d&#8217;aules provisionals, s&#8217;hi van anar incorporant la Maria Salvat, l&#8217;Eduard Saguer, en Joan Adroher i la Pilar Bol\u00f3s, i la Carme Cornet i la Pilar Blanco al parvulari. En total van ser tres cursos que van funcionar les aules. Pel que fa als mestres, aquests depenien administrativament del CEIP Joaquim Ruyra i formaven part activa del Claustre de Mestres. Van ser anys dif\u00edcils perqu\u00e8 es disposaven de pocs materials i recursos. L\u2019esbarjo i l\u2019Educaci\u00f3 F\u00edsica es realitzaven al carrer, per\u00f2 la col\u00b7laboraci\u00f3 de les fam\u00edlies i de tot el ve\u00efnat van fer que es guardin molt bons records d\u2019aquells anys i els lligams afectius amb fam\u00edlies i, sobretot, amb l\u2019alumnat, encara avui es recorden amb nost\u00e0lgia. Les fam\u00edlies, l\u2019equip educatiu i l\u2019alumnat d\u2019aleshores van tenir un paper fonamental i molt participatiu en la demanda d\u2019una nova escola al barri. Es van fer manifestacions, reunions amb l\u2019ajuntament, inspecci\u00f3, entre altres, per reivindicar la construcci\u00f3 en tres fases diferenciades del que avui \u00e9s el nostre centre.<\/p><\/div><\/div><\/div>\n\n\n\n<div class=\"wp-block-getwid-content-timeline-item\"><div class=\"wp-block-getwid-content-timeline-item__wrapper\"><div class=\"wp-block-getwid-content-timeline-item__card\"><div class=\"wp-block-getwid-content-timeline-item__card-wrapper\"><div class=\"wp-block-getwid-content-timeline-item__content-wrapper\"><div class=\"wp-block-getwid-content-timeline-item__mobile-meta\"><p class=\"wp-block-getwid-content-timeline-item__meta-content\">Finalment, es va inaugurar l\u2019Escola Quatre Vents gr\u00e0cies a l\u2019actitud reivindicativa d\u2019unes fam\u00edlies que volien una escola de qualitat i a prop de casa amb tot el que aix\u00f2 comporta en la millora d\u2019equipaments pel barri. <\/p><\/div>\n<h3 class=\"wp-block-heading\">Inauguraci\u00f3<\/h3>\n\n\n\n<p><strong>1985<\/strong><\/p>\n<\/div><\/div><\/div><div class=\"wp-block-getwid-content-timeline-item__point\"><div class=\"wp-block-getwid-content-timeline-item__point-content\"><\/div><\/div><div class=\"wp-block-getwid-content-timeline-item__meta\"><p class=\"wp-block-getwid-content-timeline-item__meta-content\">Finalment, es va inaugurar l\u2019Escola Quatre Vents gr\u00e0cies a l\u2019actitud reivindicativa d\u2019unes fam\u00edlies que volien una escola de qualitat i a prop de casa amb tot el que aix\u00f2 comporta en la millora d\u2019equipaments pel barri. <\/p><\/div><\/div><\/div>\n\n\n\n<div class=\"wp-block-getwid-content-timeline-item\"><div class=\"wp-block-getwid-content-timeline-item__wrapper\"><div class=\"wp-block-getwid-content-timeline-item__card\"><div class=\"wp-block-getwid-content-timeline-item__card-wrapper\"><div class=\"wp-block-getwid-content-timeline-item__content-wrapper\"><div class=\"wp-block-getwid-content-timeline-item__mobile-meta\"><p class=\"wp-block-getwid-content-timeline-item__meta-content\">Es va crear el Consell Escolar Municipal de Blanes, que, per votaci\u00f3, va escollir Montserrat Orench com la primera representant del sector de fam\u00edlies de l&#8217;Escola Quatre Vents. <\/p><\/div>\n<h3 class=\"wp-block-heading\">Consell Escolar<\/h3>\n\n\n\n<p><strong>1988<\/strong><\/p>\n<\/div><\/div><\/div><div class=\"wp-block-getwid-content-timeline-item__point\"><div class=\"wp-block-getwid-content-timeline-item__point-content\"><\/div><\/div><div class=\"wp-block-getwid-content-timeline-item__meta\"><p class=\"wp-block-getwid-content-timeline-item__meta-content\">Es va crear el Consell Escolar Municipal de Blanes, que, per votaci\u00f3, va escollir Montserrat Orench com la primera representant del sector de fam\u00edlies de l&#8217;Escola Quatre Vents. <\/p><\/div><\/div><\/div>\n\n\n\n<div class=\"wp-block-getwid-content-timeline-item\"><div class=\"wp-block-getwid-content-timeline-item__wrapper\"><div class=\"wp-block-getwid-content-timeline-item__card\"><div class=\"wp-block-getwid-content-timeline-item__card-wrapper\"><div class=\"wp-block-getwid-content-timeline-item__content-wrapper\"><div class=\"wp-block-getwid-content-timeline-item__mobile-meta\"><p class=\"wp-block-getwid-content-timeline-item__meta-content\">El curs 2010-2011, l\u2019escola va celebrar el seu 25\u00e8 aniversari amb diferents actes.<\/p><\/div>\n<h3 class=\"wp-block-heading has-text-align-right\">Aniversari<\/h3>\n\n\n\n<p class=\"has-text-align-right\"><strong>2010<\/strong><\/p>\n\n\n\n<p class=\"has-text-align-right\"><a href=\"https:\/\/drive.google.com\/file\/d\/13EMeBr6aQmD7dNeNqQck-lfM6MsKj-p8\/view?usp=drive_link\" target=\"_blank\" rel=\"noreferrer noopener\">Veure imatges<\/a><\/p>\n<\/div><\/div><\/div><div class=\"wp-block-getwid-content-timeline-item__point\"><div class=\"wp-block-getwid-content-timeline-item__point-content\"><\/div><\/div><div class=\"wp-block-getwid-content-timeline-item__meta\"><p class=\"wp-block-getwid-content-timeline-item__meta-content\">El curs 2010-2011, l\u2019escola va celebrar el seu 25\u00e8 aniversari amb diferents actes.<\/p><\/div><\/div><\/div>\n<\/div><\/div>\n\n\n\n<div class=\"wp-block-getwid-advanced-spacer\" style=\"height:36px\" aria-hidden=\"true\"><\/div>\n\n\n\n<p class=\"has-text-align-center has-ast-global-color-8-color has-text-color has-link-color has-small-font-size wp-elements-af2bc61b2e4edaac211157777ce26adc\">Imatges (cedides per l&#8217;AMBL) i adaptaci\u00f3 del text de la Montserrat Orench Bernat, extrets de la revista del 25\u00e8 aniversari de l&#8217;escola Quatre Vents. Podeu llegir l&#8217;article complet clicant <strong><a href=\"https:\/\/drive.google.com\/file\/d\/12Yn-UjqiBaqISlrPrphOmoQPVx3GqEEE\/view?usp=drive_link\" target=\"_blank\" rel=\"noreferrer noopener\">aqu\u00ed<\/a><\/strong>.<\/p>\n","protected":false},"excerpt":{"rendered":"<p>&#8220;Cal recuperar, mantenir i transmetre la mem\u00f2ria hist\u00f2rica, perqu\u00e8 es comen\u00e7a per l&#8217;oblit i s&#8217;acaba amb la indifer\u00e8ncia&#8221; Jos\u00e9 Saramago [&hellip;]<\/p>\n","protected":false},"author":1,"featured_media":0,"parent":4463,"menu_order":9,"comment_status":"closed","ping_status":"closed","template":"","meta":{"_bbp_topic_count":0,"_bbp_reply_count":0,"_bbp_total_topic_count":0,"_bbp_total_reply_count":0,"_bbp_voice_count":0,"_bbp_anonymous_reply_count":0,"_bbp_topic_count_hidden":0,"_bbp_reply_count_hidden":0,"_bbp_forum_subforum_count":0,"site-sidebar-layout":"default","site-content-layout":"","ast-site-content-layout":"","site-content-style":"default","site-sidebar-style":"default","ast-global-header-display":"","ast-banner-title-visibility":"","ast-main-header-display":"","ast-hfb-above-header-display":"","ast-hfb-below-header-display":"","ast-hfb-mobile-header-display":"","site-post-title":"disabled","ast-breadcrumbs-content":"","ast-featured-img":"","footer-sml-layout":"","theme-transparent-header-meta":"","adv-header-id-meta":"","stick-header-meta":"","header-above-stick-meta":"","header-main-stick-meta":"","header-below-stick-meta":"","astra-migrate-meta-layouts":"default","ast-page-background-enabled":"default","ast-page-background-meta":{"desktop":{"background-color":"var(--ast-global-color-4)","background-image":"","background-repeat":"repeat","background-position":"center center","background-size":"auto","background-attachment":"scroll","background-type":"","background-media":"","overlay-type":"","overlay-color":"","overlay-opacity":"","overlay-gradient":""},"tablet":{"background-color":"","background-image":"","background-repeat":"repeat","background-position":"center center","background-size":"auto","background-attachment":"scroll","background-type":"","background-media":"","overlay-type":"","overlay-color":"","overlay-opacity":"","overlay-gradient":""},"mobile":{"background-color":"","background-image":"","background-repeat":"repeat","background-position":"center center","background-size":"auto","background-attachment":"scroll","background-type":"","background-media":"","overlay-type":"","overlay-color":"","overlay-opacity":"","overlay-gradient":""}},"ast-content-background-meta":{"desktop":{"background-color":"var(--ast-global-color-5)","background-image":"","background-repeat":"repeat","background-position":"center center","background-size":"auto","background-attachment":"scroll","background-type":"","background-media":"","overlay-type":"","overlay-color":"","overlay-opacity":"","overlay-gradient":""},"tablet":{"background-color":"var(--ast-global-color-5)","background-image":"","background-repeat":"repeat","background-position":"center center","background-size":"auto","background-attachment":"scroll","background-type":"","background-media":"","overlay-type":"","overlay-color":"","overlay-opacity":"","overlay-gradient":""},"mobile":{"background-color":"var(--ast-global-color-5)","background-image":"","background-repeat":"repeat","background-position":"center center","background-size":"auto","background-attachment":"scroll","background-type":"","background-media":"","overlay-type":"","overlay-color":"","overlay-opacity":"","overlay-gradient":""}},"footnotes":""},"class_list":["post-4470","page","type-page","status-publish","hentry"],"post_mailing_queue_ids":[],"_links":{"self":[{"href":"https:\/\/agora.xtec.cat\/ceip-quatre-vents\/wp-json\/wp\/v2\/pages\/4470","targetHints":{"allow":["GET"]}}],"collection":[{"href":"https:\/\/agora.xtec.cat\/ceip-quatre-vents\/wp-json\/wp\/v2\/pages"}],"about":[{"href":"https:\/\/agora.xtec.cat\/ceip-quatre-vents\/wp-json\/wp\/v2\/types\/page"}],"author":[{"embeddable":true,"href":"https:\/\/agora.xtec.cat\/ceip-quatre-vents\/wp-json\/wp\/v2\/users\/1"}],"replies":[{"embeddable":true,"href":"https:\/\/agora.xtec.cat\/ceip-quatre-vents\/wp-json\/wp\/v2\/comments?post=4470"}],"version-history":[{"count":6,"href":"https:\/\/agora.xtec.cat\/ceip-quatre-vents\/wp-json\/wp\/v2\/pages\/4470\/revisions"}],"predecessor-version":[{"id":5522,"href":"https:\/\/agora.xtec.cat\/ceip-quatre-vents\/wp-json\/wp\/v2\/pages\/4470\/revisions\/5522"}],"up":[{"embeddable":true,"href":"https:\/\/agora.xtec.cat\/ceip-quatre-vents\/wp-json\/wp\/v2\/pages\/4463"}],"wp:attachment":[{"href":"https:\/\/agora.xtec.cat\/ceip-quatre-vents\/wp-json\/wp\/v2\/media?parent=4470"}],"curies":[{"name":"wp","href":"https:\/\/api.w.org\/{rel}","templated":true}]}}