{"id":609,"date":"2021-04-22T10:00:14","date_gmt":"2021-04-22T08:00:14","guid":{"rendered":"https:\/\/agora.xtec.cat\/ceip-purisalas\/?page_id=609"},"modified":"2021-07-20T10:51:59","modified_gmt":"2021-07-20T08:51:59","slug":"atencio-a-la-divesitat","status":"publish","type":"page","link":"https:\/\/agora.xtec.cat\/ceip-purisalas\/atencio-a-la-divesitat\/","title":{"rendered":"Atenci\u00f3 a la divesitat"},"content":{"rendered":"<p>La necessitat d\u2019un canvi important cap a una escola m\u00e9s inclusiva s\u2019ha fet sentir amb m\u00e9s for\u00e7a en les \u00faltimes d\u00e8cades. La diversitat de l\u2019alumnat i la seva acollida \u00e9s una q\u00fcesti\u00f3 que cap sistema educatiu pot eludir avui dia.<\/p>\n<p>Partim de la base que una escola inclusiva \u00e9s aquella que acull tot l\u2019alumnat sense distinci\u00f3 per raons de condicions personals de capacitat i d\u2019origen \u00e8tnic, \u00e9s per aix\u00f2 que l\u2019escola ha d\u2019oferir a tot l\u2019alumnat les oportunitats educatives i ajudes curriculars, personals i materials necess\u00e0ries per al seu progr\u00e9s personal i acad\u00e8mic. L\u2019escola ha d\u2019assegurar la pres\u00e8ncia, participaci\u00f3 i progr\u00e9s de tot el seu alumnat. Cal, per tant, proporcionar als alumnes els mitjans per eliminar les barreres que puguin impedir la seva participaci\u00f3 en els centres ordinaris i, en la mesura del possible, dins del grup de refer\u00e8ncia.<\/p>\n<p>La nostra escola aposta molt per aquest aspecte com a eina pel treball que possibiliti la igualtat entre tot l\u2019alumnat i el treball des de la inclusi\u00f3.<\/p>\n<p>La CAD (Comissi\u00f3 d&#8217;Atenci\u00f3 a la Diversitat), formada per la psicopedagoga de l&#8217;EAP, la mestra d&#8217;Educaci\u00f3 Especial i la Cap d&#8217;Estudis juntament amb els\/les tutores referents, \u00e9s qui coordina i treballa per gestionar les demandes, donar suport i fer seguiment de l&#8217;alumnat amb NESE.<\/p>\n<p>Estem molt satisfets del treball realitzat en aquesta comissi\u00f3 i cada curs valorem m\u00e9s i millor la seva feina per la gran quantitat de casos atesos.<\/p>\n<p><img decoding=\"async\" src=\"https:\/\/www.purisalas.com\/wp-content\/uploads\/2018\/07\/IMATGE-ESCOLA-INCLUSIVAAGENDA-300x225.jpg\" \/><\/p>\n","protected":false},"excerpt":{"rendered":"<p>La necessitat d\u2019un canvi important cap a una escola m\u00e9s inclusiva s\u2019ha fet sentir amb m\u00e9s for\u00e7a en les \u00faltimes d\u00e8cades. La diversitat de l\u2019alumnat i la seva acollida \u00e9s una q\u00fcesti\u00f3 que cap sistema educatiu pot eludir avui dia.<br \/>\nPartim de la base que una&hellip;  <a href=\"https:\/\/agora.xtec.cat\/ceip-purisalas\/atencio-a-la-divesitat\/\" title=\"Read Atenci\u00f3 a la divesitat\">Llegeix m\u00e9s\u00bb<\/a><\/p>\n","protected":false},"author":4,"featured_media":0,"parent":0,"menu_order":0,"comment_status":"closed","ping_status":"closed","template":"","meta":{"_bbp_topic_count":0,"_bbp_reply_count":0,"_bbp_total_topic_count":0,"_bbp_total_reply_count":0,"_bbp_voice_count":0,"_bbp_anonymous_reply_count":0,"_bbp_topic_count_hidden":0,"_bbp_reply_count_hidden":0,"_bbp_forum_subforum_count":0,"footnotes":""},"class_list":["post-609","page","type-page","status-publish","hentry"],"post_mailing_queue_ids":[],"_links":{"self":[{"href":"https:\/\/agora.xtec.cat\/ceip-purisalas\/wp-json\/wp\/v2\/pages\/609","targetHints":{"allow":["GET"]}}],"collection":[{"href":"https:\/\/agora.xtec.cat\/ceip-purisalas\/wp-json\/wp\/v2\/pages"}],"about":[{"href":"https:\/\/agora.xtec.cat\/ceip-purisalas\/wp-json\/wp\/v2\/types\/page"}],"author":[{"embeddable":true,"href":"https:\/\/agora.xtec.cat\/ceip-purisalas\/wp-json\/wp\/v2\/users\/4"}],"replies":[{"embeddable":true,"href":"https:\/\/agora.xtec.cat\/ceip-purisalas\/wp-json\/wp\/v2\/comments?post=609"}],"version-history":[{"count":3,"href":"https:\/\/agora.xtec.cat\/ceip-purisalas\/wp-json\/wp\/v2\/pages\/609\/revisions"}],"predecessor-version":[{"id":907,"href":"https:\/\/agora.xtec.cat\/ceip-purisalas\/wp-json\/wp\/v2\/pages\/609\/revisions\/907"}],"wp:attachment":[{"href":"https:\/\/agora.xtec.cat\/ceip-purisalas\/wp-json\/wp\/v2\/media?parent=609"}],"curies":[{"name":"wp","href":"https:\/\/api.w.org\/{rel}","templated":true}]}}