{"id":522,"date":"2021-04-15T10:30:05","date_gmt":"2021-04-15T08:30:05","guid":{"rendered":"https:\/\/agora.xtec.cat\/ceip-purisalas\/?page_id=522"},"modified":"2021-07-14T13:13:02","modified_gmt":"2021-07-14T11:13:02","slug":"carta-compromis-educatiu","status":"publish","type":"page","link":"https:\/\/agora.xtec.cat\/ceip-purisalas\/documents\/carta-compromis-educatiu\/","title":{"rendered":"Carta comprom\u00eds educatiu"},"content":{"rendered":"<p style=\"margin-top: 0.85em; margin-bottom: 0.85em; border: 0px #e1e1e1; font-variant-numeric: inherit; font-variant-east-asian: inherit; font-stretch: inherit; font-size: 13px; line-height: inherit; font-family: 'open sans', HelveticaNeue, 'Helvetica Neue', Helvetica-Neue, Helvetica, Arial, sans-serif; vertical-align: baseline; color: #666666;\">La\u00a0<strong>carta de comprom\u00eds educatiu\u00a0<\/strong>\u00e9s un document que t\u00e9 com a finalitat potenciar la comunicaci\u00f3, la participaci\u00f3, la implicaci\u00f3, el comprom\u00eds i la corresponsabilitat entre els centres i les fam\u00edlies en l\u2019educaci\u00f3 d\u2019infants i joves.<\/p>\n<p style=\"margin-top: 0.85em; margin-bottom: 0.85em; border: 0px #e1e1e1; font-variant-numeric: inherit; font-variant-east-asian: inherit; font-stretch: inherit; font-size: 13px; line-height: inherit; font-family: 'open sans', HelveticaNeue, 'Helvetica Neue', Helvetica-Neue, Helvetica, Arial, sans-serif; vertical-align: baseline; color: #666666;\">Aquest document l\u2019han de signar el pare, mare, tutor o tutora legal de l\u2019alumne o alumna i la direcci\u00f3 del centre educatiu p\u00fablic\u00a0 en el moment de la matr\u00edcula.<\/p>\n<p><a href=\"https:\/\/agora.xtec.cat\/ceip-purisalas\/wp-content\/uploads\/usu2458\/2021\/07\/carta-comprom\u00eds-educatiu.pdf\"><img loading=\"lazy\" decoding=\"async\" class=\"aligncenter\" src=\"https:\/\/images.gestionaweb.cat\/2316\/imgf-1200-630\/escola-i-familia-1438784.png\" alt=\"Carta comprom\u00eds educatiu - Escola L\u00f3pez Torrej\u00f3n\" width=\"395\" height=\"207\" \/><\/a><\/p>\n","protected":false},"excerpt":{"rendered":"<p>La\u00a0carta de comprom\u00eds educatiu\u00a0\u00e9s un document que t\u00e9 com a finalitat potenciar la comunicaci\u00f3, la participaci\u00f3, la implicaci\u00f3, el comprom\u00eds i la corresponsabilitat entre els centres i les fam\u00edlies en l\u2019educaci\u00f3 d\u2019infants i joves.<br \/>\nAquest document l\u2019han de signar el pare, mare, tutor o tutora legal&hellip;  <a href=\"https:\/\/agora.xtec.cat\/ceip-purisalas\/documents\/carta-compromis-educatiu\/\" title=\"Read Carta comprom\u00eds educatiu\">Llegeix m\u00e9s\u00bb<\/a><\/p>\n","protected":false},"author":4,"featured_media":0,"parent":516,"menu_order":0,"comment_status":"closed","ping_status":"closed","template":"","meta":{"_bbp_topic_count":0,"_bbp_reply_count":0,"_bbp_total_topic_count":0,"_bbp_total_reply_count":0,"_bbp_voice_count":0,"_bbp_anonymous_reply_count":0,"_bbp_topic_count_hidden":0,"_bbp_reply_count_hidden":0,"_bbp_forum_subforum_count":0,"footnotes":""},"class_list":["post-522","page","type-page","status-publish","hentry"],"post_mailing_queue_ids":[],"_links":{"self":[{"href":"https:\/\/agora.xtec.cat\/ceip-purisalas\/wp-json\/wp\/v2\/pages\/522","targetHints":{"allow":["GET"]}}],"collection":[{"href":"https:\/\/agora.xtec.cat\/ceip-purisalas\/wp-json\/wp\/v2\/pages"}],"about":[{"href":"https:\/\/agora.xtec.cat\/ceip-purisalas\/wp-json\/wp\/v2\/types\/page"}],"author":[{"embeddable":true,"href":"https:\/\/agora.xtec.cat\/ceip-purisalas\/wp-json\/wp\/v2\/users\/4"}],"replies":[{"embeddable":true,"href":"https:\/\/agora.xtec.cat\/ceip-purisalas\/wp-json\/wp\/v2\/comments?post=522"}],"version-history":[{"count":3,"href":"https:\/\/agora.xtec.cat\/ceip-purisalas\/wp-json\/wp\/v2\/pages\/522\/revisions"}],"predecessor-version":[{"id":852,"href":"https:\/\/agora.xtec.cat\/ceip-purisalas\/wp-json\/wp\/v2\/pages\/522\/revisions\/852"}],"up":[{"embeddable":true,"href":"https:\/\/agora.xtec.cat\/ceip-purisalas\/wp-json\/wp\/v2\/pages\/516"}],"wp:attachment":[{"href":"https:\/\/agora.xtec.cat\/ceip-purisalas\/wp-json\/wp\/v2\/media?parent=522"}],"curies":[{"name":"wp","href":"https:\/\/api.w.org\/{rel}","templated":true}]}}