{"id":84,"date":"2014-09-18T14:11:31","date_gmt":"2014-09-18T13:11:31","guid":{"rendered":"http:\/\/agora.xtec.cat\/ceip-puigventos\/?page_id=84"},"modified":"2024-02-05T09:24:31","modified_gmt":"2024-02-05T08:24:31","slug":"activitats-extraescolars","status":"publish","type":"page","link":"https:\/\/agora.xtec.cat\/ceip-puigventos\/serveis\/activitats-extraescolars\/","title":{"rendered":"Activitats extraescolars"},"content":{"rendered":"<p>Les activitats s\u2019organitzaran en funci\u00f3 de les inscripcions rebudes amb un m\u00ednim de 8 i un m\u00e0xim de 15 inscripcions per grup i activitat.<\/p>\n<p>Les inscripcions es realitzaran a traves de la web\u00a0<a href=\"https:\/\/afapuigventos.cat\/\">afapuigventos.cat<\/a><\/p>\n<p>Caldr\u00e0 ser soci de L\u2019AFA per fer \u00fas del servei d\u2019Extraescolars<\/p>\n<p>&nbsp;<\/p>\n<h4>Inicial (Comunitat de Petits)<\/h4>\n<p><em><a class=\"collapsed\" href=\"https:\/\/afapuigventos.cat\/extraescolars\/#acc-tab-accordion-c9521beb65e48074eff9d46153ed38e1-1\" data-toggle=\"collapse\" data-parent=\"#accordion-c9521beb65e48074eff9d46153ed38e1\" aria-expanded=\"false\" aria-controls=\"acc-tab-accordion-c9521beb65e48074eff9d46153ed38e1-1\">Activitats ludicoesportives (Dilluns 16:30-18:00):<\/a>\u00a0Jocs i esports adaptats als infants d\u2019infantil per desenvolupar i treballar les habilitats motrius i fomentar la interrelaci\u00f3 i la cooperaci\u00f3.<\/em><\/p>\n<p><a class=\"collapsed\" href=\"https:\/\/afapuigventos.cat\/extraescolars\/#acc-tab-accordion-c9521beb65e48074eff9d46153ed38e1-2\" data-toggle=\"collapse\" data-parent=\"#accordion-c9521beb65e48074eff9d46153ed38e1\" aria-expanded=\"false\" aria-controls=\"acc-tab-accordion-c9521beb65e48074eff9d46153ed38e1-2\">Play&amp;Learn\u00a0<em>(Dilluns 16:30-18:00):\u00a0<\/em><\/a>Jocs i can\u00e7ons en angl\u00e8s per aprendre l\u2019idioma d\u2019una manera din\u00e0mica i divertida.<\/p>\n<p><a class=\"collapsed\" href=\"https:\/\/afapuigventos.cat\/extraescolars\/#acc-tab-accordion-c9521beb65e48074eff9d46153ed38e1-3\" data-toggle=\"collapse\" data-parent=\"#accordion-c9521beb65e48074eff9d46153ed38e1\" aria-expanded=\"false\" aria-controls=\"acc-tab-accordion-c9521beb65e48074eff9d46153ed38e1-3\">Gimn\u00e0stica R\u00edtmica\u00a0<em>(Dimarts 16:30-18:00): <\/em><\/a>La Gimn\u00e0stica R\u00edtmica es un esport qie combina elements de ballet, gimn\u00e0stica i dansa, aix\u00ed com l&#8217;\u00fas de diversos mecanismes com son la corda, el c\u00e8rcol, la pilota, les masses i la cinta. Desenvolupa la coordinaci\u00f3, l&#8217;harmonia, la gr\u00e0cia i la bellesa a trav\u00e9s de moviments creatius.<\/p>\n<p><a class=\"collapsed\" href=\"https:\/\/afapuigventos.cat\/extraescolars\/#acc-tab-accordion-c9521beb65e48074eff9d46153ed38e1-4\" data-toggle=\"collapse\" data-parent=\"#accordion-c9521beb65e48074eff9d46153ed38e1\" aria-expanded=\"false\" aria-controls=\"acc-tab-accordion-c9521beb65e48074eff9d46153ed38e1-4\">Programaci\u00f3 i Rob\u00f2tica\u00a0<em>(Dimarts 16:30-18:00): <\/em><\/a>Activitat que proposa reptes de construcci\u00f3, programaci\u00f3 i consens, mitjan\u00e7ant el treball en grup, sempre de manera divertida i respectant els ritmes i les edats. Cada trimestre els infants treballaran una especialitzaci\u00f3: Rob\u00f2tica, Programaci\u00f3 i Impressi\u00f3 3D.<strong>* Recordem que aquesta activitat la f\u00e0 una empresa externa que ofereix aquests serveis a trav\u00e9s de l&#8217;AFA Puigvent\u00f3s.<\/strong><\/p>\n<p><a class=\"collapsed\" href=\"https:\/\/afapuigventos.cat\/extraescolars\/#acc-tab-accordion-c9521beb65e48074eff9d46153ed38e1-5\" data-toggle=\"collapse\" data-parent=\"#accordion-c9521beb65e48074eff9d46153ed38e1\" aria-expanded=\"false\" aria-controls=\"acc-tab-accordion-c9521beb65e48074eff9d46153ed38e1-5\">Ci\u00e8ncia divertida\u00a0<em>(Dimecres 16:30-18:00): <\/em><\/a>Acostem als infants a la ci\u00e8ncia d\u2019una forma divertida on treballarem un munt d\u2019experiments.<\/p>\n<p><a class=\"collapsed\" href=\"https:\/\/afapuigventos.cat\/extraescolars\/#acc-tab-accordion-c9521beb65e48074eff9d46153ed38e1-6\" data-toggle=\"collapse\" data-parent=\"#accordion-c9521beb65e48074eff9d46153ed38e1\" aria-expanded=\"false\" aria-controls=\"acc-tab-accordion-c9521beb65e48074eff9d46153ed38e1-6\">Coral <em>(Dijous 16:30-18:00):<\/em><\/a> treballem l&#8217;instrument m\u00e9s important que tenim, la veu.<\/p>\n<p><a class=\"collapsed\" href=\"https:\/\/afapuigventos.cat\/extraescolars\/#acc-tab-accordion-c9521beb65e48074eff9d46153ed38e1-7\" data-toggle=\"collapse\" data-parent=\"#accordion-c9521beb65e48074eff9d46153ed38e1\" aria-expanded=\"false\" aria-controls=\"acc-tab-accordion-c9521beb65e48074eff9d46153ed38e1-7\">Ball modern\u00a0<em>(Divendres 16:30-18:00)<\/em><\/a>: El ball \u00e9s una de les t\u00e8cniques m\u00e9s complertes on treballem l\u2019o\u00efda, equilibri, expressi\u00f3 corporal&#8230;. mitjan\u00e7ant despla\u00e7aments, moviments del cos, ritme, espai, color.<\/p>\n<p><a class=\"\" href=\"https:\/\/afapuigventos.cat\/extraescolars\/#acc-tab-accordion-c9521beb65e48074eff9d46153ed38e1-8\" data-toggle=\"collapse\" data-parent=\"#accordion-c9521beb65e48074eff9d46153ed38e1\" aria-expanded=\"false\" aria-controls=\"acc-tab-accordion-c9521beb65e48074eff9d46153ed38e1-8\">Judo\u00a0<em>(Divendres 16:30-18:00)<\/em><\/a>: Art marcial japon\u00e8s on, amb la pr\u00e0ctica, es desenvolupar\u00e0 una activitat f\u00edsica, mental i emocional.<\/p>\n<h3 class=\"fw-special-title\">Prim\u00e0ria (Comunitat de Mitjans, Grans i M\u00e9s Grans)<\/h3>\n<p><a class=\"collapsed\" href=\"https:\/\/afapuigventos.cat\/extraescolars\/#acc-tab-accordion-cdf8322bd465718b727dddecf1c8ea06-1\" data-toggle=\"collapse\" data-parent=\"#accordion-cdf8322bd465718b727dddecf1c8ea06\" aria-expanded=\"false\" aria-controls=\"acc-tab-accordion-cdf8322bd465718b727dddecf1c8ea06-1\">Activitat l\u00fadicoesportiva\u00a0<em>(Dilluns 16:30-18:00)<\/em><\/a>: Els infants coneixeran diferents jocs i esports que es practiquen en grup, fomentant aix\u00ed la interrelaci\u00f3 i la cooperaci\u00f3.<\/p>\n<p><a class=\"collapsed\" href=\"https:\/\/afapuigventos.cat\/extraescolars\/#acc-tab-accordion-c9521beb65e48074eff9d46153ed38e1-2\" data-toggle=\"collapse\" data-parent=\"#accordion-c9521beb65e48074eff9d46153ed38e1\" aria-expanded=\"false\" aria-controls=\"acc-tab-accordion-c9521beb65e48074eff9d46153ed38e1-2\">Play&amp;Learn\u00a0<em>(Dilluns 16:30-18:00):\u00a0<\/em><\/a>Jocs i can\u00e7ons en angl\u00e8s per aprendre l\u2019idioma d\u2019una manera din\u00e0mica i divertida.<\/p>\n<p><a class=\"collapsed\" href=\"https:\/\/afapuigventos.cat\/extraescolars\/#acc-tab-accordion-cdf8322bd465718b727dddecf1c8ea06-3\" data-toggle=\"collapse\" data-parent=\"#accordion-cdf8322bd465718b727dddecf1c8ea06\" aria-expanded=\"false\" aria-controls=\"acc-tab-accordion-cdf8322bd465718b727dddecf1c8ea06-3\">Iniciaci\u00f3 a la Gimn\u00e0stica R\u00edtmica\u00a0<em>( Dijous 16:30-18:00)<\/em><\/a>: La Gimn\u00e0stica R\u00edtmica es un esport qie combina elements de ballet, gimn\u00e0stica i dansa, aix\u00ed com l&#8217;\u00fas de diversos mecanismes com son la corda, el c\u00e8rcol, la pilota, les masses i la cinta. Desenvolupa la coordinaci\u00f3, l&#8217;harmonia, la gr\u00e0cia i la bellesa a trav\u00e9s de moviments creatius.<\/p>\n<p><a class=\"collapsed\" href=\"https:\/\/afapuigventos.cat\/extraescolars\/#acc-tab-accordion-c9521beb65e48074eff9d46153ed38e1-4\" data-toggle=\"collapse\" data-parent=\"#accordion-c9521beb65e48074eff9d46153ed38e1\" aria-expanded=\"false\" aria-controls=\"acc-tab-accordion-c9521beb65e48074eff9d46153ed38e1-4\">Programaci\u00f3 i Rob\u00f2tica\u00a0<em>(Dimarts 16:30-18:00): <\/em><\/a>Activitat que proposa reptes de construcci\u00f3, programaci\u00f3 i consens, mitjan\u00e7ant el treball en grup, sempre de manera divertida i respectant els ritmes i les edats. Cada trimestre els infants treballaran una especialitzaci\u00f3: Rob\u00f2tica, Programaci\u00f3 i Impressi\u00f3 3D.<strong>* Recordem que aquesta activitat la f\u00e0 una empresa externa que ofereix aquests serveis a trav\u00e9s de l&#8217;AFA Puigvent\u00f3s.<\/strong><\/p>\n<p><a class=\"collapsed\" href=\"https:\/\/afapuigventos.cat\/extraescolars\/#acc-tab-accordion-c9521beb65e48074eff9d46153ed38e1-5\" data-toggle=\"collapse\" data-parent=\"#accordion-c9521beb65e48074eff9d46153ed38e1\" aria-expanded=\"false\" aria-controls=\"acc-tab-accordion-c9521beb65e48074eff9d46153ed38e1-5\">Ci\u00e8ncia divertida\u00a0<em>(Dimecres 16:30-18:00): <\/em><\/a>Acostem als infants a la ci\u00e8ncia d\u2019una forma divertida on treballarem un munt d\u2019experiments.<\/p>\n<p><a class=\"collapsed\" href=\"https:\/\/afapuigventos.cat\/extraescolars\/#acc-tab-accordion-c9521beb65e48074eff9d46153ed38e1-6\" data-toggle=\"collapse\" data-parent=\"#accordion-c9521beb65e48074eff9d46153ed38e1\" aria-expanded=\"false\" aria-controls=\"acc-tab-accordion-c9521beb65e48074eff9d46153ed38e1-6\">Coral <em>(Dijous 16:30-18:00):<\/em><\/a> treballem l&#8217;instrument m\u00e9s important que tenim, la veu.<\/p>\n<p><a class=\"collapsed\" href=\"https:\/\/afapuigventos.cat\/extraescolars\/#acc-tab-accordion-cdf8322bd465718b727dddecf1c8ea06-7\" data-toggle=\"collapse\" data-parent=\"#accordion-cdf8322bd465718b727dddecf1c8ea06\" aria-expanded=\"false\" aria-controls=\"acc-tab-accordion-cdf8322bd465718b727dddecf1c8ea06-7\">Fem c\u00f2mics\u00a0<em>(Divendres 16:30-18:00):<\/em><\/a> Ens aventurem a la creaci\u00f3 d&#8217;un c\u00f2mic desenvolupant la imaginaci\u00f3, creaci\u00f3 de personatges i el desenvolupament de l&#8217;estructura per realitzar-ho.<\/p>\n<p><a class=\"\" href=\"https:\/\/afapuigventos.cat\/extraescolars\/#acc-tab-accordion-c9521beb65e48074eff9d46153ed38e1-8\" data-toggle=\"collapse\" data-parent=\"#accordion-c9521beb65e48074eff9d46153ed38e1\" aria-expanded=\"false\" aria-controls=\"acc-tab-accordion-c9521beb65e48074eff9d46153ed38e1-8\">Judo\u00a0<em>(Divendres 16:30-18:00)<\/em><\/a>: Art marcial japon\u00e8s on, amb la pr\u00e0ctica, es desenvolupar\u00e0 una activitat f\u00edsica, mental i emocional.<\/p>\n<p>Per a m\u00e9s informaci\u00f3 entreu a la web a trav\u00e9s de la web <a href=\"https:\/\/afapuigventos.cat\/\">afapuigventos.cat<\/a><\/p>\n","protected":false},"excerpt":{"rendered":"<p>Les activitats s\u2019organitzaran en funci\u00f3 de les inscripcions rebudes amb un m\u00ednim de 8 i un m\u00e0xim de 15 inscripcions per grup i activitat.<br \/>\nLes inscripcions es realitzaran a traves de la web\u00a0<a href=\"https:\/\/afapuigventos.cat\/\">afapuigventos.cat<\/a><br \/>\nCaldr\u00e0 ser soci de L\u2019AFA per fer \u00fas del servei d\u2019Extraescolars<br \/>\n&nbsp;<br \/>\nInicial (Comunitat de&hellip;  <a href=\"https:\/\/agora.xtec.cat\/ceip-puigventos\/serveis\/activitats-extraescolars\/\" title=\"Read Activitats extraescolars\">Llegeix m\u00e9s\u00bb<\/a><\/p>\n","protected":false},"author":1,"featured_media":0,"parent":66,"menu_order":60,"comment_status":"closed","ping_status":"closed","template":"page-templates\/side-menu.php","meta":{"_bbp_topic_count":0,"_bbp_reply_count":0,"_bbp_total_topic_count":0,"_bbp_total_reply_count":0,"_bbp_voice_count":0,"_bbp_anonymous_reply_count":0,"_bbp_topic_count_hidden":0,"_bbp_reply_count_hidden":0,"_bbp_forum_subforum_count":0,"footnotes":""},"class_list":["post-84","page","type-page","status-publish","hentry"],"post_mailing_queue_ids":[],"_links":{"self":[{"href":"https:\/\/agora.xtec.cat\/ceip-puigventos\/wp-json\/wp\/v2\/pages\/84","targetHints":{"allow":["GET"]}}],"collection":[{"href":"https:\/\/agora.xtec.cat\/ceip-puigventos\/wp-json\/wp\/v2\/pages"}],"about":[{"href":"https:\/\/agora.xtec.cat\/ceip-puigventos\/wp-json\/wp\/v2\/types\/page"}],"author":[{"embeddable":true,"href":"https:\/\/agora.xtec.cat\/ceip-puigventos\/wp-json\/wp\/v2\/users\/1"}],"replies":[{"embeddable":true,"href":"https:\/\/agora.xtec.cat\/ceip-puigventos\/wp-json\/wp\/v2\/comments?post=84"}],"version-history":[{"count":4,"href":"https:\/\/agora.xtec.cat\/ceip-puigventos\/wp-json\/wp\/v2\/pages\/84\/revisions"}],"predecessor-version":[{"id":6393,"href":"https:\/\/agora.xtec.cat\/ceip-puigventos\/wp-json\/wp\/v2\/pages\/84\/revisions\/6393"}],"up":[{"embeddable":true,"href":"https:\/\/agora.xtec.cat\/ceip-puigventos\/wp-json\/wp\/v2\/pages\/66"}],"wp:attachment":[{"href":"https:\/\/agora.xtec.cat\/ceip-puigventos\/wp-json\/wp\/v2\/media?parent=84"}],"curies":[{"name":"wp","href":"https:\/\/api.w.org\/{rel}","templated":true}]}}