{"id":71,"date":"2014-09-18T12:44:56","date_gmt":"2014-09-18T11:44:56","guid":{"rendered":"http:\/\/agora.xtec.cat\/ceip-puigventos\/?page_id=71"},"modified":"2024-02-14T13:18:06","modified_gmt":"2024-02-14T12:18:06","slug":"serveis-digitals","status":"publish","type":"page","link":"https:\/\/agora.xtec.cat\/ceip-puigventos\/serveis\/serveis-digitals\/","title":{"rendered":"Activitats amb les Fam\u00edlies"},"content":{"rendered":"<p class=\"CDt4Ke zfr3Q\" dir=\"ltr\"><span class=\" puwcIf\"><strong>LA PARTICIPACI\u00d3 DE LES FAM\u00cdLIES<\/strong><\/span><\/p>\n<p class=\"CDt4Ke zfr3Q\" dir=\"ltr\"><span class=\" jgG6ef\">L\u2019escola \u00e9s un espai de confian\u00e7a i d\u2019acompanyament, no nom\u00e9s dels infants sin\u00f3 tamb\u00e9 de les fam\u00edlies. Som una escola oberta i apostem per la conviv\u00e8ncia i el di\u00e0leg, el treball amb xarxa i sobretot per la implicaci\u00f3 de tothom. La nostra AMPA \u00e9s molt participativa i compromesa en la vida del centre i tamb\u00e9 en la del nostre municipi.<\/span><\/p>\n<p dir=\"ltr\">Implicats en:<\/p>\n<p dir=\"ltr\"><strong>Les Festes<\/strong><\/p>\n<p dir=\"ltr\"><img loading=\"lazy\" decoding=\"async\" class=\"\" src=\"https:\/\/lh6.googleusercontent.com\/FZ-s4209ZTULHAYX2e6hc5JyvFO-LKFWXURBgsRVwr648281I3_Fx1nOvnE-UF3KlFT0B7-zUn1PFxLL2bDz-AZ3oKA72etDPpKGQ2WbdSThIRvRvCrjgBAxPwgrg1VsQQ=w1280\" width=\"342\" height=\"342\" \/><\/p>\n<p dir=\"ltr\">\n<p dir=\"ltr\"><strong>Pati de l&#8217;escola<\/strong><\/p>\n<p dir=\"ltr\"><strong><br \/>\n<img loading=\"lazy\" decoding=\"async\" class=\"alignleft\" src=\"https:\/\/lh3.googleusercontent.com\/qL24DW7LZC8_ETM6Ir3RVH3DCig-wQsB2fHlntPy2nnObiuPdqRyAAHV9qs-KDY8A759pbQ80nfGqwRa0mi45g2lZC-kXnUBvEBygpV-CMb32Nz_3lqfN7aX4rT9BJGIrg=w1280\" alt=\"\" width=\"356\" height=\"356\" \/><\/strong><\/p>\n<p dir=\"ltr\">\n<p dir=\"ltr\">\n<p dir=\"ltr\">\n<p dir=\"ltr\">\n<p dir=\"ltr\">\n<p dir=\"ltr\">\n<p dir=\"ltr\">\n<p dir=\"ltr\">\n<p dir=\"ltr\"><strong>Activitats extraescolars<\/strong><\/p>\n<p dir=\"ltr\"><img loading=\"lazy\" decoding=\"async\" class=\"\" src=\"https:\/\/lh4.googleusercontent.com\/wy53Q9zo0fzi_Q9pyRTnDOwRmG6ymla8L12blplEovFOTQ0FbPwypH2ZcirHsxemA5t-aXMWdbLWz8__Bg69JT0cyD3luK66RwQC7YR97hB964SLaMeCJNpL6K7nHzAQRw=w1280\" width=\"356\" height=\"356\" \/><\/p>\n<p dir=\"ltr\"><strong>Decoraci\u00f3<\/strong><\/p>\n<p dir=\"ltr\"><img loading=\"lazy\" decoding=\"async\" class=\"alignleft\" src=\"https:\/\/lh3.googleusercontent.com\/Rmipi1BUmieVz_MXbBpW7QaqdwKCbbvHa7g1UxQDV9mZeYAGbJjLLO3RajwCopkPfXcnFefKTHMO2phEfSXjA6h6AKReql-wzCdRbnj2xLU5KqOiq50CukNAaTsgBMRKEg=w1280\" width=\"342\" height=\"342\" \/><\/p>\n<p dir=\"ltr\">\n<p dir=\"ltr\">\n<p dir=\"ltr\">\n<p dir=\"ltr\">\n<p dir=\"ltr\">\n<p dir=\"ltr\">\n<p dir=\"ltr\">\n<p dir=\"ltr\">\n<p dir=\"ltr\">\n<p dir=\"ltr\"><strong>Teatre<\/strong><\/p>\n<p dir=\"ltr\"><img loading=\"lazy\" decoding=\"async\" class=\"alignleft\" src=\"https:\/\/lh5.googleusercontent.com\/1AUsiuGVTrPMa4B9LiDJ10cK3WL2G6Gtfx5XfxNbm2Fv7_TZDRTxd4j-0ektu-Y9uA9h341a4RC0iUrf0SXgC7rDPYc3Zf19Kmrpgv1BHIC9g9RTrSLbOsLLN70_Cb9z2A=w1280\" width=\"379\" height=\"213\" \/><\/p>\n<p dir=\"ltr\">\n<p dir=\"ltr\">\n<p dir=\"ltr\">\n<p dir=\"ltr\">\n<p dir=\"ltr\">\n<p dir=\"ltr\">\n<p dir=\"ltr\"><strong>Activitats a l&#8217;entorn<\/strong><\/p>\n<p dir=\"ltr\"><img loading=\"lazy\" decoding=\"async\" class=\"alignleft\" src=\"https:\/\/lh3.googleusercontent.com\/oHPGWDzweL-FX27C-sdtwlPrOPcy5QK5HBCAKuy5xn1zdHP4b2Ig8Ft1UbschHJOYid8hfFXclk5i-MwiHn7Trwq4v06POpJFDr2u3NgD3mv99rLHHMAyNUFBN8KxtjNkA=w1280\" width=\"367\" height=\"367\" \/><\/p>\n<p dir=\"ltr\">\n<p dir=\"ltr\">\n<p dir=\"ltr\">\n<p dir=\"ltr\">\n<p dir=\"ltr\">\n<p dir=\"ltr\">\n<p dir=\"ltr\">\n<p dir=\"ltr\">\n<p dir=\"ltr\">\n<p dir=\"ltr\"><strong>Participaci\u00f3 i comprom\u00eds<\/strong><\/p>\n<p dir=\"ltr\"><img loading=\"lazy\" decoding=\"async\" class=\"alignleft\" src=\"https:\/\/lh3.googleusercontent.com\/vwyhjKfiy-kK5i5uSnI7ue5ZHeII3NKhU8wde9Nbgo0KMVz-95Ky5Akr1jsBtM-mn-w2kUDTMbATrz-xswj75n5_8zXDWumohFe0Wq8sajMMozhAdCLVD3hq1as7WwCxnQ=w1280\" width=\"362\" height=\"362\" \/><\/p>\n<p dir=\"ltr\">\n<p dir=\"ltr\">\n<p dir=\"ltr\">\n<p dir=\"ltr\">\n<p dir=\"ltr\">\n<p dir=\"ltr\">\n<p dir=\"ltr\">\n<p dir=\"ltr\">\n<p dir=\"ltr\">\n<p dir=\"ltr\">\n","protected":false},"excerpt":{"rendered":"<p>LA PARTICIPACI\u00d3 DE LES FAM\u00cdLIES<br \/>\nL\u2019escola \u00e9s un espai de confian\u00e7a i d\u2019acompanyament, no nom\u00e9s dels infants sin\u00f3 tamb\u00e9 de les fam\u00edlies. Som una escola oberta i apostem per la conviv\u00e8ncia i el di\u00e0leg, el treball amb xarxa i sobretot per la implicaci\u00f3 de tothom. La&hellip;  <a href=\"https:\/\/agora.xtec.cat\/ceip-puigventos\/serveis\/serveis-digitals\/\" title=\"Read Activitats amb les Fam\u00edlies\">Llegeix m\u00e9s\u00bb<\/a><\/p>\n","protected":false},"author":1,"featured_media":0,"parent":66,"menu_order":10,"comment_status":"closed","ping_status":"closed","template":"page-templates\/side-menu.php","meta":{"_bbp_topic_count":0,"_bbp_reply_count":0,"_bbp_total_topic_count":0,"_bbp_total_reply_count":0,"_bbp_voice_count":0,"_bbp_anonymous_reply_count":0,"_bbp_topic_count_hidden":0,"_bbp_reply_count_hidden":0,"_bbp_forum_subforum_count":0,"footnotes":""},"class_list":["post-71","page","type-page","status-publish","hentry"],"post_mailing_queue_ids":[],"_links":{"self":[{"href":"https:\/\/agora.xtec.cat\/ceip-puigventos\/wp-json\/wp\/v2\/pages\/71","targetHints":{"allow":["GET"]}}],"collection":[{"href":"https:\/\/agora.xtec.cat\/ceip-puigventos\/wp-json\/wp\/v2\/pages"}],"about":[{"href":"https:\/\/agora.xtec.cat\/ceip-puigventos\/wp-json\/wp\/v2\/types\/page"}],"author":[{"embeddable":true,"href":"https:\/\/agora.xtec.cat\/ceip-puigventos\/wp-json\/wp\/v2\/users\/1"}],"replies":[{"embeddable":true,"href":"https:\/\/agora.xtec.cat\/ceip-puigventos\/wp-json\/wp\/v2\/comments?post=71"}],"version-history":[{"count":3,"href":"https:\/\/agora.xtec.cat\/ceip-puigventos\/wp-json\/wp\/v2\/pages\/71\/revisions"}],"predecessor-version":[{"id":6568,"href":"https:\/\/agora.xtec.cat\/ceip-puigventos\/wp-json\/wp\/v2\/pages\/71\/revisions\/6568"}],"up":[{"embeddable":true,"href":"https:\/\/agora.xtec.cat\/ceip-puigventos\/wp-json\/wp\/v2\/pages\/66"}],"wp:attachment":[{"href":"https:\/\/agora.xtec.cat\/ceip-puigventos\/wp-json\/wp\/v2\/media?parent=71"}],"curies":[{"name":"wp","href":"https:\/\/api.w.org\/{rel}","templated":true}]}}