{"id":650,"date":"2023-02-07T20:31:09","date_gmt":"2023-02-07T19:31:09","guid":{"rendered":"https:\/\/agora.xtec.cat\/ceip-puigventos\/?page_id=650"},"modified":"2024-05-27T15:30:00","modified_gmt":"2024-05-27T13:30:00","slug":"inclusio-siei","status":"publish","type":"page","link":"https:\/\/agora.xtec.cat\/ceip-puigventos\/projecte-educatiu\/inclusio-siei\/","title":{"rendered":"Inclusi\u00f3 (SIEI)"},"content":{"rendered":"<div class=\"oKdM2c ZZyype Kzv0Me\">\n<div id=\"h.78d4acafa4d48b56_53\" class=\"hJDwNd-AhqUyc-OwsYgb Ft7HRd-AhqUyc-OwsYgb jXK9ad D2fZ2 zu5uec OjCsFc dmUFtb JYTMs\">\n<div class=\"jXK9ad-SmKAyb\">\n<div class=\"tyJCtd mGzaTb Depvyb baZpAe\">\n<h5 class=\"CjVfdc\">SIEI<\/h5>\n<p><span style=\"font-weight: 400;\">Que ofereix el Suport Intensiu a l\u2019Escolaritzaci\u00f3 Inclusiva?<\/span><\/p>\n<p><span style=\"font-weight: 400;\">A l\u2019escola Puigvent\u00f3s ens centrem majorit\u00e0riament en proporcionar suport personal i plantejar mesures individualitzades dintre de l\u2019aula, tot i qu\u00e8 tamb\u00e9 realitzem sessions de tallers de pl\u00e0stica, m\u00fasica i jocs de taula en petit grup, on participen els companys i companyes de l\u2019alumnat que rep aquest suport .\u00a0<\/span><\/p>\n<p><span style=\"font-weight: 400;\">Tanmateix duem a terme activitats espec\u00edfiques per afavorir el desenvolupament personal, social i acad\u00e8mic del nostre alumnat.<\/span><\/p>\n<p><span style=\"font-weight: 400;\">Aqu\u00ed us deixem un v\u00eddeo on podeu veure la nostra intervenci\u00f3.<\/span><\/p>\n<\/div>\n<\/div>\n<\/div>\n<\/div>\n<div class=\"oKdM2c ZZyype\">\n<div id=\"h.78d4acafa4d48b56_55\" class=\"hJDwNd-AhqUyc-OwsYgb Ft7HRd-AhqUyc-OwsYgb jXK9ad D2fZ2 zu5uec wHaque g5GTcb JYTMs\">\n<div class=\"jXK9ad-SmKAyb\">\n<div class=\"tyJCtd mGzaTb Depvyb baZpAe\">\n<p><iframe loading=\"lazy\" title=\"SIEI\" width=\"500\" height=\"281\" src=\"https:\/\/www.youtube.com\/embed\/sabwJH5rGu8?feature=oembed\" frameborder=\"0\" allow=\"accelerometer; autoplay; clipboard-write; encrypted-media; gyroscope; picture-in-picture; web-share\" referrerpolicy=\"strict-origin-when-cross-origin\" allowfullscreen><\/iframe><\/p>\n<\/div>\n<\/div>\n<\/div>\n<\/div>\n","protected":false},"excerpt":{"rendered":"<p>SIEI<br \/>\nQue ofereix el Suport Intensiu a l\u2019Escolaritzaci\u00f3 Inclusiva?<br \/>\nA l\u2019escola Puigvent\u00f3s ens centrem majorit\u00e0riament en proporcionar suport personal i plantejar mesures individualitzades dintre de l\u2019aula, tot i qu\u00e8 tamb\u00e9 realitzem sessions de tallers de pl\u00e0stica, m\u00fasica i jocs de taula en petit grup, on participen els&hellip;  <a href=\"https:\/\/agora.xtec.cat\/ceip-puigventos\/projecte-educatiu\/inclusio-siei\/\" title=\"Read Inclusi\u00f3 (SIEI)\">Llegeix m\u00e9s\u00bb<\/a><\/p>\n","protected":false},"author":1,"featured_media":0,"parent":64,"menu_order":0,"comment_status":"closed","ping_status":"closed","template":"page-templates\/side-menu.php","meta":{"_bbp_topic_count":0,"_bbp_reply_count":0,"_bbp_total_topic_count":0,"_bbp_total_reply_count":0,"_bbp_voice_count":0,"_bbp_anonymous_reply_count":0,"_bbp_topic_count_hidden":0,"_bbp_reply_count_hidden":0,"_bbp_forum_subforum_count":0,"footnotes":""},"class_list":["post-650","page","type-page","status-publish","hentry"],"post_mailing_queue_ids":[],"_links":{"self":[{"href":"https:\/\/agora.xtec.cat\/ceip-puigventos\/wp-json\/wp\/v2\/pages\/650","targetHints":{"allow":["GET"]}}],"collection":[{"href":"https:\/\/agora.xtec.cat\/ceip-puigventos\/wp-json\/wp\/v2\/pages"}],"about":[{"href":"https:\/\/agora.xtec.cat\/ceip-puigventos\/wp-json\/wp\/v2\/types\/page"}],"author":[{"embeddable":true,"href":"https:\/\/agora.xtec.cat\/ceip-puigventos\/wp-json\/wp\/v2\/users\/1"}],"replies":[{"embeddable":true,"href":"https:\/\/agora.xtec.cat\/ceip-puigventos\/wp-json\/wp\/v2\/comments?post=650"}],"version-history":[{"count":5,"href":"https:\/\/agora.xtec.cat\/ceip-puigventos\/wp-json\/wp\/v2\/pages\/650\/revisions"}],"predecessor-version":[{"id":6998,"href":"https:\/\/agora.xtec.cat\/ceip-puigventos\/wp-json\/wp\/v2\/pages\/650\/revisions\/6998"}],"up":[{"embeddable":true,"href":"https:\/\/agora.xtec.cat\/ceip-puigventos\/wp-json\/wp\/v2\/pages\/64"}],"wp:attachment":[{"href":"https:\/\/agora.xtec.cat\/ceip-puigventos\/wp-json\/wp\/v2\/media?parent=650"}],"curies":[{"name":"wp","href":"https:\/\/api.w.org\/{rel}","templated":true}]}}