{"id":6293,"date":"2024-01-29T15:45:16","date_gmt":"2024-01-29T14:45:16","guid":{"rendered":"https:\/\/agora.xtec.cat\/ceip-puigventos\/?page_id=6293"},"modified":"2024-03-13T13:13:55","modified_gmt":"2024-03-13T12:13:55","slug":"cultura-digital","status":"publish","type":"page","link":"https:\/\/agora.xtec.cat\/ceip-puigventos\/projecte-educatiu\/cultura-digital\/","title":{"rendered":"Cultura Digital"},"content":{"rendered":"<h5 dir=\"ltr\">COM ENTENEM LA CULTURA DIGITAL?<\/h5>\n<p dir=\"ltr\">L&#8217;escola Puigvent\u00f3s ent\u00e8n la cultura digital com un recurs d&#8217;ensenyament\u00a0 transversal. Fa dos cursos la pand\u00e8mia de la Covid-19 ens va ensenyar com \u00e9s d&#8217;important que tothom pugui tenir acc\u00e9s a la informaci\u00f3 i als recursos necessaris per poder treballar des de qualsevol lloc. \u00c9s per aix\u00f2 que a l&#8217;escola es va prendre la decisi\u00f3 de traslladar els ordinadors que hi havia a l&#8217;aula d&#8217;inform\u00e0tica i posar-los a les aules on els alumnes poguessin fer un \u00fas en qualsevol de les \u00e0rees i \u00e0mbits. D&#8217;aquesta manera el treball transversal i l&#8217;acc\u00e9s a la informaci\u00f3 podia estar present en totes les aules. Tamb\u00e9 es va apostar\u00a0 per dotar els alumnes del centre amb dispositius electr\u00f2nics que ens permetessin aquest acc\u00e9s i s&#8217;ha continuat amb l&#8217;adquisici\u00f3 d&#8217;aquests amb l&#8217;ajut de l&#8217;Ajuntament i el departament d&#8217;Educaci\u00f3.<\/p>\n<h5 dir=\"ltr\">PENSAMENT COMPUTACIONAL<\/h5>\n<p><a href=\"https:\/\/agora.xtec.cat\/ceip-puigventos\/wp-content\/uploads\/usu2368\/2024\/03\/1-1.jpg\"><img loading=\"lazy\" decoding=\"async\" class=\"size-medium wp-image-6724 alignleft\" src=\"https:\/\/agora.xtec.cat\/ceip-puigventos\/wp-content\/uploads\/usu2368\/2024\/03\/1-1-300x169.jpg\" alt=\"\" width=\"300\" height=\"169\" srcset=\"https:\/\/agora.xtec.cat\/ceip-puigventos\/wp-content\/uploads\/usu2368\/2024\/03\/1-1-300x169.jpg 300w, https:\/\/agora.xtec.cat\/ceip-puigventos\/wp-content\/uploads\/usu2368\/2024\/03\/1-1-1024x576.jpg 1024w, https:\/\/agora.xtec.cat\/ceip-puigventos\/wp-content\/uploads\/usu2368\/2024\/03\/1-1-768x432.jpg 768w, https:\/\/agora.xtec.cat\/ceip-puigventos\/wp-content\/uploads\/usu2368\/2024\/03\/1-1-1536x864.jpg 1536w, https:\/\/agora.xtec.cat\/ceip-puigventos\/wp-content\/uploads\/usu2368\/2024\/03\/1-1.jpg 1920w\" sizes=\"auto, (max-width: 300px) 100vw, 300px\" \/><\/a> <a href=\"https:\/\/agora.xtec.cat\/ceip-puigventos\/wp-content\/uploads\/usu2368\/2024\/03\/2-1.jpg\"><img loading=\"lazy\" decoding=\"async\" class=\"aligncenter size-medium wp-image-6725\" src=\"https:\/\/agora.xtec.cat\/ceip-puigventos\/wp-content\/uploads\/usu2368\/2024\/03\/2-1-300x169.jpg\" alt=\"\" width=\"300\" height=\"169\" srcset=\"https:\/\/agora.xtec.cat\/ceip-puigventos\/wp-content\/uploads\/usu2368\/2024\/03\/2-1-300x169.jpg 300w, https:\/\/agora.xtec.cat\/ceip-puigventos\/wp-content\/uploads\/usu2368\/2024\/03\/2-1-1024x576.jpg 1024w, https:\/\/agora.xtec.cat\/ceip-puigventos\/wp-content\/uploads\/usu2368\/2024\/03\/2-1-768x432.jpg 768w, https:\/\/agora.xtec.cat\/ceip-puigventos\/wp-content\/uploads\/usu2368\/2024\/03\/2-1-1536x864.jpg 1536w, https:\/\/agora.xtec.cat\/ceip-puigventos\/wp-content\/uploads\/usu2368\/2024\/03\/2-1.jpg 1920w\" sizes=\"auto, (max-width: 300px) 100vw, 300px\" \/><\/a><\/p>\n<p dir=\"ltr\">\n","protected":false},"excerpt":{"rendered":"<p>COM ENTENEM LA CULTURA DIGITAL?<br \/>\nL&#8217;escola Puigvent\u00f3s ent\u00e8n la cultura digital com un recurs d&#8217;ensenyament\u00a0 transversal. Fa dos cursos la pand\u00e8mia de la Covid-19 ens va ensenyar com \u00e9s d&#8217;important que tothom pugui tenir acc\u00e9s a la informaci\u00f3 i als recursos necessaris per poder treballar des&hellip;  <a href=\"https:\/\/agora.xtec.cat\/ceip-puigventos\/projecte-educatiu\/cultura-digital\/\" title=\"Read Cultura Digital\">Llegeix m\u00e9s\u00bb<\/a><\/p>\n","protected":false},"author":1,"featured_media":0,"parent":64,"menu_order":0,"comment_status":"closed","ping_status":"closed","template":"page-templates\/side-menu.php","meta":{"_bbp_topic_count":0,"_bbp_reply_count":0,"_bbp_total_topic_count":0,"_bbp_total_reply_count":0,"_bbp_voice_count":0,"_bbp_anonymous_reply_count":0,"_bbp_topic_count_hidden":0,"_bbp_reply_count_hidden":0,"_bbp_forum_subforum_count":0,"footnotes":""},"class_list":["post-6293","page","type-page","status-publish","hentry"],"post_mailing_queue_ids":[],"_links":{"self":[{"href":"https:\/\/agora.xtec.cat\/ceip-puigventos\/wp-json\/wp\/v2\/pages\/6293","targetHints":{"allow":["GET"]}}],"collection":[{"href":"https:\/\/agora.xtec.cat\/ceip-puigventos\/wp-json\/wp\/v2\/pages"}],"about":[{"href":"https:\/\/agora.xtec.cat\/ceip-puigventos\/wp-json\/wp\/v2\/types\/page"}],"author":[{"embeddable":true,"href":"https:\/\/agora.xtec.cat\/ceip-puigventos\/wp-json\/wp\/v2\/users\/1"}],"replies":[{"embeddable":true,"href":"https:\/\/agora.xtec.cat\/ceip-puigventos\/wp-json\/wp\/v2\/comments?post=6293"}],"version-history":[{"count":6,"href":"https:\/\/agora.xtec.cat\/ceip-puigventos\/wp-json\/wp\/v2\/pages\/6293\/revisions"}],"predecessor-version":[{"id":6738,"href":"https:\/\/agora.xtec.cat\/ceip-puigventos\/wp-json\/wp\/v2\/pages\/6293\/revisions\/6738"}],"up":[{"embeddable":true,"href":"https:\/\/agora.xtec.cat\/ceip-puigventos\/wp-json\/wp\/v2\/pages\/64"}],"wp:attachment":[{"href":"https:\/\/agora.xtec.cat\/ceip-puigventos\/wp-json\/wp\/v2\/media?parent=6293"}],"curies":[{"name":"wp","href":"https:\/\/api.w.org\/{rel}","templated":true}]}}