{"id":591,"date":"2023-02-05T18:31:53","date_gmt":"2023-02-05T17:31:53","guid":{"rendered":"https:\/\/agora.xtec.cat\/ceip-puigventos\/?page_id=591"},"modified":"2025-09-10T13:07:18","modified_gmt":"2025-09-10T11:07:18","slug":"equip-docent","status":"publish","type":"page","link":"https:\/\/agora.xtec.cat\/ceip-puigventos\/curs-24-25-2\/equip-docent\/","title":{"rendered":"Equip docent"},"content":{"rendered":"<h4><span style=\"text-decoration: underline;\"><strong>Equip Directiu <\/strong><\/span><\/h4>\n<p><strong>Directora<\/strong> M\u00aa Llu\u00efsa Vi\u00f1als Ruiz<\/p>\n<p><strong>Cap d&#8217;Estudis<\/strong> Gil Gabarr\u00f3 Castelltort<\/p>\n<p><strong>Secret\u00e0ria<\/strong> Sara Cornellas Miguel<\/p>\n<h4><span style=\"text-decoration: underline;\"><strong>Tutories\u00a0<\/strong><\/span><\/h4>\n<p><strong>I3A <\/strong>\u00a0Sonia Garc\u00eda Blanco<\/p>\n<p><strong>I3B <\/strong> Anna Garrido Belmonte<\/p>\n<p><strong>I4A\u00a0<\/strong>Mari Cruz Gonz\u00e1lez Garrig\u00f3s<\/p>\n<p><strong>I4B <\/strong>Sandra Godoy Ruiz<\/p>\n<p><strong>I5A\u00a0<\/strong> Sandra Chic\u00f3n Mart\u00ednez<\/p>\n<p><strong>I5B\u00a0<\/strong>\u00d3scar Romero Gil<\/p>\n<p><strong>1r <\/strong>\u00a0Gemma Boada Sebasti\u00e1n<\/p>\n<p><strong>2nA\u00a0<\/strong>M\u00aa de Mar Le\u00f3n V\u00edlches<\/p>\n<p><strong>2nB\u00a0<\/strong>J\u00e9ssica S\u00e1nchez Gomar\u00edn<\/p>\n<p><strong>3rA <\/strong>\u00a0Francesc Altarriba Moyano<\/p>\n<p><strong>3rB\u00a0<\/strong>Raquel Vilchez Mart\u00edn<\/p>\n<p><strong>4tA\u00a0<\/strong>Elo Garc\u00eda L\u00f3pez<\/p>\n<p><strong>4tB\u00a0<\/strong>J\u00e9ssica Mart\u00ednez Ruiz<\/p>\n<p><strong>5\u00e8A <\/strong>\u00a0Angel Cruz<\/p>\n<p><strong>5\u00e8B <\/strong> Vanessa Andr\u00e9s G\u00e0mez<\/p>\n<p><strong>6\u00e8A\u00a0<\/strong>Beatriz Ponce G\u00f3mez<\/p>\n<p><strong>6\u00e8B\u00a0<\/strong>Marta Garc\u00eda Anguera<\/p>\n<p><strong>SIEI<\/strong> Susana Sotillo Casta\u00f1eda<\/p>\n<p><strong>Especialistes Educaci\u00f3 F\u00edsica<\/strong> Francesc Xavier Pi Heredia \/ Carles Mas Cegarra<\/p>\n<p><strong>Educaci\u00f3 Especial<\/strong> Edurne Luque \u00c1lvarez \/ Sara Cornellas \/ M\u00aa Llu\u00efsa Vi\u00f1als<\/p>\n<p><strong>M\u00fasica<\/strong>\u00a0 Patricia Garc\u00eda \/ Meritxell Montserrat<\/p>\n<p><strong>Angl\u00e8s<\/strong> Inma Gonz\u00e1lez Villodre \/ Ona La\u00edn Gonz\u00e1lez<\/p>\n<p><strong> Religi\u00f3<\/strong> Rosana Moscardo Lario<\/p>\n<p><strong>Suport Educaci\u00f3 Infanti<\/strong>l Gil Gabarr\u00f3 Castelltort<\/p>\n<p><strong>Suport <\/strong><span style=\"font-family: inherit; font-size: 1em;\"><strong>Educaci\u00f3 Prim\u00e0ria<\/strong> Al\u00edcia R\u00e1cano Silvente \/ Conxita Salcedo<\/span><\/p>\n<p><span style=\"font-family: inherit; font-size: 1em;\"><strong>Personal no docent Educadora (Educaci\u00f3 Especial)<\/strong> M\u00aa Jos\u00e9 Garz\u00f3n Vicente <\/span><\/p>\n<p><span style=\"font-family: inherit; font-size: 1em;\"><strong>T.E.I. (T\u00e8cnica Educaci\u00f3 Infantil)<\/strong> Marta Almar Paricio <\/span><\/p>\n<p><span style=\"font-family: inherit; font-size: 1em;\"><strong>Vetlladores<\/strong> N\u00faria Vi\u00f1als Ruiz \/ N\u00faria Parra<\/span><\/p>\n<p><span style=\"font-family: inherit; font-size: 1em;\"><strong>Administrativa<\/strong> S\u00edlvia Requena Blasco <\/span><\/p>\n<p><span style=\"font-family: inherit; font-size: 1em;\"><strong>Conserge<\/strong> Yadira Yagual Ram\u00edrez<\/span><\/p>\n<p><strong>Personal dels serveis del Departament d&#8217;Educaci\u00f3 Psicopedagoga EAP\u00a0<\/strong>Sergi Garc\u00eda<\/p>\n","protected":false},"excerpt":{"rendered":"<p>Equip Directiu<br \/>\nDirectora M\u00aa Llu\u00efsa Vi\u00f1als Ruiz<br \/>\nCap d&#8217;Estudis Gil Gabarr\u00f3 Castelltort<br \/>\nSecret\u00e0ria Sara Cornellas Miguel<br \/>\nTutories\u00a0<br \/>\nI3A \u00a0Sonia Garc\u00eda Blanco<br \/>\nI3B  Anna Garrido Belmonte<br \/>\nI4A\u00a0Mari Cruz Gonz\u00e1lez Garrig\u00f3s<br \/>\nI4B Sandra Godoy Ruiz<br \/>\nI5A\u00a0 Sandra Chic\u00f3n Mart\u00ednez<br \/>\nI5B\u00a0\u00d3scar Romero Gil<br \/>\n1r \u00a0Gemma Boada Sebasti\u00e1n<br \/>\n2nA\u00a0M\u00aa de Mar Le\u00f3n V\u00edlches<br \/>\n2nB\u00a0J\u00e9ssica S\u00e1nchez Gomar\u00edn<br \/>\n3rA \u00a0Francesc Altarriba Moyano<br \/>\n3rB\u00a0Raquel Vilchez&hellip;  <a href=\"https:\/\/agora.xtec.cat\/ceip-puigventos\/curs-24-25-2\/equip-docent\/\" title=\"Read Equip docent\">Llegeix m\u00e9s\u00bb<\/a><\/p>\n","protected":false},"author":3,"featured_media":0,"parent":587,"menu_order":0,"comment_status":"closed","ping_status":"closed","template":"","meta":{"_bbp_topic_count":0,"_bbp_reply_count":0,"_bbp_total_topic_count":0,"_bbp_total_reply_count":0,"_bbp_voice_count":0,"_bbp_anonymous_reply_count":0,"_bbp_topic_count_hidden":0,"_bbp_reply_count_hidden":0,"_bbp_forum_subforum_count":0,"footnotes":""},"class_list":["post-591","page","type-page","status-publish","hentry"],"post_mailing_queue_ids":[],"_links":{"self":[{"href":"https:\/\/agora.xtec.cat\/ceip-puigventos\/wp-json\/wp\/v2\/pages\/591","targetHints":{"allow":["GET"]}}],"collection":[{"href":"https:\/\/agora.xtec.cat\/ceip-puigventos\/wp-json\/wp\/v2\/pages"}],"about":[{"href":"https:\/\/agora.xtec.cat\/ceip-puigventos\/wp-json\/wp\/v2\/types\/page"}],"author":[{"embeddable":true,"href":"https:\/\/agora.xtec.cat\/ceip-puigventos\/wp-json\/wp\/v2\/users\/3"}],"replies":[{"embeddable":true,"href":"https:\/\/agora.xtec.cat\/ceip-puigventos\/wp-json\/wp\/v2\/comments?post=591"}],"version-history":[{"count":7,"href":"https:\/\/agora.xtec.cat\/ceip-puigventos\/wp-json\/wp\/v2\/pages\/591\/revisions"}],"predecessor-version":[{"id":7982,"href":"https:\/\/agora.xtec.cat\/ceip-puigventos\/wp-json\/wp\/v2\/pages\/591\/revisions\/7982"}],"up":[{"embeddable":true,"href":"https:\/\/agora.xtec.cat\/ceip-puigventos\/wp-json\/wp\/v2\/pages\/587"}],"wp:attachment":[{"href":"https:\/\/agora.xtec.cat\/ceip-puigventos\/wp-json\/wp\/v2\/media?parent=591"}],"curies":[{"name":"wp","href":"https:\/\/api.w.org\/{rel}","templated":true}]}}