{"id":9310,"date":"2023-02-07T08:35:58","date_gmt":"2023-02-07T07:35:58","guid":{"rendered":"https:\/\/agora.xtec.cat\/ceip-puigberenguer\/?page_id=9310"},"modified":"2023-05-22T15:55:38","modified_gmt":"2023-05-22T13:55:38","slug":"normes-dorganitzacio-i-funcionament-de-centre-nofc","status":"publish","type":"page","link":"https:\/\/agora.xtec.cat\/ceip-puigberenguer\/normes-dorganitzacio-i-funcionament-de-centre-nofc\/","title":{"rendered":"Normes d&#8217;Organitzaci\u00f3 i Funcionament de Centre (NOFC)"},"content":{"rendered":"<p>Les Normes d\u2019organitzaci\u00f3 i funcionament de centre (NOFC) s\u00f3n un instrument per desenvolupar i fer possible el projecte educatiu i, en \u00faltim terme, assolir l&#8217;\u00e8xit educatiu. Han de servir per regular la vida interna del Centre i establir, de forma clara i coherent, les relacions entre els diferents grups d\u2019inter\u00e8s que conformen la comunitat educativa. Recull un conjunt de normes que obliguen a tota la Comunitat educativa i garanteix al mateix temps els drets que la legislaci\u00f3 vigent els atorga.<\/p>\n<p>La finalitat de les NOFC \u00e9s regular els aspectes relatius al funcionament intern del centre en all\u00f2 que no est\u00e0 previst de manera espec\u00edfica en les normes generals i desplegar i estructurar les tasques organitzatives, pedag\u00f2giques i administratives del centre, aix\u00ed com facilitar la conviv\u00e8ncia i harmonitzar les postures de tots els sectors que hi tenen incid\u00e8ncia.<\/p>\n<p>https:\/\/agora.xtec.cat\/ceip-puigberenguer\/wp-content\/uploads\/usu1000\/2023\/05\/NOFC.pdf<\/p>\n","protected":false},"excerpt":{"rendered":"<p>Les Normes d\u2019organitzaci\u00f3 i funcionament de centre (NOFC) s\u00f3n un instrument per desenvolupar i fer possible el projecte educatiu i, en \u00faltim terme, assolir l&#8217;\u00e8xit educatiu. Han de servir per regular la vida interna del Centre i establir, de forma clara i coherent, les relacions&hellip;  <a href=\"https:\/\/agora.xtec.cat\/ceip-puigberenguer\/normes-dorganitzacio-i-funcionament-de-centre-nofc\/\" title=\"Read Normes d&#8217;Organitzaci\u00f3 i Funcionament de Centre (NOFC)\">Llegeix m\u00e9s\u00bb<\/a><\/p>\n","protected":false},"author":1,"featured_media":0,"parent":0,"menu_order":0,"comment_status":"closed","ping_status":"closed","template":"","meta":{"_bbp_topic_count":0,"_bbp_reply_count":0,"_bbp_total_topic_count":0,"_bbp_total_reply_count":0,"_bbp_voice_count":0,"_bbp_anonymous_reply_count":0,"_bbp_topic_count_hidden":0,"_bbp_reply_count_hidden":0,"_bbp_forum_subforum_count":0,"footnotes":""},"class_list":["post-9310","page","type-page","status-publish","hentry"],"post_mailing_queue_ids":[],"_links":{"self":[{"href":"https:\/\/agora.xtec.cat\/ceip-puigberenguer\/wp-json\/wp\/v2\/pages\/9310","targetHints":{"allow":["GET"]}}],"collection":[{"href":"https:\/\/agora.xtec.cat\/ceip-puigberenguer\/wp-json\/wp\/v2\/pages"}],"about":[{"href":"https:\/\/agora.xtec.cat\/ceip-puigberenguer\/wp-json\/wp\/v2\/types\/page"}],"author":[{"embeddable":true,"href":"https:\/\/agora.xtec.cat\/ceip-puigberenguer\/wp-json\/wp\/v2\/users\/1"}],"replies":[{"embeddable":true,"href":"https:\/\/agora.xtec.cat\/ceip-puigberenguer\/wp-json\/wp\/v2\/comments?post=9310"}],"version-history":[{"count":2,"href":"https:\/\/agora.xtec.cat\/ceip-puigberenguer\/wp-json\/wp\/v2\/pages\/9310\/revisions"}],"predecessor-version":[{"id":9492,"href":"https:\/\/agora.xtec.cat\/ceip-puigberenguer\/wp-json\/wp\/v2\/pages\/9310\/revisions\/9492"}],"wp:attachment":[{"href":"https:\/\/agora.xtec.cat\/ceip-puigberenguer\/wp-json\/wp\/v2\/media?parent=9310"}],"curies":[{"name":"wp","href":"https:\/\/api.w.org\/{rel}","templated":true}]}}