{"id":7241,"date":"2020-08-31T11:47:58","date_gmt":"2020-08-31T09:47:58","guid":{"rendered":"http:\/\/agora.xtec.cat\/ceip-puigberenguer\/?page_id=7241"},"modified":"2026-01-22T08:42:30","modified_gmt":"2026-01-22T07:42:30","slug":"calendari-2025-26","status":"publish","type":"page","link":"https:\/\/agora.xtec.cat\/ceip-puigberenguer\/calendari-2025-26\/","title":{"rendered":"Calendari 2025\/2026"},"content":{"rendered":"<h5><strong><img loading=\"lazy\" decoding=\"async\" class=\"aligncenter wp-image-10584 size-large\" src=\"https:\/\/agora.xtec.cat\/ceip-puigberenguer\/wp-content\/uploads\/usu1000\/2025\/09\/CALENDARI-25-26-1024x724.jpg\" alt=\"\" width=\"1024\" height=\"724\" srcset=\"https:\/\/agora.xtec.cat\/ceip-puigberenguer\/wp-content\/uploads\/usu1000\/2025\/09\/CALENDARI-25-26-1024x724.jpg 1024w, https:\/\/agora.xtec.cat\/ceip-puigberenguer\/wp-content\/uploads\/usu1000\/2025\/09\/CALENDARI-25-26-300x212.jpg 300w, https:\/\/agora.xtec.cat\/ceip-puigberenguer\/wp-content\/uploads\/usu1000\/2025\/09\/CALENDARI-25-26-768x543.jpg 768w, https:\/\/agora.xtec.cat\/ceip-puigberenguer\/wp-content\/uploads\/usu1000\/2025\/09\/CALENDARI-25-26-1536x1086.jpg 1536w, https:\/\/agora.xtec.cat\/ceip-puigberenguer\/wp-content\/uploads\/usu1000\/2025\/09\/CALENDARI-25-26-2048x1448.jpg 2048w\" sizes=\"auto, (max-width: 1024px) 100vw, 1024px\" \/>DISTRIBUCI\u00d3 DE TRIMESTRES:<\/strong><\/h5>\n<ul>\n<li>PRIMER TRIMESTRE: Del 8 de setembre al 19 de desembre<\/li>\n<li>SEGON TRIMESTRE: Del 8 de gener al 27 de mar\u00e7<\/li>\n<li>TERCER TRIMESTRE: Del 7 d&#8217;abril al 19 de juny<\/li>\n<\/ul>\n<h5><\/h5>\n<h5><strong>HORARI:<\/strong><\/h5>\n<ul>\n<li>\n<p class=\"_04xlpA direction-ltr align-justify para-style-body\"><span class=\"JsGRdQ\">L&#8217;horari de tots els cursos <\/span><span class=\"JsGRdQ\">ser\u00e0 el seg\u00fcent:<\/span><\/p>\n<ul>\n<li style=\"list-style-type: none;\">\n<ul>\n<li style=\"list-style-type: none;\">\n<ul>\n<li><strong>MAT\u00cd<\/strong>: de 9 a 12:30<\/li>\n<li><strong>TARDA<\/strong>: de 15 a 16:30<\/li>\n<\/ul>\n<\/li>\n<\/ul>\n<\/li>\n<\/ul>\n<\/li>\n<li>A l&#8217;arribar, els nens i nenes aniran cap a les respectives files on les mestres els aniran a buscar. Els nens i nenes de 5\u00e8 i 6\u00e8 hauran d&#8217;anar pujant cap a classe quan arribin sense fer fila.<\/li>\n<li>\u00c9s imprescindible ser puntuals per aconseguir un bon funcionament.<\/li>\n<li>Les comunicacions amb els i les mestres es podran fer a trav\u00e9s del correu electr\u00f2nic que us farem arribar a principi de curs o b\u00e9 amb notes a l\u2019agenda o llibreta viatgera a partir de 1r de Prim\u00e0ria.<\/li>\n<\/ul>\n<h5><\/h5>\n<h5><strong>JORNADA INTENSIVA:<\/strong><\/h5>\n<ul>\n<li>Dia <strong>19 de desembre <\/strong>de 2025 de 9h a 13h. L&#8217;Espai Migdia ser\u00e0 de 13 a 15.<\/li>\n<li>Del <strong>8\u00a0al 19 de juny<\/strong> de 2026 de 9h a 13h. L&#8217;Espai Migdia ser\u00e0 de 13 a 15.<\/li>\n<\/ul>\n<h5><\/h5>\n<h5><strong>DIES FESTIUS DE LLIURE DISPOSICI\u00d3: <\/strong><\/h5>\n<p>Els dies festius de lliure disposici\u00f3, proposats pel Consell Escolar Municipal de Manresa s\u00f3n:<\/p>\n<ul>\n<li>Divendres 31 d&#8217;octubre de 2025<\/li>\n<li>Dimarts 9 de desembre de 2025<\/li>\n<li>Dilluns 26 de gener de 2026<\/li>\n<li>Divendres 20 de febrer de 2026<\/li>\n<li>Divendres 13 de mar\u00e7 de 2026<\/li>\n<li>Dijous 30 d&#8217;abril de 2026<\/li>\n<\/ul>\n<h5><\/h5>\n<h5><strong>COL\u00d2NIES ESCOLARS<\/strong><\/h5>\n<ul>\n<li class=\"_04xlpA direction-ltr align-start para-style-body\"><span class=\"WdYUQQ text-decoration-none text-strikethrough-none\">COL\u00d2NIES <\/span><span class=\"WdYUQQ text-decoration-none text-strikethrough-none\"><span style=\"color: #008080;\"><strong>I4 i I5<\/strong><\/span>. La Carral (El Miracle, Lleida). <\/span><span style=\"color: #008080;\"><strong><span class=\"WdYUQQ text-decoration-none text-strikethrough-none\">26 i 27 de maig de 2026<\/span><\/strong><\/span><\/li>\n<li class=\"_04xlpA direction-ltr align-start para-style-body\"><span class=\"WdYUQQ text-decoration-none text-strikethrough-none\">COL\u00d2NIES <span style=\"color: #008080;\"><strong>CICLE INICIAL<\/strong><\/span>.Can Miquel\u00f3 (Sant Mart\u00ed de Centelles<\/span><span class=\"WdYUQQ text-decoration-none text-strikethrough-none\">). <\/span><span style=\"color: #008080;\"><strong><span class=\"WdYUQQ text-decoration-none text-strikethrough-none\">4, 5 i 6 de mar\u00e7 de 2026<\/span><\/strong><\/span><\/li>\n<li class=\"_04xlpA direction-ltr align-start para-style-body\"><span class=\"WdYUQQ text-decoration-none text-strikethrough-none\">COL\u00d2NIES <span style=\"color: #008080;\"><strong>CICLE MITJ\u00c0<\/strong><\/span>. Artur Martorell (Calafell)<\/span><span style=\"font-family: inherit; font-size: 1em;\">. <\/span><span style=\"color: #008080;\"><strong><span class=\"WdYUQQ text-decoration-none text-strikethrough-none\">27, 28 i 29 de maig de 2026<\/span><\/strong><\/span><\/li>\n<li class=\"_04xlpA direction-ltr align-start para-style-body\"><span class=\"WdYUQQ text-decoration-none text-strikethrough-none\">COL\u00d2NIES <span style=\"color: #008080;\"><strong>CICLE SUPERIOR<\/strong><\/span><\/span><\/li>\n<\/ul>\n<ul>\n<li style=\"list-style-type: none;\">\n<ul style=\"list-style-type: circle;\">\n<li><span class=\"WdYUQQ text-decoration-none text-strikethrough-none\"><span style=\"color: #008080;\"><strong>5\u00e8:<\/strong><\/span> Finca Tamarit <\/span><span class=\"WdYUQQ text-decoration-none text-strikethrough-none\">(Tamarit). <\/span><span style=\"color: #008080;\"><strong><span class=\"WdYUQQ text-decoration-none text-strikethrough-none\">22, 23 i 24 d&#8217;octubre de 2025<\/span><\/strong><\/span><\/li>\n<li><strong><span style=\"color: #008080;\">6\u00e8:<\/span><\/strong> Cal Candi <span class=\"WdYUQQ text-decoration-none text-strikethrough-none\" style=\"font-family: inherit; font-size: 1em;\">(Vilada). <\/span><span style=\"color: #008080;\"><strong><span class=\"WdYUQQ text-decoration-none text-strikethrough-none\">17, 18 i 19 de juny de 2026<\/span><\/strong><\/span><\/li>\n<\/ul>\n<\/li>\n<\/ul>\n<h5><\/h5>\n<h5><strong>FESTA DE PRIMAVERA:<\/strong><\/h5>\n<p>Dissabte 23 de maig de 2026<\/p>\n<p>&nbsp;<\/p>\n","protected":false},"excerpt":{"rendered":"<p>DISTRIBUCI\u00d3 DE TRIMESTRES:<\/p>\n<ul>\n<li>PRIMER TRIMESTRE: Del 8 de setembre al 19 de desembre<\/li>\n<li>SEGON TRIMESTRE: Del 8 de gener al 27 de mar\u00e7<\/li>\n<li>TERCER TRIMESTRE: Del 7 d&#8217;abril al 19 de juny<\/li>\n<\/ul>\n<p>HORARI:<\/p>\n<ul>\n<li>\nL&#8217;horari de tots els cursos ser\u00e0 el seg\u00fcent:<\/p>\n<ul>\n<li style=\"list-style-type: none;\">\n<ul>\n<li style=\"list-style-type: none;\">\n<ul>\n<li>MAT\u00cd: de 9 a 12:30<\/li>\n<li>TARDA: de&hellip;  <a href=\"https:\/\/agora.xtec.cat\/ceip-puigberenguer\/calendari-2025-26\/\" title=\"Read Calendari 2025\/2026\">Llegeix m\u00e9s\u00bb<\/a><br \/>\n","protected":false},"author":4,"featured_media":0,"parent":0,"menu_order":0,"comment_status":"closed","ping_status":"closed","template":"","meta":{"_bbp_topic_count":0,"_bbp_reply_count":0,"_bbp_total_topic_count":0,"_bbp_total_reply_count":0,"_bbp_voice_count":0,"_bbp_anonymous_reply_count":0,"_bbp_topic_count_hidden":0,"_bbp_reply_count_hidden":0,"_bbp_forum_subforum_count":0,"footnotes":""},"class_list":["post-7241","page","type-page","status-publish","hentry"],"post_mailing_queue_ids":[],"_links":{"self":[{"href":"https:\/\/agora.xtec.cat\/ceip-puigberenguer\/wp-json\/wp\/v2\/pages\/7241","targetHints":{"allow":["GET"]}}],"collection":[{"href":"https:\/\/agora.xtec.cat\/ceip-puigberenguer\/wp-json\/wp\/v2\/pages"}],"about":[{"href":"https:\/\/agora.xtec.cat\/ceip-puigberenguer\/wp-json\/wp\/v2\/types\/page"}],"author":[{"embeddable":true,"href":"https:\/\/agora.xtec.cat\/ceip-puigberenguer\/wp-json\/wp\/v2\/users\/4"}],"replies":[{"embeddable":true,"href":"https:\/\/agora.xtec.cat\/ceip-puigberenguer\/wp-json\/wp\/v2\/comments?post=7241"}],"version-history":[{"count":6,"href":"https:\/\/agora.xtec.cat\/ceip-puigberenguer\/wp-json\/wp\/v2\/pages\/7241\/revisions"}],"predecessor-version":[{"id":10585,"href":"https:\/\/agora.xtec.cat\/ceip-puigberenguer\/wp-json\/wp\/v2\/pages\/7241\/revisions\/10585"}],"wp:attachment":[{"href":"https:\/\/agora.xtec.cat\/ceip-puigberenguer\/wp-json\/wp\/v2\/media?parent=7241"}],"curies":[{"name":"wp","href":"https:\/\/api.w.org\/{rel}","templated":true}]}}