{"id":6956,"date":"2020-04-26T08:48:37","date_gmt":"2020-04-26T06:48:37","guid":{"rendered":"http:\/\/agora.xtec.cat\/ceip-puigberenguer\/?page_id=6956"},"modified":"2023-01-21T19:44:44","modified_gmt":"2023-01-21T18:44:44","slug":"preinscripcions-2020-21","status":"publish","type":"page","link":"https:\/\/agora.xtec.cat\/ceip-puigberenguer\/lescola\/preinscripcions-2020-21\/","title":{"rendered":"Preinscripcions 2020\/21"},"content":{"rendered":"<p><a href=\"http:\/\/agora.xtec.cat\/ceip-puigberenguer\/wp-content\/uploads\/usu1000\/2018\/02\/ampa_preinscripcions-1.png\"><img loading=\"lazy\" decoding=\"async\" class=\"aligncenter size-full wp-image-7096\" src=\"https:\/\/agora.xtec.cat\/ceip-puigberenguer\/wp-content\/uploads\/usu1000\/2020\/05\/PREINSCRIPCIONS-i-MATR\u00cdCULA-1.png\" alt=\"\" width=\"1024\" height=\"300\" srcset=\"https:\/\/agora.xtec.cat\/ceip-puigberenguer\/wp-content\/uploads\/usu1000\/2020\/05\/PREINSCRIPCIONS-i-MATR\u00cdCULA-1.png 1024w, https:\/\/agora.xtec.cat\/ceip-puigberenguer\/wp-content\/uploads\/usu1000\/2020\/05\/PREINSCRIPCIONS-i-MATR\u00cdCULA-1-300x88.png 300w, https:\/\/agora.xtec.cat\/ceip-puigberenguer\/wp-content\/uploads\/usu1000\/2020\/05\/PREINSCRIPCIONS-i-MATR\u00cdCULA-1-768x225.png 768w\" sizes=\"auto, (max-width: 1024px) 100vw, 1024px\" \/><\/a><\/p>\n<p><span style=\"font-weight: 400;\">Dates de publicaci\u00f3 de llistats i matriculaci\u00f3, a tenir en compte:<\/span><\/p>\n<table class=\" aligncenter\" style=\"height: 458px; border-style: dashed; width: 592px; background-color: #f5f9fa; border-color: #000000;\" width=\"600\">\n<tbody>\n<tr style=\"height: 169px;\">\n<td style=\"width: 586.364px; height: 439px; text-align: justify;\"><span style=\"text-decoration: underline;\"><strong>Llista de sol\u00b7licituds amb la puntuaci\u00f3 provisional:<\/strong><\/span> <span style=\"font-weight: 400;\">29 de maig de 2020<\/span><\/p>\n<p><span style=\"font-weight: 400;\"><span style=\"text-decoration: underline;\"><strong>Presentaci\u00f3 de reclamacions:<\/strong><\/span> del 2 al 5 de juny de 2020<\/span><\/p>\n<p><span style=\"font-weight: 400;\"><span style=\"text-decoration: underline;\"><strong>Llista de sol\u00b7licituds amb la puntuaci\u00f3 un cop resoltes les reclamacions:<\/strong><\/span> 9 de juny de 2020<\/span><\/p>\n<p><span style=\"font-weight: 400;\"><span style=\"text-decoration: underline;\"><strong>Sorteig del n\u00famero de desempat:<\/strong><\/span> 9 de juny de 2020, a les 11 h.\u00a0<\/span>RESULTAT DEL SORTEIG:\u00a0<strong>33386<\/strong><\/p>\n<p><span style=\"font-weight: 400;\"><span style=\"text-decoration: underline;\"><strong>Llista ordenada definitiva:<\/strong><\/span> 11 de juny de 2020<\/span><\/p>\n<p><span style=\"font-weight: 400;\"><span style=\"text-decoration: underline;\"><strong>Ampliaci\u00f3 de petici\u00f3 de centres per a les sol\u00b7licituds que no han obtingut cap assignaci\u00f3 (assignaci\u00f3 d&#8217;ofici):<\/strong><\/span> del del 26 al 29 de juny de 2020<\/span><\/p>\n<p><span style=\"font-weight: 400;\"><span style=\"text-decoration: underline;\"><strong>Oferta final de places escolars:<\/strong><\/span> 6 de juliol de 2020<\/span><\/p>\n<p><span style=\"font-weight: 400;\"><span style=\"text-decoration: underline;\"><strong>Llista d&#8217;alumnes admesos i llista d&#8217;espera:<\/strong><\/span> 7 de juliol de 2020<\/span><\/p>\n<p><span style=\"text-decoration: underline;\"><strong>Matr\u00edcula d&#8217;a<\/strong><\/span><span style=\"font-weight: 400;\"><span style=\"text-decoration: underline;\"><strong>lumnes preinscrits amb pla\u00e7a assignada a segon cicle d&#8217;educaci\u00f3 infantil, educaci\u00f3 prim\u00e0ria i ESO:<\/strong><\/span> del 13 al 17 de juliol de 2020<\/span><\/td>\n<\/tr>\n<\/tbody>\n<\/table>\n<p>&nbsp;<\/p>\n<p><span style=\"text-decoration: underline;\">Publicaci\u00f3 de la llista del barem provisional:<\/span><\/p>\n<ul>\n<li>Podeu descarregar la llista de sol\u00b7licituds amb la puntuaci\u00f3 provisional <a href=\"https:\/\/agora.xtec.cat\/ceip-puigberenguer\/wp-content\/uploads\/usu1000\/2020\/05\/BAREM_PROVISIONAL_29-05-2020.pdf\" target=\"_blank\" rel=\"noopener noreferrer\">aqu\u00ed<\/a><\/li>\n<\/ul>\n<p><span style=\"text-decoration: underline;\">Publicaci\u00f3 de la llista de sol\u00b7licituds un cop resoltes les reclamacions:<\/span><\/p>\n<ul>\n<li>Podeu descarregar la llista de sol\u00b7licituds, un cop resoltes les reclamacions, <a href=\"https:\/\/agora.xtec.cat\/ceip-puigberenguer\/wp-content\/uploads\/usu1000\/2020\/06\/INFORME_BAREM_RESOLTES_BAREM-1.pdf\" target=\"_blank\" rel=\"noopener noreferrer\">aqu\u00ed\u00a0<\/a><\/li>\n<\/ul>\n<p><span style=\"text-decoration: underline;\">Publicaci\u00f3 de la llista de sol\u00b7licituds que han demanat el centre i l&#8217;ensenyament en primera<\/span><br \/>\n<span style=\"text-decoration: underline;\">petici\u00f3 ordenada definitiva a 11\/06\/2020<\/span><\/p>\n<ul>\n<li>Podeu descarregar la llista amb centre i l&#8217;ensenyament en primera petici\u00f3 ordenada definitiva, <a href=\"https:\/\/agora.xtec.cat\/ceip-puigberenguer\/wp-content\/uploads\/usu1000\/2020\/05\/INFORME_BAREM_DEFINITIU_BAREM-1.pdf\" target=\"_blank\" rel=\"noopener noreferrer\">aqu\u00ed<\/a><\/li>\n<\/ul>\n<p><span style=\"text-decoration: underline;\">Publicaci\u00f3 de les llistes d&#8217;alumnes preinscrits al centre, d&#8217;alumnes en llista d&#8217;espera i d&#8217;alumnes assignats al centre amb indicaci\u00f3 de la primera petici\u00f3 amb data 07\/07\/2020<\/span><\/p>\n<ul>\n<li>Podeu descarregar la llista d&#8217;alumnes assignats al centre amb indicaci\u00f3 de la primera petici\u00f3: <a href=\"https:\/\/agora.xtec.cat\/ceip-puigberenguer\/wp-content\/uploads\/usu1000\/2020\/05\/ALUMNES-ASSIGNATS.pdf\" target=\"_blank\" rel=\"noopener noreferrer\">aqu\u00ed<\/a><\/li>\n<li>Podeu descarregar la llista d&#8217;alumnes en llista d&#8217;espera a 07\/07\/2020: <a href=\"https:\/\/agora.xtec.cat\/ceip-puigberenguer\/wp-content\/uploads\/usu1000\/2020\/05\/ALUMNES-LLISTA-ESPERA.pdf\" target=\"_blank\" rel=\"noopener noreferrer\">aqu\u00ed<\/a><\/li>\n<li>Podeu descarregar la llista d&#8217;alumnes preinscrits al centre: <a href=\"https:\/\/agora.xtec.cat\/ceip-puigberenguer\/wp-content\/uploads\/usu1000\/2020\/05\/ALUMNES-PREINSCRITS-AL-CENTRE.pdf\" target=\"_blank\" rel=\"noopener noreferrer\">aqu\u00ed<\/a><\/li>\n<\/ul>\n<p><span style=\"text-decoration: underline;\">Enlla\u00e7os amb informaci\u00f3 \u00fatil a l&#8217;hora de fer les inscripcions:<\/span><\/p>\n<ul>\n<li><a href=\"http:\/\/queestudiar.gencat.cat\/ca\/preinscripcio\/\" target=\"_blank\" rel=\"noopener noreferrer\">Informaci\u00f3 de preinscripcions de la Generalitat<\/a><\/li>\n<li><a href=\"https:\/\/www.manresa.cat\/web\/article\/4356-preinscripcio-escolar\" target=\"_blank\" rel=\"noopener noreferrer\">Informaci\u00f3 de preinscripcions de l&#8217;Ajuntament de Manresa<\/a><\/li>\n<li><a href=\"http:\/\/agora.xtec.cat\/ceip-puigberenguer\/wp-content\/uploads\/usu1000\/2018\/02\/orientacions_per_triar_escola.pdf\" target=\"_blank\" rel=\"attachment wp-att-4938 noopener noreferrer\">8 Orientacions per triar escola &#8211; de la Fundaci\u00f3 Jaume Bofill (PDF)<\/a><\/li>\n<\/ul>\n<p><span style=\"text-decoration: underline;\">Per a con\u00e8ixer una mica m\u00e9s l&#8217;Escola Puigberenguer:<\/span><\/p>\n<ul>\n<li><a href=\"http:\/\/agora.xtec.cat\/ceip-puigberenguer\/lescola\/projecte-educatiu\/\" target=\"_blank\" rel=\"noopener noreferrer\">Projecte educatiu<\/a><\/li>\n<li><a href=\"http:\/\/agora.xtec.cat\/ceip-puigberenguer\/lescola\/oferta-educativa\/\" target=\"_blank\" rel=\"noopener noreferrer\">Comprom\u00eds educatiu<\/a><\/li>\n<li><a href=\"http:\/\/agora.xtec.cat\/ceip-puigberenguer\/lescola\/instal%c2%b7lacions\/\" target=\"_blank\" rel=\"noopener noreferrer\">Instal\u00b7lacions de l&#8217;escola<\/a><\/li>\n<li><a href=\"http:\/\/agora.xtec.cat\/ceip-puigberenguer\/lescola\/menjador-escolar\/\" target=\"_blank\" rel=\"noopener noreferrer\">Menjador<\/a><\/li>\n<li><a href=\"http:\/\/agora.xtec.cat\/ceip-puigberenguer\/ampa\/extraescolars-i-casals-destiu\/\" target=\"_blank\" rel=\"noopener noreferrer\">Activitats extraescolars i casals d&#8217;estiu<\/a><\/li>\n<li><a href=\"http:\/\/agora.xtec.cat\/ceip-puigberenguer\/ampa\/calendari-d-activitats\/\" target=\"_blank\" rel=\"noopener noreferrer\">Altres activitats de l&#8217;AMPA<\/a><\/li>\n<li><a href=\"http:\/\/agora.xtec.cat\/ceip-puigberenguer\/ampa\/\" target=\"_blank\" rel=\"noopener noreferrer\">AMPA<\/a><\/li>\n<\/ul>\n","protected":false},"excerpt":{"rendered":"<p><a href=\"http:\/\/agora.xtec.cat\/ceip-puigberenguer\/wp-content\/uploads\/usu1000\/2018\/02\/ampa_preinscripcions-1.png\"><\/a><br \/>\nDates de publicaci\u00f3 de llistats i matriculaci\u00f3, a tenir en compte:<\/p>\n<p>Llista de sol\u00b7licituds amb la puntuaci\u00f3 provisional: 29 de maig de 2020<br \/>\nPresentaci\u00f3 de reclamacions: del 2 al 5 de juny de 2020<br \/>\nLlista de sol\u00b7licituds amb la puntuaci\u00f3 un cop resoltes les reclamacions: 9 de&hellip;  <a href=\"https:\/\/agora.xtec.cat\/ceip-puigberenguer\/lescola\/preinscripcions-2020-21\/\" title=\"Read Preinscripcions 2020\/21\">Llegeix m\u00e9s\u00bb<\/a><\/p>\n","protected":false},"author":4,"featured_media":0,"parent":4488,"menu_order":100,"comment_status":"closed","ping_status":"closed","template":"","meta":{"_bbp_topic_count":0,"_bbp_reply_count":0,"_bbp_total_topic_count":0,"_bbp_total_reply_count":0,"_bbp_voice_count":0,"_bbp_anonymous_reply_count":0,"_bbp_topic_count_hidden":0,"_bbp_reply_count_hidden":0,"_bbp_forum_subforum_count":0,"footnotes":""},"class_list":["post-6956","page","type-page","status-publish","hentry"],"post_mailing_queue_ids":[],"_links":{"self":[{"href":"https:\/\/agora.xtec.cat\/ceip-puigberenguer\/wp-json\/wp\/v2\/pages\/6956","targetHints":{"allow":["GET"]}}],"collection":[{"href":"https:\/\/agora.xtec.cat\/ceip-puigberenguer\/wp-json\/wp\/v2\/pages"}],"about":[{"href":"https:\/\/agora.xtec.cat\/ceip-puigberenguer\/wp-json\/wp\/v2\/types\/page"}],"author":[{"embeddable":true,"href":"https:\/\/agora.xtec.cat\/ceip-puigberenguer\/wp-json\/wp\/v2\/users\/4"}],"replies":[{"embeddable":true,"href":"https:\/\/agora.xtec.cat\/ceip-puigberenguer\/wp-json\/wp\/v2\/comments?post=6956"}],"version-history":[{"count":3,"href":"https:\/\/agora.xtec.cat\/ceip-puigberenguer\/wp-json\/wp\/v2\/pages\/6956\/revisions"}],"predecessor-version":[{"id":7235,"href":"https:\/\/agora.xtec.cat\/ceip-puigberenguer\/wp-json\/wp\/v2\/pages\/6956\/revisions\/7235"}],"up":[{"embeddable":true,"href":"https:\/\/agora.xtec.cat\/ceip-puigberenguer\/wp-json\/wp\/v2\/pages\/4488"}],"wp:attachment":[{"href":"https:\/\/agora.xtec.cat\/ceip-puigberenguer\/wp-json\/wp\/v2\/media?parent=6956"}],"curies":[{"name":"wp","href":"https:\/\/api.w.org\/{rel}","templated":true}]}}