{"id":795,"date":"2018-02-06T11:38:33","date_gmt":"2018-02-06T10:38:33","guid":{"rendered":"http:\/\/agora.xtec.cat\/ceip-puig-gairalt\/?page_id=795"},"modified":"2023-07-12T10:21:36","modified_gmt":"2023-07-12T08:21:36","slug":"radio-2","status":"publish","type":"page","link":"https:\/\/agora.xtec.cat\/ceip-puig-gairalt\/radio-2\/","title":{"rendered":"R\u00c0DIO PUIG I GAIRALT"},"content":{"rendered":"<h3><span style=\"color: #0000ff;\">PROGRAMA ENREGISTRAT EL 15 DE NOVEMBRE<\/span><\/h3>\n<p><iframe loading=\"lazy\" src=\"https:\/\/www.ivoox.com\/player_ej_44683114_2_1.html?data=lZmjmpiVdZWhhpywj5WcaZS1lpiah5yncZOhhpywj5WRaZi3jpWah5yncbXVzdHS1JDIqYzmhqigh6aUqMrjjIqfmrXWs8jmwtLOjZaJdpqhhpywj8vHs9Pixtmah5yncZU.&amp;\" width=\"100%\" height=\"200\" frameborder=\"0\" scrolling=\"no\" allowfullscreen=\"allowfullscreen\"><\/iframe><\/p>\n<h3 style=\"text-align: center;\"><span style=\"color: #0000ff;\"><strong>AQU\u00cd TENIU L&#8217;\u00daLTIM PROGRAMA DE R\u00c0DIO D&#8217;AQUEST ANY DELS ALUMNES DEL TALLER DE R\u00c0DIO DE L&#8217;ESCOLA PUIG I GAIRALT<\/strong><\/span><\/h3>\n<p><iframe loading=\"lazy\" src=\"https:\/\/www.ivoox.com\/player_ej_37007256_2_1.html?data=lJydkpyWeZehhpywj5WbaZS1lJ2ah5yncZOhhpywj5WRaZi3jpWah5yncYa3lIqmo9HYrc6f0dfcydfFscKfxcqY1Iqnd4a1kcnW0ZDIqc2fsdrWyZDNb6jVytfOztmRaZi3jsvQ0dfSqdWhhpywj5k.&amp;\" width=\"100%\" height=\"200\" frameborder=\"0\" scrolling=\"no\" allowfullscreen=\"allowfullscreen\"><\/iframe><br \/>\n<iframe loading=\"lazy\" src=\"https:\/\/www.ivoox.com\/player_ej_34185293_2_1.html?data=lJmempqWfZShhpywj5WbaZS1lpyah5yncZOhhpywj5WRaZi3jpWah5yncYa3lIqmo9HYrc6f0dfcydfFscKfxcrZjdnFsM3Z05DRx5DWaaSnhqadxs7Tb8XZzZCf0JDYtsrhxtjh1MqRaZi3jsvQ0dfSqdWhhpywj5k.&amp;\" width=\"100%\" height=\"200\" frameborder=\"0\" scrolling=\"no\" allowfullscreen=\"allowfullscreen\"><\/iframe><\/p>\n<h3 style=\"text-align: center;\">\u00a0<span style=\"color: #0000ff;\">ELS ALUMNES DEL SEGON TRIMESTRES DEL TALLER DE R\u00c0DIO JA HAN ANAT A TORRE BARRINA A GRAVAR EL\u00a0 PROGRAMA<\/span><\/h3>\n<p style=\"text-align: center;\"><iframe loading=\"lazy\" src=\"https:\/\/www.ivoox.com\/player_ej_32664103_2_1.html?data=lJejmJmVdJShhpywj5WbaZS1lpaah5yncZOhhpywj5WRaZi3jpWah5yncbXVzdHS1JDWaaSnhqadxs7TcYarpJLTxdTWssbojoqkpZKY&amp;\" width=\"100%\" height=\"200\" frameborder=\"0\" scrolling=\"no\" allowfullscreen=\"allowfullscreen\"><span data-mce-type=\"bookmark\" style=\"display: inline-block; width: 0px; overflow: hidden; line-height: 0;\" class=\"mce_SELRES_start\">\ufeff<\/span><\/iframe><\/p>\n<h3><\/h3>\n<h3 style=\"text-align: center;\">\u00a0<span style=\"color: #0000ff;\">I AQU\u00cd TENIU EL SEGON PROGRAMA DELS ALUMNES DEL TALLER.<\/span><\/h3>\n<p style=\"text-align: center;\"><iframe loading=\"lazy\" src=\"https:\/\/www.ivoox.com\/player_ej_30948809_2_1.html?data=lJWmlp2cdJqhhpywj5WdaZS1lZiah5yncZOhhpywj5WRaZi3jpWah5yncZPijNXf0czWpc7VjMnSzpC4pc3gxteYxsqPtoa3lIquksnNs4yhhpywj8vHs9Pixtmah5yncZU.&amp;\" width=\"100%\" height=\"200\" frameborder=\"0\" scrolling=\"no\" allowfullscreen=\"allowfullscreen\"><\/iframe><\/p>\n<h3 style=\"text-align: center;\"><\/h3>\n<h3 style=\"text-align: center;\"><span style=\"color: #0000ff;\"><strong>ELS ALUMNES DEL TALLER DE R\u00c0DIO HAN GRAVAT EL SEU PRIMER PROGRAMA<\/strong><\/span><\/h3>\n<p style=\"text-align: center;\"><iframe loading=\"lazy\" src=\"https:\/\/www.ivoox.com\/player_ej_30016630_2_1.html?data=lJWdk5uad5Ghhpywj5WbaZS1lJuah5yncZOhhpywj5WRaZi3jpWah5yncbXVzdHS1JDIqYzmhqigh6aUqMrjjoqkpZLKp9Dmz8rhj4qbh46o&amp;\" width=\"100%\" height=\"200\" frameborder=\"0\" scrolling=\"no\" allowfullscreen=\"allowfullscreen\"><span data-mce-type=\"bookmark\" style=\"display: inline-block; width: 0px; overflow: hidden; line-height: 0;\" class=\"mce_SELRES_start\">\ufeff<\/span><\/iframe><\/p>\n<p><iframe loading=\"lazy\" src=\"https:\/\/www.ivoox.com\/player_ej_24172541_2_1.html?data=k5memZeZeJKhhpywj5WbaZS1lZeah5yncZOhhpywj5WRaZi3jpWah5yncbHm0Mzfw9LFb9HdzdThjZaRaZi3jsvQ0dfSqdWhhpywj5k.&amp;\" width=\"100%\" height=\"200\" frameborder=\"0\" scrolling=\"no\" allowfullscreen=\"allowfullscreen\"><\/iframe><br \/>\n<iframe loading=\"lazy\" src=\"https:\/\/www.ivoox.com\/player_ej_23612910_2_1.html?data=k5ijk5eddZGhhpywj5WZaZS1lp6ah5yncZOhhpywj5WRaZi3jpWah5yncabi1dfS2M7XuMbnjMbZ19LSqdSfl6aah5ynccfX0Nfbx9mRaZi3jpk.&amp;\" width=\"100%\" height=\"200\" frameborder=\"0\" scrolling=\"no\" allowfullscreen=\"allowfullscreen\"><\/iframe><br \/>\n<iframe loading=\"lazy\" src=\"https:\/\/www.ivoox.com\/player_ej_23613099_2_1.html?data=k5ijk5iUfZqhhpywj5WcaZS1kZuah5yncZOhhpywj5WRaZi3jpWah5yncabi1dfS2M7XuMbnjMbZ19LSqdSfl6eah5ynccfX0Nfbx9mRaZi3jpk.&amp;\" width=\"100%\" height=\"200\" frameborder=\"0\" scrolling=\"no\" allowfullscreen=\"allowfullscreen\"><\/iframe><\/p>\n","protected":false},"excerpt":{"rendered":"<p>PROGRAMA ENREGISTRAT EL 15 DE NOVEMBRE<\/p>\n<p>AQU\u00cd TENIU L&#8217;\u00daLTIM PROGRAMA DE R\u00c0DIO D&#8217;AQUEST ANY DELS ALUMNES DEL TALLER DE R\u00c0DIO DE L&#8217;ESCOLA PUIG I GAIRALT<\/p>\n<p>\u00a0ELS ALUMNES DEL SEGON TRIMESTRES DEL TALLER DE R\u00c0DIO JA HAN ANAT A TORRE BARRINA A GRAVAR EL\u00a0 PROGRAMA<br \/>\n\ufeff<\/p>\n<p>\u00a0I AQU\u00cd TENIU EL&hellip;  <a href=\"https:\/\/agora.xtec.cat\/ceip-puig-gairalt\/radio-2\/\" title=\"Read R\u00c0DIO PUIG I GAIRALT\">Llegeix m\u00e9s\u00bb<\/a><\/p>\n","protected":false},"author":1,"featured_media":0,"parent":0,"menu_order":0,"comment_status":"closed","ping_status":"closed","template":"","meta":{"_bbp_topic_count":0,"_bbp_reply_count":0,"_bbp_total_topic_count":0,"_bbp_total_reply_count":0,"_bbp_voice_count":0,"_bbp_anonymous_reply_count":0,"_bbp_topic_count_hidden":0,"_bbp_reply_count_hidden":0,"_bbp_forum_subforum_count":0,"footnotes":""},"class_list":["post-795","page","type-page","status-publish","hentry"],"post_mailing_queue_ids":[],"_links":{"self":[{"href":"https:\/\/agora.xtec.cat\/ceip-puig-gairalt\/wp-json\/wp\/v2\/pages\/795","targetHints":{"allow":["GET"]}}],"collection":[{"href":"https:\/\/agora.xtec.cat\/ceip-puig-gairalt\/wp-json\/wp\/v2\/pages"}],"about":[{"href":"https:\/\/agora.xtec.cat\/ceip-puig-gairalt\/wp-json\/wp\/v2\/types\/page"}],"author":[{"embeddable":true,"href":"https:\/\/agora.xtec.cat\/ceip-puig-gairalt\/wp-json\/wp\/v2\/users\/1"}],"replies":[{"embeddable":true,"href":"https:\/\/agora.xtec.cat\/ceip-puig-gairalt\/wp-json\/wp\/v2\/comments?post=795"}],"version-history":[{"count":4,"href":"https:\/\/agora.xtec.cat\/ceip-puig-gairalt\/wp-json\/wp\/v2\/pages\/795\/revisions"}],"predecessor-version":[{"id":1121,"href":"https:\/\/agora.xtec.cat\/ceip-puig-gairalt\/wp-json\/wp\/v2\/pages\/795\/revisions\/1121"}],"wp:attachment":[{"href":"https:\/\/agora.xtec.cat\/ceip-puig-gairalt\/wp-json\/wp\/v2\/media?parent=795"}],"curies":[{"name":"wp","href":"https:\/\/api.w.org\/{rel}","templated":true}]}}