{"id":77,"date":"2014-09-18T14:05:08","date_gmt":"2014-09-18T13:05:08","guid":{"rendered":"http:\/\/agora.xtec.cat\/ceip-puig-gairalt\/?page_id=77"},"modified":"2024-05-21T00:08:41","modified_gmt":"2024-05-20T22:08:41","slug":"acollida","status":"publish","type":"page","link":"https:\/\/agora.xtec.cat\/ceip-puig-gairalt\/serveis\/acollida\/","title":{"rendered":"Servei d&#8217;Acollida"},"content":{"rendered":"<h4 dir=\"ltr\"><img loading=\"lazy\" decoding=\"async\" class=\"alignnone size-full wp-image-3877\" src=\"https:\/\/agora.xtec.cat\/ceip-puig-gairalt\/wp-content\/uploads\/usu1399\/2024\/05\/Servei-Acollida.png\" alt=\"\" width=\"1200\" height=\"300\" srcset=\"https:\/\/agora.xtec.cat\/ceip-puig-gairalt\/wp-content\/uploads\/usu1399\/2024\/05\/Servei-Acollida.png 1200w, https:\/\/agora.xtec.cat\/ceip-puig-gairalt\/wp-content\/uploads\/usu1399\/2024\/05\/Servei-Acollida-300x75.png 300w, https:\/\/agora.xtec.cat\/ceip-puig-gairalt\/wp-content\/uploads\/usu1399\/2024\/05\/Servei-Acollida-1024x256.png 1024w, https:\/\/agora.xtec.cat\/ceip-puig-gairalt\/wp-content\/uploads\/usu1399\/2024\/05\/Servei-Acollida-768x192.png 768w\" sizes=\"auto, (max-width: 1200px) 100vw, 1200px\" \/><\/h4>\n<div dir=\"ltr\"><\/div>\n<div dir=\"ltr\">\n<div>\n<p align=\"justify\"><span style=\"font-size: medium;\">En l&#8217;Institut Escola Puig i Gairalt s&#8217;ofereix un servei d&#8217;acollida. <\/span><span style=\"font-size: medium;\">Els infants que <\/span>tenen germans\/es disposen del servei de 8:30 a 9 h gratu\u00eft. Contr\u00e0riament, el servei \u00e9s de pagament si \u00e9s de 7:45 a 9 h per a fam\u00edlies sense germans\/es en el centre.<\/p>\n<\/div>\n<p align=\"justify\">En cas d&#8217;estar interessats, si us plau, poseu-vos en contacte amb l&#8217;empresa del menjador.<\/p>\n<\/div>\n","protected":false},"excerpt":{"rendered":"<p>En l&#8217;Institut Escola Puig i Gairalt s&#8217;ofereix un servei d&#8217;acollida. Els infants que tenen germans\/es disposen del servei de 8:30 a 9 h gratu\u00eft. Contr\u00e0riament, el servei \u00e9s de pagament si \u00e9s de 7:45 a 9 h per a fam\u00edlies sense germans\/es en el centre.<\/p>\n<p>En&hellip;  <a href=\"https:\/\/agora.xtec.cat\/ceip-puig-gairalt\/serveis\/acollida\/\" title=\"Read Servei d&#8217;Acollida\">Llegeix m\u00e9s\u00bb<\/a><\/p>\n","protected":false},"author":1,"featured_media":0,"parent":66,"menu_order":20,"comment_status":"closed","ping_status":"closed","template":"page-templates\/side-menu.php","meta":{"_bbp_topic_count":0,"_bbp_reply_count":0,"_bbp_total_topic_count":0,"_bbp_total_reply_count":0,"_bbp_voice_count":0,"_bbp_anonymous_reply_count":0,"_bbp_topic_count_hidden":0,"_bbp_reply_count_hidden":0,"_bbp_forum_subforum_count":0,"footnotes":""},"class_list":["post-77","page","type-page","status-publish","hentry"],"post_mailing_queue_ids":[],"_links":{"self":[{"href":"https:\/\/agora.xtec.cat\/ceip-puig-gairalt\/wp-json\/wp\/v2\/pages\/77","targetHints":{"allow":["GET"]}}],"collection":[{"href":"https:\/\/agora.xtec.cat\/ceip-puig-gairalt\/wp-json\/wp\/v2\/pages"}],"about":[{"href":"https:\/\/agora.xtec.cat\/ceip-puig-gairalt\/wp-json\/wp\/v2\/types\/page"}],"author":[{"embeddable":true,"href":"https:\/\/agora.xtec.cat\/ceip-puig-gairalt\/wp-json\/wp\/v2\/users\/1"}],"replies":[{"embeddable":true,"href":"https:\/\/agora.xtec.cat\/ceip-puig-gairalt\/wp-json\/wp\/v2\/comments?post=77"}],"version-history":[{"count":7,"href":"https:\/\/agora.xtec.cat\/ceip-puig-gairalt\/wp-json\/wp\/v2\/pages\/77\/revisions"}],"predecessor-version":[{"id":3883,"href":"https:\/\/agora.xtec.cat\/ceip-puig-gairalt\/wp-json\/wp\/v2\/pages\/77\/revisions\/3883"}],"up":[{"embeddable":true,"href":"https:\/\/agora.xtec.cat\/ceip-puig-gairalt\/wp-json\/wp\/v2\/pages\/66"}],"wp:attachment":[{"href":"https:\/\/agora.xtec.cat\/ceip-puig-gairalt\/wp-json\/wp\/v2\/media?parent=77"}],"curies":[{"name":"wp","href":"https:\/\/api.w.org\/{rel}","templated":true}]}}