{"id":38,"date":"2014-09-18T12:34:08","date_gmt":"2014-09-18T11:34:08","guid":{"rendered":"http:\/\/agora.xtec.cat\/ceip-puig-gairalt\/?page_id=38"},"modified":"2022-10-17T12:00:55","modified_gmt":"2022-10-17T10:00:55","slug":"salut","status":"publish","type":"page","link":"https:\/\/agora.xtec.cat\/ceip-puig-gairalt\/lescola\/salut\/","title":{"rendered":"Salut"},"content":{"rendered":"<h4 style=\"text-align: justify;\">Informaci\u00f3 sobre l&#8217;Enterovirus<strong><u><br \/>\n<\/u><\/strong><\/h4>\n<p style=\"text-align: justify;\">En el <a href=\"http:\/\/canalsalut.gencat.cat\/ca\/detalls\/article\/Enterovirus-00009\">Canal Salut. Enterovirus<\/a> de la Generalitat de Catalunya trobareu les mesures de prevenci\u00f3 i control oportunes aix\u00ed com altres informacions d\u2019inter\u00e8s.<\/p>\n<h4 style=\"text-align: justify;\">Al\u00b7l\u00e8rgies, intoler\u00e0ncies aliment\u00e0ries i\/o malalties<\/h4>\n<p>S&#8217;ha de comunicar al centre de les al\u00b7l\u00e8rgies, intoler\u00e0ncies aliment\u00e0ries i malalties a trav\u00e9s del\u00a0<a href=\"https:\/\/agora.xtec.cat\/ceip-puig-gairalt\/wp-content\/uploads\/usu1399\/bp-attachments\/2917\/Formulari-allergies-intolerancies-alimentaries-i-malalties..pdf\">formulari enlla\u00e7at.<\/a><\/p>\n<p style=\"text-align: justify;\">Les\u00a0<strong>al\u00b7l\u00e8rgies aliment\u00e0ries<\/strong> s\u00f3n reaccions adverses de l\u2019organisme com a conseq\u00fc\u00e8ncia del contacte, la ingesti\u00f3 o la inhalaci\u00f3 d\u2019un aliment o algun dels seus components; perqu\u00e8 una reacci\u00f3 adversa a un aliment sigui considerada com a al\u00b7l\u00e8rgia hi ha d\u2019haver una base immunol\u00f2gica. El sistema immune reacciona contra certes subst\u00e0ncies que s\u00f3n presents en els aliments i que reben el nom d&#8217;al\u00b7l\u00e8rgens.<\/p>\n<p style=\"text-align: justify;\">Les <strong>intoler\u00e0ncies aliment\u00e0ries<\/strong> s\u00f3n reaccions adverses als aliments que es produeixen a causa d\u2019algun tipus d\u2019alteraci\u00f3 que impedeix digerir correctament un aliment o algun dels seus components. Poden tenir una simptomatologia similar a la d\u2019algunes al\u00b7l\u00e8rgies, com ara diarrea o dolor abdominal, per\u00f2 en aquest cas no hi ha una intervenci\u00f3 del sistema immunitari, es produeixen a causa d\u2019algun tipus d\u2019alteraci\u00f3 que impedeix digerir correctament un aliment o algun dels seus components. Comprenen respostes no immunes que s\u00f3n dependents de defici\u00e8ncies enzim\u00e0tiques, reaccions farmacol\u00f2giques o, en alguns casos, de mecanismes desconeguts.<\/p>\n<h4 style=\"text-align: justify;\">Vacunes<\/h4>\n<p style=\"text-align: justify;\">Un equip m\u00e8dic del CAP de Pubilla Casas efectua la vacunaci\u00f3 a 6\u00e8 de antihepatitis A i B, i VPH (virus del papil\u00b7loma hum\u00e0). Per a poder vacunar els nois i noies caldria que port\u00e9ssiu el seg\u00fcent:<\/p>\n<ul style=\"text-align: justify;\">\n<li>Full d\u2019autoritzaci\u00f3 del consentiment dels pares amb l\u2019acord o desacord en la vacunaci\u00f3.<\/li>\n<li>Carnet de vacunes del nen (l&#8217;hauran de portar\u00a0 el dia de la vacunaci\u00f3).<\/li>\n<li>Un nou document, l\u2019 e-consentiment,\u00a0que \u00e9s una eina que ens pot ajudar a tots a millorar l\u2019accessibilitat al nostre centre d\u2019Atenci\u00f3 Prim\u00e0ria de Salut i facilitar alguns tr\u00e0mits de forma\u00a0 confidencial i segura, posant a la vostra disposici\u00f3 noves vies de comunicaci\u00f3. \u00a0Les dades facilitades seguiran el mateix tractament de confidencialitat que totes les dades que es registren al sistema inform\u00e0tic del nostre centre d&#8217;Assist\u00e8ncia\u00a0 i us facilitaran els tr\u00e0mits sanitaris.<\/li>\n<\/ul>\n<h4 style=\"text-align: justify;\">Medicaments<\/h4>\n<p style=\"text-align: justify;\">Per l\u2019administraci\u00f3 de medicaments s\u2019ha de seguir la normativa que disposa el Departament d\u2019Educaci\u00f3:<br \/>\n\u201cPer a administrar medicaments als alumnes cal que el pare, mare o tutor legal aporti una recepta o informe del metge o metgessa on consti el nom de l\u2019alumne\/a, la pauta i el nom del medicament que ha de prendre. Aix\u00ed mateix, el pare, mare o tutor legal ha d\u2019aportar un escrit on s\u2019autoritzi al personal del centre docent que administri al fill o filla la medicaci\u00f3 prescrita sempre que sigui imprescindible la seva administraci\u00f3 en horari lectiu.\u201d En l&#8217;apartat de documents teniu l&#8217;autoritzaci\u00f3 per dispensar medicaments a l&#8217;escola.<\/p>\n<p style=\"text-align: justify;\">A partir del curs 2014\/15 l&#8217;escola pot administrar paracetamol als alumnes<strong> sempre<\/strong> que els seus tutors legals hagin signat l&#8217;autoritzaci\u00f3. (vegeu l&#8217;apartat documents, administraci\u00f3 paracetamol a l&#8217;escola).<\/p>\n<h4 style=\"text-align: justify;\">Els polls<\/h4>\n<p style=\"text-align: justify;\">Us recordem que aquest tema dels par\u00e0sits costa molt de resoldre i porta complicacions al llarg del curs. Convindria que an\u00e9ssiu mirant el cap dels vostres fills. Aqu\u00ed trobareu informaci\u00f3 suficient per encarar el problema: <a href=\"http:\/\/www.xtec.cat\/centres\/a8043863\/funciona\/poll\/poll.htm\">Els polls<\/a><\/p>\n<p style=\"text-align: justify;\"><video controls=\"controls\" width=\"1200\" height=\"600\"><source src=\"https:\/\/mp4-down-high-int.ccma.cat\/8\/4\/1297435663048.mp4\" type=\"video\/mp4\" \/><\/video><\/p>\n","protected":false},"excerpt":{"rendered":"<p>Informaci\u00f3 sobre l&#8217;Enterovirus<\/p>\n<p>En el <a href=\"http:\/\/canalsalut.gencat.cat\/ca\/detalls\/article\/Enterovirus-00009\">Canal Salut. Enterovirus<\/a> de la Generalitat de Catalunya trobareu les mesures de prevenci\u00f3 i control oportunes aix\u00ed com altres informacions d\u2019inter\u00e8s.<br \/>\nAl\u00b7l\u00e8rgies, intoler\u00e0ncies aliment\u00e0ries i\/o malalties<br \/>\nS&#8217;ha de comunicar al centre de les al\u00b7l\u00e8rgies, intoler\u00e0ncies aliment\u00e0ries i malalties a trav\u00e9s del\u00a0<a href=\"https:\/\/agora.xtec.cat\/ceip-puig-gairalt\/wp-content\/uploads\/usu1399\/bp-attachments\/2917\/Formulari-allergies-intolerancies-alimentaries-i-malalties..pdf\">formulari&hellip;  <a href=\"https:\/\/agora.xtec.cat\/ceip-puig-gairalt\/lescola\/salut\/\" title=\"Read Salut\">Llegeix m\u00e9s\u00bb<\/a><\/p>\n","protected":false},"author":1,"featured_media":0,"parent":22,"menu_order":80,"comment_status":"closed","ping_status":"closed","template":"page-templates\/side-menu.php","meta":{"_bbp_topic_count":0,"_bbp_reply_count":0,"_bbp_total_topic_count":0,"_bbp_total_reply_count":0,"_bbp_voice_count":0,"_bbp_anonymous_reply_count":0,"_bbp_topic_count_hidden":0,"_bbp_reply_count_hidden":0,"_bbp_forum_subforum_count":0,"footnotes":""},"class_list":["post-38","page","type-page","status-publish","hentry"],"post_mailing_queue_ids":[],"_links":{"self":[{"href":"https:\/\/agora.xtec.cat\/ceip-puig-gairalt\/wp-json\/wp\/v2\/pages\/38","targetHints":{"allow":["GET"]}}],"collection":[{"href":"https:\/\/agora.xtec.cat\/ceip-puig-gairalt\/wp-json\/wp\/v2\/pages"}],"about":[{"href":"https:\/\/agora.xtec.cat\/ceip-puig-gairalt\/wp-json\/wp\/v2\/types\/page"}],"author":[{"embeddable":true,"href":"https:\/\/agora.xtec.cat\/ceip-puig-gairalt\/wp-json\/wp\/v2\/users\/1"}],"replies":[{"embeddable":true,"href":"https:\/\/agora.xtec.cat\/ceip-puig-gairalt\/wp-json\/wp\/v2\/comments?post=38"}],"version-history":[{"count":3,"href":"https:\/\/agora.xtec.cat\/ceip-puig-gairalt\/wp-json\/wp\/v2\/pages\/38\/revisions"}],"predecessor-version":[{"id":2922,"href":"https:\/\/agora.xtec.cat\/ceip-puig-gairalt\/wp-json\/wp\/v2\/pages\/38\/revisions\/2922"}],"up":[{"embeddable":true,"href":"https:\/\/agora.xtec.cat\/ceip-puig-gairalt\/wp-json\/wp\/v2\/pages\/22"}],"wp:attachment":[{"href":"https:\/\/agora.xtec.cat\/ceip-puig-gairalt\/wp-json\/wp\/v2\/media?parent=38"}],"curies":[{"name":"wp","href":"https:\/\/api.w.org\/{rel}","templated":true}]}}