{"id":84,"date":"2014-09-18T14:11:31","date_gmt":"2014-09-18T14:11:31","guid":{"rendered":"http:\/\/agora.xtec.cat\/ceip-puig-agut-manlleu\/?page_id=84"},"modified":"2024-10-09T16:30:08","modified_gmt":"2024-10-09T14:30:08","slug":"activitats-extraescolars","status":"publish","type":"page","link":"https:\/\/agora.xtec.cat\/ceip-puig-agut-manlleu\/serveis\/activitats-extraescolars\/","title":{"rendered":"Activitats extraescolars"},"content":{"rendered":"<p><strong>Curs 2024-2025<\/strong><\/p>\n<p>Aquest curs 2024-2025 oferim diverses activitats extraescolars.<\/p>\n<p>1.- Cuina:\u00a0<b>dijous de les 17h a les 18.30h<\/b><\/p>\n<p>2.- Angl\u00e8s l\u00fadic: <strong>dilluns de les 17h a les 18.15<\/strong><\/p>\n<p>3.- Futbol: <b>dilluns i dimarts de les 17h a les 18.15h<\/b><\/p>\n<p>4.- Grup de refor\u00e7 escolar: <strong>dilluns, dimarts i dijous de les 17h a les 18.15h<\/strong><\/p>\n<p>5.- Patinatge: <strong>d<\/strong><b>imecres de 17h a les 18.15<\/b><\/p>\n<p><strong>Curs 2021-2022<\/strong><\/p>\n<p>1.- Activitats extraescolars Xarxa Ampa<\/p>\n<p><a href=\"https:\/\/agora.xtec.cat\/ceip-puig-agut-manlleu\/wp-content\/uploads\/usu41\/2022\/02\/extraescolars.jpg\"><img loading=\"lazy\" decoding=\"async\" class=\"aligncenter size-full wp-image-2194\" src=\"https:\/\/agora.xtec.cat\/ceip-puig-agut-manlleu\/wp-content\/uploads\/usu41\/2022\/02\/extraescolars.jpg\" alt=\"\" width=\"1348\" height=\"437\" srcset=\"https:\/\/agora.xtec.cat\/ceip-puig-agut-manlleu\/wp-content\/uploads\/usu41\/2022\/02\/extraescolars.jpg 1348w, https:\/\/agora.xtec.cat\/ceip-puig-agut-manlleu\/wp-content\/uploads\/usu41\/2022\/02\/extraescolars-300x97.jpg 300w, https:\/\/agora.xtec.cat\/ceip-puig-agut-manlleu\/wp-content\/uploads\/usu41\/2022\/02\/extraescolars-1024x332.jpg 1024w, https:\/\/agora.xtec.cat\/ceip-puig-agut-manlleu\/wp-content\/uploads\/usu41\/2022\/02\/extraescolars-768x249.jpg 768w\" sizes=\"auto, (max-width: 1348px) 100vw, 1348px\" \/><\/a><\/p>\n<p>&nbsp;<\/p>\n<p><strong>Curs 2020-2021<\/strong><\/p>\n<p><strong>1.- PEC. Activitats Xarxa Ampa<\/strong><\/p>\n<p>Dimecres i dijous : B\u00e0squet en angl\u00e8s i atletisme.<\/p>\n<p>Vine t&#8217;esperem !!!<br \/>\n<a href=\"https:\/\/agora.xtec.cat\/ceip-puig-agut-manlleu\/wp-content\/uploads\/usu41\/2019\/10\/extr19.jpg\"><img loading=\"lazy\" decoding=\"async\" class=\"size-full wp-image-1280 alignleft\" src=\"https:\/\/agora.xtec.cat\/ceip-puig-agut-manlleu\/wp-content\/uploads\/usu41\/2019\/10\/extr19.jpg\" alt=\"\" width=\"641\" height=\"218\" srcset=\"https:\/\/agora.xtec.cat\/ceip-puig-agut-manlleu\/wp-content\/uploads\/usu41\/2019\/10\/extr19.jpg 641w, https:\/\/agora.xtec.cat\/ceip-puig-agut-manlleu\/wp-content\/uploads\/usu41\/2019\/10\/extr19-300x102.jpg 300w\" sizes=\"auto, (max-width: 641px) 100vw, 641px\" \/><\/a><\/p>\n<hr \/>\n<p><strong>2. Activitats PMOE<\/strong><\/p>\n<p style=\"text-align: left;\">Un professor de l&#8217;Escola de M\u00fasica de Manlleu, Sr. Joan Molina, realitza una extraescolar de batucada. Dirigit a l&#8217;alumnat de cicle mitj\u00e0.<\/p>\n<p style=\"text-align: left;\">Dijous i divendres de 17 a 18h<\/p>\n<p style=\"text-align: left;\"><a href=\"https:\/\/photos.google.com\/share\/AF1QipPZjtSPGGcRi4GHVbDm0LnjyXPv_ZLIQzH-h0JSHYPCbnBnkv0ZM32bVqKRVj9m0Q?key=TWpvYU9QNU9ZZEoyZDBYMWx6MFlOWGRUc2tXSXVB\"><img loading=\"lazy\" decoding=\"async\" class=\"alignnone wp-image-357\" src=\"http:\/\/blocs.xtec.cat\/projecteviladomat\/files\/2021\/02\/batucada1.jpg\" alt=\"\" width=\"480\" height=\"271\" \/><\/a><\/p>\n<p>Mesura 4: Proposta 1.<\/p>\n<p>Extraescolar en horari de menjador. (13h\u00a0 14h).<\/p>\n<p><a href=\"https:\/\/agora.xtec.cat\/ceip-puig-agut-manlleu\/wp-content\/uploads\/usu41\/2021\/02\/pmoe3.jpg\"><img loading=\"lazy\" decoding=\"async\" class=\" wp-image-1890 alignleft\" src=\"https:\/\/agora.xtec.cat\/ceip-puig-agut-manlleu\/wp-content\/uploads\/usu41\/2021\/02\/pmoe3.jpg\" alt=\"\" width=\"335\" height=\"448\" srcset=\"https:\/\/agora.xtec.cat\/ceip-puig-agut-manlleu\/wp-content\/uploads\/usu41\/2021\/02\/pmoe3.jpg 453w, https:\/\/agora.xtec.cat\/ceip-puig-agut-manlleu\/wp-content\/uploads\/usu41\/2021\/02\/pmoe3-225x300.jpg 225w\" sizes=\"auto, (max-width: 335px) 100vw, 335px\" \/><\/a><\/p>\n<p>&nbsp;<\/p>\n<p>&nbsp;<\/p>\n<p>&nbsp;<\/p>\n<p>&nbsp;<\/p>\n<p>&nbsp;<\/p>\n<p>&nbsp;<\/p>\n<p>&nbsp;<\/p>\n<p>&nbsp;<\/p>\n<p>&nbsp;<\/p>\n<p>&nbsp;<\/p>\n<p>&nbsp;<\/p>\n<p><strong>3. Activitat d&#8217;estudi assistit. (Curs 2020-2021)<\/strong><\/p>\n<p>Dirigit a l&#8217;alumnat de 3r, 4t i 5\u00e8. Horari de 17h a 18h. (Dilluns a dijous).<\/p>\n<p>Aquest curs va dirigit a un acompanyament educatiu.<\/p>\n<p>&nbsp;<\/p>\n<p><strong>3. Activitat : Estudi assistit. (Curs 2019-20).<\/strong><\/p>\n<p>Dirigida a l&#8217;alumnat de cicle superior . 6\u00e8.<\/p>\n<p><iframe loading=\"lazy\" src=\"https:\/\/www.youtube.com\/embed\/MQfOUBA-Ujw\" width=\"560\" height=\"315\" frameborder=\"0\"><\/iframe><\/p>\n<p>Podeu veure m\u00e9s imatges : <a href=\"https:\/\/photos.app.goo.gl\/PE76MZmreCAmbWvVA\">rob\u00f2tica<\/a><\/p>\n<p>Activitat dirigida entre altres objectius,\u00a0 a adquirir una millor comprensi\u00f3 i\u00a0 expressi\u00f3 oral,\u00a0 comprensi\u00f3 i expressi\u00f3 escrita, una millora en la l\u00f2gica matem\u00e0tica de programaci\u00f3.<\/p>\n<p>Aquesta activitat forma part d\u2019un Pla educatiu d\u2019entorn. <strong>Programa de orientaci\u00f3n y refuerzo para el avance y apoyo en la educaci\u00f3n,\u00a0<\/strong>promogut pel Ministerio de educaci\u00f3n y Formaci\u00f3n Profesional que compta amb el cofinan\u00e7amentdel <strong>\u201cPrograma operatiu d\u2019ocupaci\u00f3,\u00a0<\/strong><strong>formaci\u00f3 oi educaci\u00f3 del Fons\u00a0 Social Europeu 2014 \u2013 2020 \u201c\u00a0 (POEFE)<\/strong><\/p>\n<p><a href=\"https:\/\/agora.xtec.cat\/ceip-puig-agut-manlleu\/wp-content\/uploads\/usu41\/2020\/01\/cartellDINA4.docx\">CARTELLERA<br \/>\n<img loading=\"lazy\" decoding=\"async\" class=\"aligncenter size-large wp-image-1343\" src=\"https:\/\/agora.xtec.cat\/ceip-puig-agut-manlleu\/wp-content\/uploads\/usu41\/2019\/11\/logo-1024x140.jpg\" alt=\"\" width=\"1024\" height=\"140\" srcset=\"https:\/\/agora.xtec.cat\/ceip-puig-agut-manlleu\/wp-content\/uploads\/usu41\/2019\/11\/logo-1024x140.jpg 1024w, https:\/\/agora.xtec.cat\/ceip-puig-agut-manlleu\/wp-content\/uploads\/usu41\/2019\/11\/logo-300x41.jpg 300w, https:\/\/agora.xtec.cat\/ceip-puig-agut-manlleu\/wp-content\/uploads\/usu41\/2019\/11\/logo-768x105.jpg 768w, https:\/\/agora.xtec.cat\/ceip-puig-agut-manlleu\/wp-content\/uploads\/usu41\/2019\/11\/logo.jpg 1436w\" sizes=\"auto, (max-width: 1024px) 100vw, 1024px\" \/><\/a><\/p>\n<p>&nbsp;<\/p>\n","protected":false},"excerpt":{"rendered":"<p>Curs 2024-2025<br \/>\nAquest curs 2024-2025 oferim diverses activitats extraescolars.<br \/>\n1.- Cuina:\u00a0dijous de les 17h a les 18.30h<br \/>\n2.- Angl\u00e8s l\u00fadic: dilluns de les 17h a les 18.15<br \/>\n3.- Futbol: dilluns i dimarts de les 17h a les 18.15h<br \/>\n4.- Grup de refor\u00e7 escolar: dilluns, dimarts i dijous de les 17h&hellip;  <a href=\"https:\/\/agora.xtec.cat\/ceip-puig-agut-manlleu\/serveis\/activitats-extraescolars\/\" title=\"Read Activitats extraescolars\">Llegeix m\u00e9s\u00bb<\/a><\/p>\n","protected":false},"author":2,"featured_media":0,"parent":66,"menu_order":20,"comment_status":"closed","ping_status":"closed","template":"page-templates\/side-menu.php","meta":{"_bbp_topic_count":0,"_bbp_reply_count":0,"_bbp_total_topic_count":0,"_bbp_total_reply_count":0,"_bbp_voice_count":0,"_bbp_anonymous_reply_count":0,"_bbp_topic_count_hidden":0,"_bbp_reply_count_hidden":0,"_bbp_forum_subforum_count":0,"footnotes":""},"class_list":["post-84","page","type-page","status-publish","hentry"],"post_mailing_queue_ids":[],"_links":{"self":[{"href":"https:\/\/agora.xtec.cat\/ceip-puig-agut-manlleu\/wp-json\/wp\/v2\/pages\/84","targetHints":{"allow":["GET"]}}],"collection":[{"href":"https:\/\/agora.xtec.cat\/ceip-puig-agut-manlleu\/wp-json\/wp\/v2\/pages"}],"about":[{"href":"https:\/\/agora.xtec.cat\/ceip-puig-agut-manlleu\/wp-json\/wp\/v2\/types\/page"}],"author":[{"embeddable":true,"href":"https:\/\/agora.xtec.cat\/ceip-puig-agut-manlleu\/wp-json\/wp\/v2\/users\/2"}],"replies":[{"embeddable":true,"href":"https:\/\/agora.xtec.cat\/ceip-puig-agut-manlleu\/wp-json\/wp\/v2\/comments?post=84"}],"version-history":[{"count":5,"href":"https:\/\/agora.xtec.cat\/ceip-puig-agut-manlleu\/wp-json\/wp\/v2\/pages\/84\/revisions"}],"predecessor-version":[{"id":2872,"href":"https:\/\/agora.xtec.cat\/ceip-puig-agut-manlleu\/wp-json\/wp\/v2\/pages\/84\/revisions\/2872"}],"up":[{"embeddable":true,"href":"https:\/\/agora.xtec.cat\/ceip-puig-agut-manlleu\/wp-json\/wp\/v2\/pages\/66"}],"wp:attachment":[{"href":"https:\/\/agora.xtec.cat\/ceip-puig-agut-manlleu\/wp-json\/wp\/v2\/media?parent=84"}],"curies":[{"name":"wp","href":"https:\/\/api.w.org\/{rel}","templated":true}]}}