{"id":2675,"date":"2023-12-14T15:31:59","date_gmt":"2023-12-14T14:31:59","guid":{"rendered":"https:\/\/agora.xtec.cat\/ceip-puig-agut-manlleu\/?page_id=2675"},"modified":"2023-12-29T11:20:46","modified_gmt":"2023-12-29T10:20:46","slug":"proa-2023-24-2","status":"publish","type":"page","link":"https:\/\/agora.xtec.cat\/ceip-puig-agut-manlleu\/proa-2023-24-2\/","title":{"rendered":"Proa + 2023-24"},"content":{"rendered":"<p>El\u00a0<a href=\"https:\/\/www.educacionyfp.gob.es\/mc\/sgctie\/cooperacion-territorial\/programas-cooperacion\/proa.html\" target=\"_blank\" rel=\"noopener\">Pla PROA<\/a>\u00a0(Plan de Refuerzo, Orientaci\u00f3n y Apoyo) est\u00e0 destinat als centres d\u2019Educaci\u00f3 Prim\u00e0ria i Secund\u00e0ria, est\u00e0 ent\u00e8s com un Programa de Cooperaci\u00f3 Territorial entre el Ministerio de Educaci\u00f3n y Formaci\u00f3n Profesional y les Comunitats Aut\u00f2nomes.<\/p>\n<p>L&#8217; escola ha entrat en aquest programa per al per\u00edode 2022-2024.<\/p>\n<p>La seva finalitat \u00e9s recolzar als centres educatius. Aquest suport ha de permetre millorar la qualitat educativa i els resultats escolars gr\u00e0cies a programes i actuacions a realitzar en les escoles i instituts que estan acollits a aquest pla. Aquests programes i actuacions es podran dur a terme amb l\u2019ajut econ\u00f2mic que l\u2019escola rep del <a href=\"https:\/\/www.educacionyfp.gob.es\/mc\/sgctie\/cooperacion-territorial\/programas-cooperacion\/proa.html\" target=\"_blank\" rel=\"noopener\">programa PROA+<\/a>.<\/p>\n<p><a href=\"https:\/\/agora.xtec.cat\/ceip-puig-agut-manlleu\/wp-content\/uploads\/usu41\/2023\/02\/Cartell-PROAPLUS-Centres-scaled.jpg\">Cartell informatiu.<\/a><\/p>\n<p><a href=\"https:\/\/agora.xtec.cat\/ceip-puig-agut-manlleu\/categoria\/activitats-proa-23-24\/\">Proposta d&#8217;activitats.<\/a><\/p>\n<p><img loading=\"lazy\" decoding=\"async\" class=\"aligncenter size-full wp-image-2367\" src=\"https:\/\/agora.xtec.cat\/ceip-puig-agut-manlleu\/wp-content\/uploads\/usu41\/2022\/12\/proa-22-2.jpg\" alt=\"\" width=\"1096\" height=\"72\" srcset=\"https:\/\/agora.xtec.cat\/ceip-puig-agut-manlleu\/wp-content\/uploads\/usu41\/2022\/12\/proa-22-2.jpg 1096w, https:\/\/agora.xtec.cat\/ceip-puig-agut-manlleu\/wp-content\/uploads\/usu41\/2022\/12\/proa-22-2-300x20.jpg 300w, https:\/\/agora.xtec.cat\/ceip-puig-agut-manlleu\/wp-content\/uploads\/usu41\/2022\/12\/proa-22-2-1024x67.jpg 1024w, https:\/\/agora.xtec.cat\/ceip-puig-agut-manlleu\/wp-content\/uploads\/usu41\/2022\/12\/proa-22-2-768x50.jpg 768w\" sizes=\"auto, (max-width: 1096px) 100vw, 1096px\" \/><\/p>\n","protected":false},"excerpt":{"rendered":"<p>El\u00a0<a href=\"https:\/\/www.educacionyfp.gob.es\/mc\/sgctie\/cooperacion-territorial\/programas-cooperacion\/proa.html\" target=\"_blank\" rel=\"noopener\">Pla PROA<\/a>\u00a0(Plan de Refuerzo, Orientaci\u00f3n y Apoyo) est\u00e0 destinat als centres d\u2019Educaci\u00f3 Prim\u00e0ria i Secund\u00e0ria, est\u00e0 ent\u00e8s com un Programa de Cooperaci\u00f3 Territorial entre el Ministerio de Educaci\u00f3n y Formaci\u00f3n Profesional y les Comunitats Aut\u00f2nomes.<br \/>\nL&#8217; escola ha entrat en aquest programa per&hellip;  <a href=\"https:\/\/agora.xtec.cat\/ceip-puig-agut-manlleu\/proa-2023-24-2\/\" title=\"Read Proa + 2023-24\">Llegeix m\u00e9s\u00bb<\/a><\/p>\n","protected":false},"author":1,"featured_media":0,"parent":0,"menu_order":0,"comment_status":"closed","ping_status":"closed","template":"","meta":{"_bbp_topic_count":0,"_bbp_reply_count":0,"_bbp_total_topic_count":0,"_bbp_total_reply_count":0,"_bbp_voice_count":0,"_bbp_anonymous_reply_count":0,"_bbp_topic_count_hidden":0,"_bbp_reply_count_hidden":0,"_bbp_forum_subforum_count":0,"footnotes":""},"class_list":["post-2675","page","type-page","status-publish","hentry"],"post_mailing_queue_ids":[],"_links":{"self":[{"href":"https:\/\/agora.xtec.cat\/ceip-puig-agut-manlleu\/wp-json\/wp\/v2\/pages\/2675","targetHints":{"allow":["GET"]}}],"collection":[{"href":"https:\/\/agora.xtec.cat\/ceip-puig-agut-manlleu\/wp-json\/wp\/v2\/pages"}],"about":[{"href":"https:\/\/agora.xtec.cat\/ceip-puig-agut-manlleu\/wp-json\/wp\/v2\/types\/page"}],"author":[{"embeddable":true,"href":"https:\/\/agora.xtec.cat\/ceip-puig-agut-manlleu\/wp-json\/wp\/v2\/users\/1"}],"replies":[{"embeddable":true,"href":"https:\/\/agora.xtec.cat\/ceip-puig-agut-manlleu\/wp-json\/wp\/v2\/comments?post=2675"}],"version-history":[{"count":4,"href":"https:\/\/agora.xtec.cat\/ceip-puig-agut-manlleu\/wp-json\/wp\/v2\/pages\/2675\/revisions"}],"predecessor-version":[{"id":2710,"href":"https:\/\/agora.xtec.cat\/ceip-puig-agut-manlleu\/wp-json\/wp\/v2\/pages\/2675\/revisions\/2710"}],"wp:attachment":[{"href":"https:\/\/agora.xtec.cat\/ceip-puig-agut-manlleu\/wp-json\/wp\/v2\/media?parent=2675"}],"curies":[{"name":"wp","href":"https:\/\/api.w.org\/{rel}","templated":true}]}}