{"id":1413,"date":"2020-01-31T16:47:05","date_gmt":"2020-01-31T15:47:05","guid":{"rendered":"https:\/\/agora.xtec.cat\/ceip-puig-agut-manlleu\/?page_id=1413"},"modified":"2023-03-22T16:59:15","modified_gmt":"2023-03-22T15:59:15","slug":"poefe","status":"publish","type":"page","link":"https:\/\/agora.xtec.cat\/ceip-puig-agut-manlleu\/lescola\/poefe\/","title":{"rendered":"POEFE 2019-20"},"content":{"rendered":"<p>&nbsp;<\/p>\n<p><strong>2. Activitat : Estudi assistit.<\/strong><\/p>\n<p>Dirigida a l&#8217;alumnat de cicle superior . 6\u00e8.<\/p>\n<p><iframe loading=\"lazy\" src=\"https:\/\/www.youtube.com\/embed\/MQfOUBA-Ujw\" width=\"560\" height=\"315\" frameborder=\"0\" allowfullscreen=\"allowfullscreen\"><\/iframe><\/p>\n<p>Podeu veure m\u00e9s imatges : <a href=\"https:\/\/photos.app.goo.gl\/PE76MZmreCAmbWvVA\">rob\u00f2tica<\/a><\/p>\n<p>Activitat dirigida entre altres objectius,\u00a0 a adquirir una millor comprensi\u00f3 i\u00a0 expressi\u00f3 oral,\u00a0 comprensi\u00f3 i expressi\u00f3 escrita, una millora en la l\u00f2gica matem\u00e0tica de programaci\u00f3.<\/p>\n<p>Aquesta activitat forma part d\u2019un Pla educatiu d\u2019entorn. <strong>Programa de orientaci\u00f3n y refuerzo para el avance y apoyo en la educaci\u00f3n,\u00a0<\/strong>promogut pel Ministerio de educaci\u00f3n y Formaci\u00f3n Profesional que compta amb el cofinan\u00e7amentdel <strong>\u201cPrograma operatiu d\u2019ocupaci\u00f3,\u00a0<\/strong><strong>formaci\u00f3 oi educaci\u00f3 del Fons\u00a0 Social Europeu 2014 \u2013 2020 \u201c\u00a0 (POEFE)<\/strong><\/p>\n<p><a href=\"https:\/\/agora.xtec.cat\/ceip-puig-agut-manlleu\/wp-content\/uploads\/usu41\/2020\/01\/cartellDINA4.docx\">CARTELLERA<br \/>\n<img loading=\"lazy\" decoding=\"async\" class=\"aligncenter size-large wp-image-1343\" src=\"https:\/\/agora.xtec.cat\/ceip-puig-agut-manlleu\/wp-content\/uploads\/usu41\/2019\/11\/logo-1024x140.jpg\" alt=\"\" width=\"1024\" height=\"140\" srcset=\"https:\/\/agora.xtec.cat\/ceip-puig-agut-manlleu\/wp-content\/uploads\/usu41\/2019\/11\/logo-1024x140.jpg 1024w, https:\/\/agora.xtec.cat\/ceip-puig-agut-manlleu\/wp-content\/uploads\/usu41\/2019\/11\/logo-300x41.jpg 300w, https:\/\/agora.xtec.cat\/ceip-puig-agut-manlleu\/wp-content\/uploads\/usu41\/2019\/11\/logo-768x105.jpg 768w, https:\/\/agora.xtec.cat\/ceip-puig-agut-manlleu\/wp-content\/uploads\/usu41\/2019\/11\/logo.jpg 1436w\" sizes=\"auto, (max-width: 1024px) 100vw, 1024px\" \/><\/a><\/p>\n<p>&nbsp;<\/p>\n","protected":false},"excerpt":{"rendered":"<p>&nbsp;<br \/>\n2. Activitat : Estudi assistit.<br \/>\nDirigida a l&#8217;alumnat de cicle superior . 6\u00e8.<\/p>\n<p>Podeu veure m\u00e9s imatges : <a href=\"https:\/\/photos.app.goo.gl\/PE76MZmreCAmbWvVA\">rob\u00f2tica<\/a><br \/>\nActivitat dirigida entre altres objectius,\u00a0 a adquirir una millor comprensi\u00f3 i\u00a0 expressi\u00f3 oral,\u00a0 comprensi\u00f3 i expressi\u00f3 escrita, una millora en la l\u00f2gica matem\u00e0tica de programaci\u00f3.<br \/>\nAquesta activitat forma part&hellip;  <a href=\"https:\/\/agora.xtec.cat\/ceip-puig-agut-manlleu\/lescola\/poefe\/\" title=\"Read POEFE 2019-20\">Llegeix m\u00e9s\u00bb<\/a><\/p>\n","protected":false},"author":1,"featured_media":0,"parent":22,"menu_order":0,"comment_status":"closed","ping_status":"closed","template":"","meta":{"_bbp_topic_count":0,"_bbp_reply_count":0,"_bbp_total_topic_count":0,"_bbp_total_reply_count":0,"_bbp_voice_count":0,"_bbp_anonymous_reply_count":0,"_bbp_topic_count_hidden":0,"_bbp_reply_count_hidden":0,"_bbp_forum_subforum_count":0,"footnotes":""},"class_list":["post-1413","page","type-page","status-publish","hentry"],"post_mailing_queue_ids":[],"_links":{"self":[{"href":"https:\/\/agora.xtec.cat\/ceip-puig-agut-manlleu\/wp-json\/wp\/v2\/pages\/1413","targetHints":{"allow":["GET"]}}],"collection":[{"href":"https:\/\/agora.xtec.cat\/ceip-puig-agut-manlleu\/wp-json\/wp\/v2\/pages"}],"about":[{"href":"https:\/\/agora.xtec.cat\/ceip-puig-agut-manlleu\/wp-json\/wp\/v2\/types\/page"}],"author":[{"embeddable":true,"href":"https:\/\/agora.xtec.cat\/ceip-puig-agut-manlleu\/wp-json\/wp\/v2\/users\/1"}],"replies":[{"embeddable":true,"href":"https:\/\/agora.xtec.cat\/ceip-puig-agut-manlleu\/wp-json\/wp\/v2\/comments?post=1413"}],"version-history":[{"count":3,"href":"https:\/\/agora.xtec.cat\/ceip-puig-agut-manlleu\/wp-json\/wp\/v2\/pages\/1413\/revisions"}],"predecessor-version":[{"id":2511,"href":"https:\/\/agora.xtec.cat\/ceip-puig-agut-manlleu\/wp-json\/wp\/v2\/pages\/1413\/revisions\/2511"}],"up":[{"embeddable":true,"href":"https:\/\/agora.xtec.cat\/ceip-puig-agut-manlleu\/wp-json\/wp\/v2\/pages\/22"}],"wp:attachment":[{"href":"https:\/\/agora.xtec.cat\/ceip-puig-agut-manlleu\/wp-json\/wp\/v2\/media?parent=1413"}],"curies":[{"name":"wp","href":"https:\/\/api.w.org\/{rel}","templated":true}]}}