{"id":36,"date":"2020-09-04T09:00:11","date_gmt":"2020-09-04T07:00:11","guid":{"rendered":"http:\/\/agora.xtec.cat\/ceip-prosperitat\/?page_id=36"},"modified":"2020-09-24T20:03:52","modified_gmt":"2020-09-24T18:03:52","slug":"material-escolar","status":"publish","type":"page","link":"https:\/\/agora.xtec.cat\/ceip-prosperitat\/lescola-2\/material-escolar\/","title":{"rendered":"Material escolar"},"content":{"rendered":"<p><strong>MATERIAL<\/strong><\/p>\n<ul style=\"list-style-type: square;\">\n<li>La quota de material s&#8217;abona a l&#8217;AMPA al comen\u00e7ament de curs. Inclou el material que es fa servir als tallers de pl\u00e0stica d\u2019Educaci\u00f3 infantil fins a 6\u00e8, aix\u00ed com les fotoc\u00f2pies i fulls que es fan servir durant tot el curs. Inclou tamb\u00e9 el material d&#8217;aula (llapis, retoladors, colors, tisores, gomes, pintures, cartolines i altres papers, etc.) d&#8217; Ed. Infantil.<\/li>\n<li>L&#8217;alumnat de 1r i 2n disposa d&#8217;un estoig personal amb els estris b\u00e0sics: llapis, goma, maquineta i colors.<\/li>\n<li>L&#8217;alumnat de 3r a 6\u00e8 ha de dur el seu material personal de casa. No hi hauria de faltar: carpeta amb separadors, llapis de fusta (no llapis de mina), bol\u00edgrafs blau, verd i vermell (no Pilot), goma, regle i colors variats. A l\u2019escola est\u00e0 prohibit portar i fer servir Tipp-Ex.<\/li>\n<\/ul>\n<p><strong>BATA<\/strong><\/p>\n<ul style=\"list-style-type: square;\">\n<li>L\u2019alumnat de P3 a 2n ha de portar bata.<\/li>\n<li>L&#8217;alumnat de 3r a 6\u00e8 ha de portar bata el dia de tallers de pl\u00e0stica.<\/li>\n<li>La bata es quedar\u00e0 a l\u2019escola i es portar\u00e0 a casa per rentar quan sigui necessari. Ha d\u2019estar marcada i <strong>amb una veta llarga per poder-la penjar.<\/strong><\/li>\n<\/ul>\n<p><strong>NATACI\u00d3 CICLE INICIAL<\/strong><\/p>\n<p>Cal portar:<\/p>\n<ul style=\"list-style-type: square;\">\n<li>Vestit de bany<\/li>\n<li>Casquet de bany<\/li>\n<li>Xancletes \/ mitjons d&#8217;aigua<\/li>\n<li>Ulleres d&#8217;aigua pels ulls sensibles<\/li>\n<li>Tovallola<\/li>\n<li>Roba c\u00f2moda per vestir-se i desvestir-se sols.<\/li>\n<li>Sabates f\u00e0cils de cordar.<\/li>\n<li>Recanvi de roba interior \/ recanvi de mascareta.<\/li>\n<li>Cabells llargs recollits en un monyo.<\/li>\n<li>Paraigua \/ impermeable pels dies de pluja.<\/li>\n<li>Gorro de llana pels dies freds pel cam\u00ed de tornada.<\/li>\n<\/ul>\n<p><strong>Tot marcat amb el nom de l&#8217;alumne\/a i dins d&#8217;una bossa.<\/strong><\/p>\n","protected":false},"excerpt":{"rendered":"<p>MATERIAL<\/p>\n<ul style=\"list-style-type: square;\">\n<li>La quota de material s&#8217;abona a l&#8217;AMPA al comen\u00e7ament de curs. Inclou el material que es fa servir als tallers de pl\u00e0stica d\u2019Educaci\u00f3 infantil fins a 6\u00e8, aix\u00ed com les fotoc\u00f2pies i fulls que es fan servir durant tot el curs. Inclou tamb\u00e9&hellip;  <a href=\"https:\/\/agora.xtec.cat\/ceip-prosperitat\/lescola-2\/material-escolar\/\" title=\"Read Material escolar\">Llegeix m\u00e9s\u00bb<\/a><br \/>\n","protected":false},"author":1,"featured_media":0,"parent":629,"menu_order":70,"comment_status":"closed","ping_status":"closed","template":"page-templates\/side-menu.php","meta":{"_bbp_topic_count":0,"_bbp_reply_count":0,"_bbp_total_topic_count":0,"_bbp_total_reply_count":0,"_bbp_voice_count":0,"_bbp_anonymous_reply_count":0,"_bbp_topic_count_hidden":0,"_bbp_reply_count_hidden":0,"_bbp_forum_subforum_count":0,"footnotes":""},"class_list":["post-36","page","type-page","status-publish","hentry"],"post_mailing_queue_ids":[],"_links":{"self":[{"href":"https:\/\/agora.xtec.cat\/ceip-prosperitat\/wp-json\/wp\/v2\/pages\/36","targetHints":{"allow":["GET"]}}],"collection":[{"href":"https:\/\/agora.xtec.cat\/ceip-prosperitat\/wp-json\/wp\/v2\/pages"}],"about":[{"href":"https:\/\/agora.xtec.cat\/ceip-prosperitat\/wp-json\/wp\/v2\/types\/page"}],"author":[{"embeddable":true,"href":"https:\/\/agora.xtec.cat\/ceip-prosperitat\/wp-json\/wp\/v2\/users\/1"}],"replies":[{"embeddable":true,"href":"https:\/\/agora.xtec.cat\/ceip-prosperitat\/wp-json\/wp\/v2\/comments?post=36"}],"version-history":[{"count":4,"href":"https:\/\/agora.xtec.cat\/ceip-prosperitat\/wp-json\/wp\/v2\/pages\/36\/revisions"}],"predecessor-version":[{"id":8774,"href":"https:\/\/agora.xtec.cat\/ceip-prosperitat\/wp-json\/wp\/v2\/pages\/36\/revisions\/8774"}],"up":[{"embeddable":true,"href":"https:\/\/agora.xtec.cat\/ceip-prosperitat\/wp-json\/wp\/v2\/pages\/629"}],"wp:attachment":[{"href":"https:\/\/agora.xtec.cat\/ceip-prosperitat\/wp-json\/wp\/v2\/media?parent=36"}],"curies":[{"name":"wp","href":"https:\/\/api.w.org\/{rel}","templated":true}]}}