{"id":7,"date":"2014-09-17T15:07:41","date_gmt":"2014-09-17T14:07:41","guid":{"rendered":"http:\/\/agora.xtec.cat\/ceip-practiques1-lleida\/?page_id=7"},"modified":"2026-03-11T12:14:15","modified_gmt":"2026-03-11T11:14:15","slug":"pagines-dinici","status":"publish","type":"page","link":"https:\/\/agora.xtec.cat\/ceip-practiques1-lleida\/","title":{"rendered":"."},"content":{"rendered":"<h3 style=\"text-align: center;\" data-start=\"213\" data-end=\"396\">EDUCAR \u00c9S SEMBRAR FUTUR<\/h3>\n<h3 style=\"text-align: center;\" data-start=\"213\" data-end=\"396\">PER UNA EDUCACI\u00d3 P\u00daBLICA DE QUALITAT<\/h3>\n<p>&nbsp;<\/p>\n<p style=\"text-align: center;\"><a href=\"https:\/\/agora.xtec.cat\/ceip-practiques1-lleida\/wp-content\/uploads\/usu1761\/2026\/03\/1000094871.jpg\"><img loading=\"lazy\" decoding=\"async\" class=\"alignnone size-large wp-image-21669\" src=\"https:\/\/agora.xtec.cat\/ceip-practiques1-lleida\/wp-content\/uploads\/usu1761\/2026\/03\/1000094871-1024x768.jpg\" alt=\"\" width=\"1024\" height=\"768\" srcset=\"https:\/\/agora.xtec.cat\/ceip-practiques1-lleida\/wp-content\/uploads\/usu1761\/2026\/03\/1000094871-1024x768.jpg 1024w, https:\/\/agora.xtec.cat\/ceip-practiques1-lleida\/wp-content\/uploads\/usu1761\/2026\/03\/1000094871-300x225.jpg 300w, https:\/\/agora.xtec.cat\/ceip-practiques1-lleida\/wp-content\/uploads\/usu1761\/2026\/03\/1000094871-768x576.jpg 768w, https:\/\/agora.xtec.cat\/ceip-practiques1-lleida\/wp-content\/uploads\/usu1761\/2026\/03\/1000094871-1536x1152.jpg 1536w, https:\/\/agora.xtec.cat\/ceip-practiques1-lleida\/wp-content\/uploads\/usu1761\/2026\/03\/1000094871.jpg 1600w\" sizes=\"auto, (max-width: 1024px) 100vw, 1024px\" \/><\/a><\/p>\n<p>&nbsp;<\/p>\n<h3 data-start=\"213\" data-end=\"396\">\ud83c\udf89 Celebraci\u00f3 dels 180 anys de l\u2019Escola Pr\u00e0ctiques 1 de Lleida \ud83c\udf82<\/h3>\n<p data-start=\"213\" data-end=\"396\">Aquest dissabte, <strong data-start=\"230\" data-end=\"245\">4 d\u2019octubre<\/strong>, a l\u2019<strong data-start=\"251\" data-end=\"284\">Escola Pr\u00e0ctiques 1 de Lleida<\/strong> hem celebrat un esdeveniment molt especial: <strong data-start=\"329\" data-end=\"365\">els 180 anys de la nostra escola<\/strong>, la m\u00e9s antiga de la ciutat.<\/p>\n<p data-start=\"398\" data-end=\"700\">L\u2019acte ha estat <strong data-start=\"414\" data-end=\"429\">molt emotiu<\/strong> i ha comptat amb diferents parlaments, entre ells els de l&#8217;<strong>adjunt a la direcci\u00f3 Josep Domingo<\/strong>, el <strong data-start=\"488\" data-end=\"521\">director de l\u2019escola, l\u2019Emili Llaurad\u00f3<\/strong>, <strong data-start=\"523\" data-end=\"561\">l\u2019alcalde de Lleida, F\u00e8lix Larrosa<\/strong>, i <strong data-start=\"565\" data-end=\"585\">en Xavier Eritja<\/strong>, antic mestre d\u2019Educaci\u00f3 F\u00edsica, que ha estat l\u2019encarregat de <strong data-start=\"648\" data-end=\"697\">destapar la placa commemorativa dels 180 anys<\/strong>.<\/p>\n<p data-start=\"702\" data-end=\"1003\">Des de l\u2019escola volem <strong data-start=\"724\" data-end=\"745\">agrair de tot cor<\/strong> a totes les persones que us heu apropat i heu ajudat a fer que aquest acte fos encara m\u00e9s especial: antics alumnes, mestres, membres del personal i totes aquelles persones que, d\u2019una manera o altra, <strong data-start=\"945\" data-end=\"1000\">formen part de la hist\u00f2ria de l\u2019Escola Pr\u00e0ctiques 1<\/strong>.<\/p>\n<p data-start=\"1005\" data-end=\"1157\">Tothom ha pogut <strong data-start=\"1021\" data-end=\"1071\">tornar a passejar pels passadissos de l\u2019escola<\/strong>, compartir records, emocions i retrobar-se amb companys i companyes d\u2019altres temps.<\/p>\n<p data-start=\"1159\" data-end=\"1254\">Gr\u00e0cies a tothom per mantenir <strong data-start=\"1189\" data-end=\"1226\">viu l\u2019esperit de la nostra escola<\/strong> durant aquests 180 anys! \ud83d\udc99<\/p>\n<p style=\"text-align: center;\" data-start=\"1159\" data-end=\"1254\"><iframe loading=\"lazy\" src=\"\/\/www.youtube.com\/embed\/NKeF22Ncfe4\" width=\"560\" height=\"314\" allowfullscreen=\"allowfullscreen\"><\/iframe><\/p>\n<p data-start=\"250\" data-end=\"446\">Des de l\u2019Escola Pr\u00e0ctiques 1 volem <strong data-start=\"285\" data-end=\"340\">donar les gr\u00e0cies al Jordi Huete i al Ferran Aixal\u00e0<\/strong> per amenitzar la tarda de celebraci\u00f3 amb la seva divertida obra de teatre <strong data-start=\"415\" data-end=\"443\"><em data-start=\"417\" data-end=\"441\">\u201cCastigats sense pati\u201d<\/em><\/strong>.<\/p>\n<p data-start=\"448\" data-end=\"742\">Va ser una <strong data-start=\"459\" data-end=\"483\">tarda molt divertida<\/strong>, plena d\u2019humor, complicitat i bons moments que van fer gaudir tant als infants com als adults.<br data-start=\"578\" data-end=\"581\" \/>Gr\u00e0cies per posar-hi <strong data-start=\"602\" data-end=\"633\">tant de talent i entusiasme<\/strong> i per contribuir a fer que la celebraci\u00f3 dels <strong data-start=\"680\" data-end=\"712\">180 anys de la nostra escola<\/strong> fos encara m\u00e9s especial! \ud83d\udc99<\/p>\n<p style=\"text-align: center;\" data-start=\"448\" data-end=\"742\"><a href=\"https:\/\/agora.xtec.cat\/ceip-practiques1-lleida\/wp-content\/uploads\/usu1761\/2025\/10\/IMG_8796.jpg\"><img loading=\"lazy\" decoding=\"async\" class=\"alignnone size-large wp-image-20286\" src=\"https:\/\/agora.xtec.cat\/ceip-practiques1-lleida\/wp-content\/uploads\/usu1761\/2025\/10\/IMG_8796-1024x768.jpg\" alt=\"\" width=\"1024\" height=\"768\" srcset=\"https:\/\/agora.xtec.cat\/ceip-practiques1-lleida\/wp-content\/uploads\/usu1761\/2025\/10\/IMG_8796-1024x768.jpg 1024w, https:\/\/agora.xtec.cat\/ceip-practiques1-lleida\/wp-content\/uploads\/usu1761\/2025\/10\/IMG_8796-300x225.jpg 300w, https:\/\/agora.xtec.cat\/ceip-practiques1-lleida\/wp-content\/uploads\/usu1761\/2025\/10\/IMG_8796-768x576.jpg 768w, https:\/\/agora.xtec.cat\/ceip-practiques1-lleida\/wp-content\/uploads\/usu1761\/2025\/10\/IMG_8796-1536x1152.jpg 1536w, https:\/\/agora.xtec.cat\/ceip-practiques1-lleida\/wp-content\/uploads\/usu1761\/2025\/10\/IMG_8796.jpg 2016w\" sizes=\"auto, (max-width: 1024px) 100vw, 1024px\" \/><\/a><\/p>\n","protected":false},"excerpt":{"rendered":"<p>EDUCAR \u00c9S SEMBRAR FUTUR PER UNA EDUCACI\u00d3 P\u00daBLICA DE QUALITAT &nbsp; &nbsp; \ud83c\udf89 Celebraci\u00f3 dels 180 anys de l\u2019Escola Pr\u00e0ctiques 1 de Lleida \ud83c\udf82 Aquest dissabte, 4 d\u2019octubre, a l\u2019Escola Pr\u00e0ctiques 1 de Lleida hem celebrat un esdeveniment molt especial: els 180 anys de la nostra escola, la m\u00e9s antiga de la ciutat. L\u2019acte ha [&hellip;]<\/p>\n","protected":false},"author":1,"featured_media":0,"parent":22,"menu_order":0,"comment_status":"closed","ping_status":"closed","template":"","meta":{"_bbp_topic_count":0,"_bbp_reply_count":0,"_bbp_total_topic_count":0,"_bbp_total_reply_count":0,"_bbp_voice_count":0,"_bbp_anonymous_reply_count":0,"_bbp_topic_count_hidden":0,"_bbp_reply_count_hidden":0,"_bbp_forum_subforum_count":0,"site-sidebar-layout":"default","site-content-layout":"","ast-site-content-layout":"default","site-content-style":"default","site-sidebar-style":"default","ast-global-header-display":"","ast-banner-title-visibility":"","ast-main-header-display":"","ast-hfb-above-header-display":"","ast-hfb-below-header-display":"","ast-hfb-mobile-header-display":"","site-post-title":"","ast-breadcrumbs-content":"","ast-featured-img":"","footer-sml-layout":"","theme-transparent-header-meta":"default","adv-header-id-meta":"","stick-header-meta":"","header-above-stick-meta":"","header-main-stick-meta":"","header-below-stick-meta":"","astra-migrate-meta-layouts":"set","ast-page-background-enabled":"default","ast-page-background-meta":{"desktop":{"background-color":"var(--ast-global-color-4)","background-image":"","background-repeat":"repeat","background-position":"center center","background-size":"auto","background-attachment":"scroll","background-type":"","background-media":"","overlay-type":"","overlay-color":"","overlay-opacity":"","overlay-gradient":""},"tablet":{"background-color":"","background-image":"","background-repeat":"repeat","background-position":"center center","background-size":"auto","background-attachment":"scroll","background-type":"","background-media":"","overlay-type":"","overlay-color":"","overlay-opacity":"","overlay-gradient":""},"mobile":{"background-color":"","background-image":"","background-repeat":"repeat","background-position":"center center","background-size":"auto","background-attachment":"scroll","background-type":"","background-media":"","overlay-type":"","overlay-color":"","overlay-opacity":"","overlay-gradient":""}},"ast-content-background-meta":{"desktop":{"background-color":"var(--ast-global-color-5)","background-image":"","background-repeat":"repeat","background-position":"center center","background-size":"auto","background-attachment":"scroll","background-type":"","background-media":"","overlay-type":"","overlay-color":"","overlay-opacity":"","overlay-gradient":""},"tablet":{"background-color":"var(--ast-global-color-5)","background-image":"","background-repeat":"repeat","background-position":"center center","background-size":"auto","background-attachment":"scroll","background-type":"","background-media":"","overlay-type":"","overlay-color":"","overlay-opacity":"","overlay-gradient":""},"mobile":{"background-color":"var(--ast-global-color-5)","background-image":"","background-repeat":"repeat","background-position":"center center","background-size":"auto","background-attachment":"scroll","background-type":"","background-media":"","overlay-type":"","overlay-color":"","overlay-opacity":"","overlay-gradient":""}},"footnotes":""},"class_list":["post-7","page","type-page","status-publish","hentry"],"post_mailing_queue_ids":[],"_links":{"self":[{"href":"https:\/\/agora.xtec.cat\/ceip-practiques1-lleida\/wp-json\/wp\/v2\/pages\/7","targetHints":{"allow":["GET"]}}],"collection":[{"href":"https:\/\/agora.xtec.cat\/ceip-practiques1-lleida\/wp-json\/wp\/v2\/pages"}],"about":[{"href":"https:\/\/agora.xtec.cat\/ceip-practiques1-lleida\/wp-json\/wp\/v2\/types\/page"}],"author":[{"embeddable":true,"href":"https:\/\/agora.xtec.cat\/ceip-practiques1-lleida\/wp-json\/wp\/v2\/users\/1"}],"replies":[{"embeddable":true,"href":"https:\/\/agora.xtec.cat\/ceip-practiques1-lleida\/wp-json\/wp\/v2\/comments?post=7"}],"version-history":[{"count":8,"href":"https:\/\/agora.xtec.cat\/ceip-practiques1-lleida\/wp-json\/wp\/v2\/pages\/7\/revisions"}],"predecessor-version":[{"id":21670,"href":"https:\/\/agora.xtec.cat\/ceip-practiques1-lleida\/wp-json\/wp\/v2\/pages\/7\/revisions\/21670"}],"up":[{"embeddable":true,"href":"https:\/\/agora.xtec.cat\/ceip-practiques1-lleida\/wp-json\/wp\/v2\/pages\/22"}],"wp:attachment":[{"href":"https:\/\/agora.xtec.cat\/ceip-practiques1-lleida\/wp-json\/wp\/v2\/media?parent=7"}],"curies":[{"name":"wp","href":"https:\/\/api.w.org\/{rel}","templated":true}]}}