{"id":1595,"date":"2019-02-08T12:47:03","date_gmt":"2019-02-08T11:47:03","guid":{"rendered":"http:\/\/agora.xtec.cat\/ceip-practiques1-lleida\/?page_id=1595"},"modified":"2026-01-25T17:00:13","modified_gmt":"2026-01-25T16:00:13","slug":"la-trobada","status":"publish","type":"page","link":"https:\/\/agora.xtec.cat\/ceip-practiques1-lleida\/ampa\/festes-i-altres-activitats\/la-trobada\/","title":{"rendered":"La Trobada"},"content":{"rendered":"<p style=\"text-align: center;\">La Trobada, la nostra estimada Trobada&#8230;la festa m\u00e9s esperada, el dia m\u00e9s divertit per grans i petits!!! Ja portem 46 edicions d\u2019aquesta celebraci\u00f3 de tancament de curs per tota la comunitat educativa, que es celebra cada any el primer diumenge de juny a la zona de picnic al costat de les piscines de Ra\u00efmat.<\/p>\n<p><a href=\"https:\/\/agora.xtec.cat\/ceip-practiques1-lleida\/wp-content\/uploads\/usu1761\/2020\/02\/cucanyes.jpg\"><img loading=\"lazy\" decoding=\"async\" class=\" wp-image-4162 aligncenter\" src=\"https:\/\/agora.xtec.cat\/ceip-practiques1-lleida\/wp-content\/uploads\/usu1761\/2020\/02\/cucanyes-1024x1024.jpg\" alt=\"\" width=\"656\" height=\"656\" srcset=\"https:\/\/agora.xtec.cat\/ceip-practiques1-lleida\/wp-content\/uploads\/usu1761\/2020\/02\/cucanyes-1024x1024.jpg 1024w, https:\/\/agora.xtec.cat\/ceip-practiques1-lleida\/wp-content\/uploads\/usu1761\/2020\/02\/cucanyes-150x150.jpg 150w, https:\/\/agora.xtec.cat\/ceip-practiques1-lleida\/wp-content\/uploads\/usu1761\/2020\/02\/cucanyes-300x300.jpg 300w, https:\/\/agora.xtec.cat\/ceip-practiques1-lleida\/wp-content\/uploads\/usu1761\/2020\/02\/cucanyes-768x768.jpg 768w, https:\/\/agora.xtec.cat\/ceip-practiques1-lleida\/wp-content\/uploads\/usu1761\/2020\/02\/cucanyes.jpg 1600w\" sizes=\"auto, (max-width: 656px) 100vw, 656px\" \/><\/a><\/p>\n<div class=\"ast-oembed-container \" style=\"height: 100%;\"><iframe loading=\"lazy\" title=\"La Trobada 2024, escola Pr\u00e0ctiques 1.\" width=\"422\" height=\"750\" src=\"https:\/\/www.youtube.com\/embed\/Kso4q2xyS-w?feature=oembed\" frameborder=\"0\" allow=\"accelerometer; autoplay; clipboard-write; encrypted-media; gyroscope; picture-in-picture; web-share\" referrerpolicy=\"strict-origin-when-cross-origin\" allowfullscreen><\/iframe><\/div>\n<p style=\"text-align: justify;\"><span style=\"font-family: inherit; font-size: 1em;\">Aquestes s\u00f3n algunes de les activitats que organitzem aquest dia:<\/span><\/p>\n<ul>\n<li>Actuaci\u00f3 del grup de gralla i tabal de l\u2019escola.<\/li>\n<li>Partir de futbol mares i pares.<\/li>\n<li>Vermut popular.<\/li>\n<li>Dinar.<\/li>\n<li>Concurs internacional de postres.<\/li>\n<li>Tsunami de colors.<\/li>\n<li>Actuaci\u00f3 musical Banda fam\u00edlies i mestres.<\/li>\n<li>Bingo musical.<\/li>\n<li>Recollida i neteja del recinte entre tots.<\/li>\n<\/ul>\n<p style=\"text-align: justify;\">Ens agrada molt aquest dia, ja que hi estem tots\/es i ens ho passem d\u2019all\u00f2 m\u00e9s b\u00e9!<\/p>\n<p style=\"text-align: justify;\">Amb l\u2019animaci\u00f3 del grup de grallers i tabal, el campionat de futbol per mares i pares,\u00a0 la guerra d\u2019aigua al Tsunami de colors, les actuacions musicals, mostra de postres i el bingo musical amb molt\u00edssims premis.<br \/>\nMireu, mireu!<\/p>\n<p><a href=\"https:\/\/agora.xtec.cat\/ceip-practiques1-lleida\/wp-content\/uploads\/usu1761\/2024\/12\/83e332fd-4a2d-435b-b67d-74d93ee6c139.jpeg\"><img loading=\"lazy\" decoding=\"async\" class=\"alignnone size-large wp-image-18857\" src=\"https:\/\/agora.xtec.cat\/ceip-practiques1-lleida\/wp-content\/uploads\/usu1761\/2024\/12\/83e332fd-4a2d-435b-b67d-74d93ee6c139-768x1024.jpeg\" alt=\"\" width=\"768\" height=\"1024\" srcset=\"https:\/\/agora.xtec.cat\/ceip-practiques1-lleida\/wp-content\/uploads\/usu1761\/2024\/12\/83e332fd-4a2d-435b-b67d-74d93ee6c139-768x1024.jpeg 768w, https:\/\/agora.xtec.cat\/ceip-practiques1-lleida\/wp-content\/uploads\/usu1761\/2024\/12\/83e332fd-4a2d-435b-b67d-74d93ee6c139-225x300.jpeg 225w, https:\/\/agora.xtec.cat\/ceip-practiques1-lleida\/wp-content\/uploads\/usu1761\/2024\/12\/83e332fd-4a2d-435b-b67d-74d93ee6c139-1152x1536.jpeg 1152w, https:\/\/agora.xtec.cat\/ceip-practiques1-lleida\/wp-content\/uploads\/usu1761\/2024\/12\/83e332fd-4a2d-435b-b67d-74d93ee6c139.jpeg 1536w\" sizes=\"auto, (max-width: 768px) 100vw, 768px\" \/><\/a><\/p>\n<p><a href=\"https:\/\/agora.xtec.cat\/ceip-practiques1-lleida\/wp-content\/uploads\/usu1761\/2026\/01\/93b1af1a-412e-42f4-ab74-021b3ae77cdc-1.jpeg\"><img loading=\"lazy\" decoding=\"async\" class=\"alignnone size-large wp-image-21272\" src=\"https:\/\/agora.xtec.cat\/ceip-practiques1-lleida\/wp-content\/uploads\/usu1761\/2026\/01\/93b1af1a-412e-42f4-ab74-021b3ae77cdc-1-982x1024.jpeg\" alt=\"\" width=\"982\" height=\"1024\" srcset=\"https:\/\/agora.xtec.cat\/ceip-practiques1-lleida\/wp-content\/uploads\/usu1761\/2026\/01\/93b1af1a-412e-42f4-ab74-021b3ae77cdc-1-982x1024.jpeg 982w, https:\/\/agora.xtec.cat\/ceip-practiques1-lleida\/wp-content\/uploads\/usu1761\/2026\/01\/93b1af1a-412e-42f4-ab74-021b3ae77cdc-1-288x300.jpeg 288w, https:\/\/agora.xtec.cat\/ceip-practiques1-lleida\/wp-content\/uploads\/usu1761\/2026\/01\/93b1af1a-412e-42f4-ab74-021b3ae77cdc-1-768x800.jpeg 768w, https:\/\/agora.xtec.cat\/ceip-practiques1-lleida\/wp-content\/uploads\/usu1761\/2026\/01\/93b1af1a-412e-42f4-ab74-021b3ae77cdc-1.jpeg 1395w\" sizes=\"auto, (max-width: 982px) 100vw, 982px\" \/><\/a><\/p>\n<p><a href=\"https:\/\/agora.xtec.cat\/ceip-practiques1-lleida\/wp-content\/uploads\/usu1761\/2026\/01\/IMG_4916.jpeg\"><img loading=\"lazy\" decoding=\"async\" class=\"alignnone size-large wp-image-21269\" src=\"https:\/\/agora.xtec.cat\/ceip-practiques1-lleida\/wp-content\/uploads\/usu1761\/2026\/01\/IMG_4916-1024x745.jpeg\" alt=\"\" width=\"1024\" height=\"745\" srcset=\"https:\/\/agora.xtec.cat\/ceip-practiques1-lleida\/wp-content\/uploads\/usu1761\/2026\/01\/IMG_4916-1024x745.jpeg 1024w, https:\/\/agora.xtec.cat\/ceip-practiques1-lleida\/wp-content\/uploads\/usu1761\/2026\/01\/IMG_4916-300x218.jpeg 300w, https:\/\/agora.xtec.cat\/ceip-practiques1-lleida\/wp-content\/uploads\/usu1761\/2026\/01\/IMG_4916-768x559.jpeg 768w, https:\/\/agora.xtec.cat\/ceip-practiques1-lleida\/wp-content\/uploads\/usu1761\/2026\/01\/IMG_4916.jpeg 1168w\" sizes=\"auto, (max-width: 1024px) 100vw, 1024px\" \/><\/a><\/p>\n<p><a href=\"https:\/\/agora.xtec.cat\/ceip-practiques1-lleida\/wp-content\/uploads\/usu1761\/2026\/01\/IMG_4917.jpeg\"><img loading=\"lazy\" decoding=\"async\" class=\"alignnone size-large wp-image-21270\" src=\"https:\/\/agora.xtec.cat\/ceip-practiques1-lleida\/wp-content\/uploads\/usu1761\/2026\/01\/IMG_4917-1024x745.jpeg\" alt=\"\" width=\"1024\" height=\"745\" srcset=\"https:\/\/agora.xtec.cat\/ceip-practiques1-lleida\/wp-content\/uploads\/usu1761\/2026\/01\/IMG_4917-1024x745.jpeg 1024w, https:\/\/agora.xtec.cat\/ceip-practiques1-lleida\/wp-content\/uploads\/usu1761\/2026\/01\/IMG_4917-300x218.jpeg 300w, https:\/\/agora.xtec.cat\/ceip-practiques1-lleida\/wp-content\/uploads\/usu1761\/2026\/01\/IMG_4917-768x559.jpeg 768w, https:\/\/agora.xtec.cat\/ceip-practiques1-lleida\/wp-content\/uploads\/usu1761\/2026\/01\/IMG_4917.jpeg 1170w\" sizes=\"auto, (max-width: 1024px) 100vw, 1024px\" \/><\/a><\/p>\n<p><a href=\"https:\/\/agora.xtec.cat\/ceip-practiques1-lleida\/wp-content\/uploads\/usu1761\/2026\/01\/IMG_4919-1.jpeg\"><img loading=\"lazy\" decoding=\"async\" class=\"alignnone size-large wp-image-21273\" src=\"https:\/\/agora.xtec.cat\/ceip-practiques1-lleida\/wp-content\/uploads\/usu1761\/2026\/01\/IMG_4919-1-1024x747.jpeg\" alt=\"\" width=\"1024\" height=\"747\" srcset=\"https:\/\/agora.xtec.cat\/ceip-practiques1-lleida\/wp-content\/uploads\/usu1761\/2026\/01\/IMG_4919-1-1024x747.jpeg 1024w, https:\/\/agora.xtec.cat\/ceip-practiques1-lleida\/wp-content\/uploads\/usu1761\/2026\/01\/IMG_4919-1-300x219.jpeg 300w, https:\/\/agora.xtec.cat\/ceip-practiques1-lleida\/wp-content\/uploads\/usu1761\/2026\/01\/IMG_4919-1-768x560.jpeg 768w, https:\/\/agora.xtec.cat\/ceip-practiques1-lleida\/wp-content\/uploads\/usu1761\/2026\/01\/IMG_4919-1.jpeg 1170w\" sizes=\"auto, (max-width: 1024px) 100vw, 1024px\" \/><\/a><\/p>\n<p>&nbsp;<\/p>\n","protected":false},"excerpt":{"rendered":"<p>La Trobada, la nostra estimada Trobada&#8230;la festa m\u00e9s esperada, el dia m\u00e9s divertit per grans i petits!!! Ja portem 46 edicions d\u2019aquesta celebraci\u00f3 de tancament de curs per tota la comunitat educativa, que es celebra cada any el primer diumenge de juny a la zona de picnic al costat de les piscines de Ra\u00efmat. Aquestes [&hellip;]<\/p>\n","protected":false},"author":3,"featured_media":0,"parent":1593,"menu_order":7,"comment_status":"closed","ping_status":"closed","template":"","meta":{"_bbp_topic_count":0,"_bbp_reply_count":0,"_bbp_total_topic_count":0,"_bbp_total_reply_count":0,"_bbp_voice_count":0,"_bbp_anonymous_reply_count":0,"_bbp_topic_count_hidden":0,"_bbp_reply_count_hidden":0,"_bbp_forum_subforum_count":0,"site-sidebar-layout":"default","site-content-layout":"","ast-site-content-layout":"default","site-content-style":"default","site-sidebar-style":"default","ast-global-header-display":"","ast-banner-title-visibility":"","ast-main-header-display":"","ast-hfb-above-header-display":"","ast-hfb-below-header-display":"","ast-hfb-mobile-header-display":"","site-post-title":"","ast-breadcrumbs-content":"","ast-featured-img":"","footer-sml-layout":"","theme-transparent-header-meta":"default","adv-header-id-meta":"","stick-header-meta":"","header-above-stick-meta":"","header-main-stick-meta":"","header-below-stick-meta":"","astra-migrate-meta-layouts":"set","ast-page-background-enabled":"default","ast-page-background-meta":{"desktop":{"background-color":"var(--ast-global-color-4)","background-image":"","background-repeat":"repeat","background-position":"center center","background-size":"auto","background-attachment":"scroll","background-type":"","background-media":"","overlay-type":"","overlay-color":"","overlay-opacity":"","overlay-gradient":""},"tablet":{"background-color":"","background-image":"","background-repeat":"repeat","background-position":"center center","background-size":"auto","background-attachment":"scroll","background-type":"","background-media":"","overlay-type":"","overlay-color":"","overlay-opacity":"","overlay-gradient":""},"mobile":{"background-color":"","background-image":"","background-repeat":"repeat","background-position":"center center","background-size":"auto","background-attachment":"scroll","background-type":"","background-media":"","overlay-type":"","overlay-color":"","overlay-opacity":"","overlay-gradient":""}},"ast-content-background-meta":{"desktop":{"background-color":"var(--ast-global-color-5)","background-image":"","background-repeat":"repeat","background-position":"center center","background-size":"auto","background-attachment":"scroll","background-type":"","background-media":"","overlay-type":"","overlay-color":"","overlay-opacity":"","overlay-gradient":""},"tablet":{"background-color":"var(--ast-global-color-5)","background-image":"","background-repeat":"repeat","background-position":"center center","background-size":"auto","background-attachment":"scroll","background-type":"","background-media":"","overlay-type":"","overlay-color":"","overlay-opacity":"","overlay-gradient":""},"mobile":{"background-color":"var(--ast-global-color-5)","background-image":"","background-repeat":"repeat","background-position":"center center","background-size":"auto","background-attachment":"scroll","background-type":"","background-media":"","overlay-type":"","overlay-color":"","overlay-opacity":"","overlay-gradient":""}},"footnotes":""},"class_list":["post-1595","page","type-page","status-publish","hentry"],"post_mailing_queue_ids":[],"_links":{"self":[{"href":"https:\/\/agora.xtec.cat\/ceip-practiques1-lleida\/wp-json\/wp\/v2\/pages\/1595","targetHints":{"allow":["GET"]}}],"collection":[{"href":"https:\/\/agora.xtec.cat\/ceip-practiques1-lleida\/wp-json\/wp\/v2\/pages"}],"about":[{"href":"https:\/\/agora.xtec.cat\/ceip-practiques1-lleida\/wp-json\/wp\/v2\/types\/page"}],"author":[{"embeddable":true,"href":"https:\/\/agora.xtec.cat\/ceip-practiques1-lleida\/wp-json\/wp\/v2\/users\/3"}],"replies":[{"embeddable":true,"href":"https:\/\/agora.xtec.cat\/ceip-practiques1-lleida\/wp-json\/wp\/v2\/comments?post=1595"}],"version-history":[{"count":7,"href":"https:\/\/agora.xtec.cat\/ceip-practiques1-lleida\/wp-json\/wp\/v2\/pages\/1595\/revisions"}],"predecessor-version":[{"id":21276,"href":"https:\/\/agora.xtec.cat\/ceip-practiques1-lleida\/wp-json\/wp\/v2\/pages\/1595\/revisions\/21276"}],"up":[{"embeddable":true,"href":"https:\/\/agora.xtec.cat\/ceip-practiques1-lleida\/wp-json\/wp\/v2\/pages\/1593"}],"wp:attachment":[{"href":"https:\/\/agora.xtec.cat\/ceip-practiques1-lleida\/wp-json\/wp\/v2\/media?parent=1595"}],"curies":[{"name":"wp","href":"https:\/\/api.w.org\/{rel}","templated":true}]}}