{"id":1583,"date":"2019-02-08T12:40:02","date_gmt":"2019-02-08T11:40:02","guid":{"rendered":"http:\/\/agora.xtec.cat\/ceip-practiques1-lleida\/?page_id=1583"},"modified":"2026-01-23T20:32:24","modified_gmt":"2026-01-23T19:32:24","slug":"qui-som","status":"publish","type":"page","link":"https:\/\/agora.xtec.cat\/ceip-practiques1-lleida\/ampa\/qui-som\/","title":{"rendered":"Qu\u00e8 \u00e9s i qui som l&#8217;AFA"},"content":{"rendered":"<p style=\"text-align: justify;\"><!--more-->L\u2019<strong>AFA de l\u2019Escola Pr\u00e0ctiques 1<\/strong> som l\u2019associaci\u00f3 sense \u00e0nim de lucre de mares, pares i fam\u00edlies de l\u2019alumnat del centre. Les nostres funcions s\u00f3n, entre d&#8217;altres:<\/p>\n<ul>\n<li style=\"text-align: justify;\">Afavorir la relaci\u00f3 i coordinaci\u00f3 entre les fam\u00edlies i el personal docent, en definitiva, vetllar, en tant que part implicada, per la bona relaci\u00f3 de tota la comunitat educativa.<\/li>\n<li style=\"text-align: justify;\">Treballar per millorar la participaci\u00f3 i el comprom\u00eds de fam\u00edlies, alumnat i de la societat en general i de l\u2019educativa en particular.<\/li>\n<li style=\"text-align: justify;\">Organitzar les\u00a0<a href=\"https:\/\/agora.xtec.cat\/ceip-practiques1-lleida\/ampa\/activitats-extraescolars\/\">activitats extraescolars<\/a>\u00a0i el servei de\u00a0perman\u00e8ncies\u00a0fora de l\u2019horari escolar.<\/li>\n<li style=\"text-align: justify;\">Organitzar activitats formatives (xerrades, escola de pares i mares, cursos) i activitats socioculturals (festes, concerts, etc.) que afavoreixin l\u2019educaci\u00f3 dels infants i facilitin el coneixement i la relaci\u00f3 entre les fam\u00edlies.<\/li>\n<\/ul>\n<p style=\"text-align: justify;\">D\u2019aqu\u00ed la import\u00e0ncia de la nostra participaci\u00f3 com a fam\u00edlies en l\u2019AFA per l\u2019educaci\u00f3 del nostres infants. No \u00e9s obligatori formar part de l\u2019AFA, per\u00f2 s\u00ed molt recomanable.<\/p>\n<p style=\"text-align: justify;\">Les fam\u00edlies que en formem part paguem una quota anual i n\u2019esdevenim s\u00f2cies. Les fam\u00edlies s\u00f2cies tenim dret a decidir i formar part dels \u00f2rgans de l\u2019Associaci\u00f3 i els diners que es recapten es destinen en benefici de tots els infants del centre: activitats extraescolars, adquisici\u00f3 de material, excursions, etc.<\/p>\n<p><strong>TOTS I TOTES SOM L\u2019AFA!<\/strong><\/p>\n<p>Actualment, la Junta de l\u2019AFA de l\u2019escola de Pr\u00e0ctiques 1 som:<\/p>\n<ul>\n<li>Ventura Begu\u00e9 (pare de la Laura), president.<\/li>\n<li>Saray Figueras (mare de la Olivia), vicepresidenta.<\/li>\n<li>Anna Madern (mare de l\u2019Abril), secret\u00e0ria.<\/li>\n<li>Ester Molina (mare del Jan), tresorera.<\/li>\n<li>N\u00faria Sas (mare de la Tina), vocal.<\/li>\n<li>Rocio (mare del Marc i Hugo), vocal.<\/li>\n<li>N\u00faria Serra (mare de la Diana, S\u00edlvia i Pere), vocal.<\/li>\n<li>Dafne Madrid (mare del Guille i l\u2019Hugo), vocal.<\/li>\n<li>Cristina Fern\u00e0ndez (mare de la Laura), vocal.<\/li>\n<li>Anna Costa (mare de l\u2019Anh), vocal.<\/li>\n<li>Joana Soto (mare del Bruc i l\u2019Aina), vocal.<\/li>\n<li>Sara (mare del Biel), vocal.<\/li>\n<li>Amel (mare de la Sinaray), vocal.<\/li>\n<li>Alessandra (mare ), vocal.<\/li>\n<li>Iban (pare de l\u2019Alizia), vocal.<\/li>\n<li>Ari\u00e0 Bold\u00fa (pare de la Gal), vocal.<\/li>\n<\/ul>\n<p><strong>COMISSIONS DE L\u2019AFA<\/strong><\/p>\n<ul>\n<li>Activitats extraescolars<\/li>\n<li>Socialitzaci\u00f3 de llibres<\/li>\n<li>Xarxes i difusi\u00f3<\/li>\n<li>Carnaval i festes<\/li>\n<li>La Trobada<\/li>\n<li>Menjador<\/li>\n<li>Contacontes<\/li>\n<\/ul>\n<p><a href=\"https:\/\/agora.xtec.cat\/ceip-practiques1-lleida\/ampa\/informacio-practica\/\">Contacte de l&#8217;AFA de l&#8217;Escola Pr\u00e0ctiques 1<\/a><\/p>\n<p>Per con\u00e8ixer m\u00e9s les AFA\u2019s de prim\u00e0ria: <a href=\"http:\/\/www.fapac.cat\">web de la FAPAC<\/a><\/p>\n<p>&nbsp;<\/p>\n","protected":false},"excerpt":{"rendered":"","protected":false},"author":3,"featured_media":0,"parent":1575,"menu_order":1,"comment_status":"closed","ping_status":"closed","template":"","meta":{"_bbp_topic_count":0,"_bbp_reply_count":0,"_bbp_total_topic_count":0,"_bbp_total_reply_count":0,"_bbp_voice_count":0,"_bbp_anonymous_reply_count":0,"_bbp_topic_count_hidden":0,"_bbp_reply_count_hidden":0,"_bbp_forum_subforum_count":0,"site-sidebar-layout":"default","site-content-layout":"","ast-site-content-layout":"default","site-content-style":"default","site-sidebar-style":"default","ast-global-header-display":"","ast-banner-title-visibility":"","ast-main-header-display":"","ast-hfb-above-header-display":"","ast-hfb-below-header-display":"","ast-hfb-mobile-header-display":"","site-post-title":"","ast-breadcrumbs-content":"","ast-featured-img":"","footer-sml-layout":"","theme-transparent-header-meta":"default","adv-header-id-meta":"","stick-header-meta":"","header-above-stick-meta":"","header-main-stick-meta":"","header-below-stick-meta":"","astra-migrate-meta-layouts":"set","ast-page-background-enabled":"default","ast-page-background-meta":{"desktop":{"background-color":"var(--ast-global-color-4)","background-image":"","background-repeat":"repeat","background-position":"center center","background-size":"auto","background-attachment":"scroll","background-type":"","background-media":"","overlay-type":"","overlay-color":"","overlay-opacity":"","overlay-gradient":""},"tablet":{"background-color":"","background-image":"","background-repeat":"repeat","background-position":"center center","background-size":"auto","background-attachment":"scroll","background-type":"","background-media":"","overlay-type":"","overlay-color":"","overlay-opacity":"","overlay-gradient":""},"mobile":{"background-color":"","background-image":"","background-repeat":"repeat","background-position":"center center","background-size":"auto","background-attachment":"scroll","background-type":"","background-media":"","overlay-type":"","overlay-color":"","overlay-opacity":"","overlay-gradient":""}},"ast-content-background-meta":{"desktop":{"background-color":"var(--ast-global-color-5)","background-image":"","background-repeat":"repeat","background-position":"center center","background-size":"auto","background-attachment":"scroll","background-type":"","background-media":"","overlay-type":"","overlay-color":"","overlay-opacity":"","overlay-gradient":""},"tablet":{"background-color":"var(--ast-global-color-5)","background-image":"","background-repeat":"repeat","background-position":"center center","background-size":"auto","background-attachment":"scroll","background-type":"","background-media":"","overlay-type":"","overlay-color":"","overlay-opacity":"","overlay-gradient":""},"mobile":{"background-color":"var(--ast-global-color-5)","background-image":"","background-repeat":"repeat","background-position":"center center","background-size":"auto","background-attachment":"scroll","background-type":"","background-media":"","overlay-type":"","overlay-color":"","overlay-opacity":"","overlay-gradient":""}},"footnotes":""},"class_list":["post-1583","page","type-page","status-publish","hentry"],"post_mailing_queue_ids":[],"_links":{"self":[{"href":"https:\/\/agora.xtec.cat\/ceip-practiques1-lleida\/wp-json\/wp\/v2\/pages\/1583","targetHints":{"allow":["GET"]}}],"collection":[{"href":"https:\/\/agora.xtec.cat\/ceip-practiques1-lleida\/wp-json\/wp\/v2\/pages"}],"about":[{"href":"https:\/\/agora.xtec.cat\/ceip-practiques1-lleida\/wp-json\/wp\/v2\/types\/page"}],"author":[{"embeddable":true,"href":"https:\/\/agora.xtec.cat\/ceip-practiques1-lleida\/wp-json\/wp\/v2\/users\/3"}],"replies":[{"embeddable":true,"href":"https:\/\/agora.xtec.cat\/ceip-practiques1-lleida\/wp-json\/wp\/v2\/comments?post=1583"}],"version-history":[{"count":8,"href":"https:\/\/agora.xtec.cat\/ceip-practiques1-lleida\/wp-json\/wp\/v2\/pages\/1583\/revisions"}],"predecessor-version":[{"id":21248,"href":"https:\/\/agora.xtec.cat\/ceip-practiques1-lleida\/wp-json\/wp\/v2\/pages\/1583\/revisions\/21248"}],"up":[{"embeddable":true,"href":"https:\/\/agora.xtec.cat\/ceip-practiques1-lleida\/wp-json\/wp\/v2\/pages\/1575"}],"wp:attachment":[{"href":"https:\/\/agora.xtec.cat\/ceip-practiques1-lleida\/wp-json\/wp\/v2\/media?parent=1583"}],"curies":[{"name":"wp","href":"https:\/\/api.w.org\/{rel}","templated":true}]}}