{"id":22,"date":"2014-09-18T12:19:57","date_gmt":"2014-09-18T12:19:57","guid":{"rendered":"http:\/\/agora.xtec.cat\/ceip-practiques-tarragona\/?page_id=22"},"modified":"2023-03-20T11:36:00","modified_gmt":"2023-03-20T10:36:00","slug":"lescola","status":"publish","type":"page","link":"https:\/\/agora.xtec.cat\/ceip-practiques-tarragona\/lescola\/","title":{"rendered":"L&#8217;escola"},"content":{"rendered":"<p>&nbsp;<\/p>\n<p style=\"text-align: justify;\"><a href=\"http:\/\/agora.xtec.cat\/ceip-practiques-tarragona\/wp-content\/uploads\/usu583\/2014\/09\/PROJECTES-PR\u00c0CTIQUES.jpg\"><img loading=\"lazy\" decoding=\"async\" class=\"alignnone size-large wp-image-3994\" src=\"http:\/\/agora.xtec.cat\/ceip-practiques-tarragona\/wp-content\/uploads\/usu583\/2014\/09\/PROJECTES-PR\u00c0CTIQUES-1024x724.jpg\" alt=\"PROJECTES PR\u00c0CTIQUES\" width=\"1024\" height=\"724\" \/><\/a><\/p>\n<p style=\"text-align: justify;\">Som escola, perqu\u00e8 el nostre projecte educatiu ens defineix. Les activitats que portem a terme estan pensades per oferir la millor educaci\u00f3 als nostres infants. M\u00e9s enll\u00e0 de les parets d&#8217;una casa, una fam\u00edlia es forma a partir de les persones que la conformen. Us animem a formar part de la nostra!<\/p>\n","protected":false},"excerpt":{"rendered":"<p>&nbsp;<br \/>\n<a href=\"http:\/\/agora.xtec.cat\/ceip-practiques-tarragona\/wp-content\/uploads\/usu583\/2014\/09\/PROJECTES-PR\u00c0CTIQUES.jpg\"><\/a><br \/>\nSom escola, perqu\u00e8 el nostre projecte educatiu ens defineix. Les activitats que portem a terme estan pensades per oferir la millor educaci\u00f3 als nostres infants. M\u00e9s enll\u00e0 de les parets d&#8217;una casa, una fam\u00edlia es forma a partir de les persones que la conformen.&hellip;  <a href=\"https:\/\/agora.xtec.cat\/ceip-practiques-tarragona\/lescola\/\" title=\"Read L&#8217;escola\">Llegeix m\u00e9s\u00bb<\/a><\/p>\n","protected":false},"author":2,"featured_media":0,"parent":0,"menu_order":0,"comment_status":"closed","ping_status":"closed","template":"page-templates\/side-menu.php","meta":{"_bbp_topic_count":0,"_bbp_reply_count":0,"_bbp_total_topic_count":0,"_bbp_total_reply_count":0,"_bbp_voice_count":0,"_bbp_anonymous_reply_count":0,"_bbp_topic_count_hidden":0,"_bbp_reply_count_hidden":0,"_bbp_forum_subforum_count":0,"footnotes":""},"class_list":["post-22","page","type-page","status-publish","hentry"],"post_mailing_queue_ids":[],"_links":{"self":[{"href":"https:\/\/agora.xtec.cat\/ceip-practiques-tarragona\/wp-json\/wp\/v2\/pages\/22","targetHints":{"allow":["GET"]}}],"collection":[{"href":"https:\/\/agora.xtec.cat\/ceip-practiques-tarragona\/wp-json\/wp\/v2\/pages"}],"about":[{"href":"https:\/\/agora.xtec.cat\/ceip-practiques-tarragona\/wp-json\/wp\/v2\/types\/page"}],"author":[{"embeddable":true,"href":"https:\/\/agora.xtec.cat\/ceip-practiques-tarragona\/wp-json\/wp\/v2\/users\/2"}],"replies":[{"embeddable":true,"href":"https:\/\/agora.xtec.cat\/ceip-practiques-tarragona\/wp-json\/wp\/v2\/comments?post=22"}],"version-history":[{"count":5,"href":"https:\/\/agora.xtec.cat\/ceip-practiques-tarragona\/wp-json\/wp\/v2\/pages\/22\/revisions"}],"predecessor-version":[{"id":13528,"href":"https:\/\/agora.xtec.cat\/ceip-practiques-tarragona\/wp-json\/wp\/v2\/pages\/22\/revisions\/13528"}],"wp:attachment":[{"href":"https:\/\/agora.xtec.cat\/ceip-practiques-tarragona\/wp-json\/wp\/v2\/media?parent=22"}],"curies":[{"name":"wp","href":"https:\/\/api.w.org\/{rel}","templated":true}]}}