{"id":16863,"date":"2026-03-24T18:27:05","date_gmt":"2026-03-24T17:27:05","guid":{"rendered":"https:\/\/agora.xtec.cat\/ceip-practiques-tarragona\/?page_id=16863"},"modified":"2026-03-28T13:23:03","modified_gmt":"2026-03-28T12:23:03","slug":"casal-destiu-afa-practiques-urv-edicio-estiu-2026","status":"publish","type":"page","link":"https:\/\/agora.xtec.cat\/ceip-practiques-tarragona\/afa\/iniciatives-afa\/casal-destiu-afa-practiques-urv-edicio-estiu-2026\/","title":{"rendered":"Casal d\u2019Estiu AFA Pr\u00e0ctiques \u2013 URV (Edici\u00f3 estiu 2026)"},"content":{"rendered":"<h1><strong><span style=\"color: #800000;\"><a href=\"https:\/\/agora.xtec.cat\/ceip-practiques-tarragona\/wp-content\/uploads\/usu583\/2026\/03\/bola.png\"><img loading=\"lazy\" decoding=\"async\" class=\"alignnone wp-image-16873\" src=\"https:\/\/agora.xtec.cat\/ceip-practiques-tarragona\/wp-content\/uploads\/usu583\/2026\/03\/bola.png\" alt=\"\" width=\"35\" height=\"45\" srcset=\"https:\/\/agora.xtec.cat\/ceip-practiques-tarragona\/wp-content\/uploads\/usu583\/2026\/03\/bola.png 280w, https:\/\/agora.xtec.cat\/ceip-practiques-tarragona\/wp-content\/uploads\/usu583\/2026\/03\/bola-233x300.png 233w\" sizes=\"auto, (max-width: 35px) 100vw, 35px\" \/><\/a>Aquest any tamb\u00e9, Casal d&#8217;Estiu al Pr\u00e0ctiques amb la URV!\u00a0<\/span><\/strong><\/h1>\n<h1><span style=\"text-decoration: underline;\"><strong style=\"font-family: inherit; font-size: 1em;\">Inscripci\u00f3: s&#8217;obrir\u00e0 properament<\/strong><\/span><\/h1>\n<h3>La ruta de la maleta perduda<\/h3>\n<p>Aquest estiu ens convertirem en aut\u00e8ntics investigadors i investigadores. Una misteriosa maleta s&#8217;ha perdut mentre viatjava pel m\u00f3n, i nom\u00e9s nosaltres podrem seguir-ne les pistes. Haurem de rec\u00f3rrer diferents pa\u00efsos, descobrir noves cultures, superar reptes i resoldre enigmes per trobar les peces que ens ajudaran a descobrir i resoldre el gran misteri de la maleta perduda.<\/p>\n<p><a href=\"https:\/\/agora.xtec.cat\/ceip-practiques-tarragona\/wp-content\/uploads\/usu583\/2026\/03\/mapa.png\"><img loading=\"lazy\" decoding=\"async\" class=\"wp-image-16868 alignnone\" src=\"https:\/\/agora.xtec.cat\/ceip-practiques-tarragona\/wp-content\/uploads\/usu583\/2026\/03\/mapa.png\" alt=\"\" width=\"222\" height=\"163\" srcset=\"https:\/\/agora.xtec.cat\/ceip-practiques-tarragona\/wp-content\/uploads\/usu583\/2026\/03\/mapa.png 330w, https:\/\/agora.xtec.cat\/ceip-practiques-tarragona\/wp-content\/uploads\/usu583\/2026\/03\/mapa-300x220.png 300w\" sizes=\"auto, (max-width: 222px) 100vw, 222px\" \/> <\/a><a href=\"https:\/\/agora.xtec.cat\/ceip-practiques-tarragona\/wp-content\/uploads\/usu583\/2026\/03\/maleta.png\"><img loading=\"lazy\" decoding=\"async\" class=\"wp-image-16865 alignnone\" src=\"https:\/\/agora.xtec.cat\/ceip-practiques-tarragona\/wp-content\/uploads\/usu583\/2026\/03\/maleta.png\" alt=\"\" width=\"227\" height=\"175\" srcset=\"https:\/\/agora.xtec.cat\/ceip-practiques-tarragona\/wp-content\/uploads\/usu583\/2026\/03\/maleta.png 380w, https:\/\/agora.xtec.cat\/ceip-practiques-tarragona\/wp-content\/uploads\/usu583\/2026\/03\/maleta-300x231.png 300w\" sizes=\"auto, (max-width: 227px) 100vw, 227px\" \/><\/a><\/p>\n<p><strong>Activitats:<\/strong><\/p>\n<ul>\n<li>Es tracta d&#8217;un casal escolar, de barri i familiar.<\/li>\n<li>Un espai de lleure l\u00fadic, educatiu i comunitari pels infants on gaudir de l\u2019entorn que ens envolta i de totes les possibilitats divertides que l\u2019estiu ens ofereix.<\/li>\n<li>\ud83c\udfaf <b>Lleure i esport combinats<\/b> per a una experi\u00e8ncia inoblidable:\n<ul>\n<li>Rutes d\u2019orientaci\u00f3 per la ciutat, dia sobre rodes, jocs d\u2019aigua, piscina, platja, tallers variats, jocs tem\u00e0tics, tallers al CRAI, conviv\u00e8ncies amb altres escoles, festa de l&#8217;escuma, Caixa F\u00f2rum i museus de la ciutat, activitats esportives centrades en esports concrets per con\u00e8ixer-los millor&#8230; i moltes aventures m\u00e9s!<\/li>\n<li><strong>Esports<\/strong> variats com hanbol, v\u00f2lei, b\u00e0squet, rugbi, quidditch, diables.<\/li>\n<li>I no hi faltar\u00e0 <b>la tradicional visita al Rectorat!<\/b><\/li>\n<\/ul>\n<\/li>\n<\/ul>\n<p class=\"p2\"><strong>Durada i Horaris<\/strong><\/p>\n<ul>\n<li>Durada de 7 setmanes: del 25 de juny al 31 de juliol i del 31 d&#8217;agost al 4 de setembre de 2026.<\/li>\n<li>Casal: de 9 a 13 h de dilluns a divendres<\/li>\n<li>Servei d&#8217;acollida de mat\u00ed: de 8 h a 9 h<\/li>\n<li>Servei de menjador: de 13 h a 15:00 h<\/li>\n<li>Servei d&#8217;acollida de tarda: de 15:00 h a 15:30 h<\/li>\n<\/ul>\n<p><strong>Preus\u00a0<\/strong><\/p>\n<ul>\n<li>Descompte per a fam\u00edlies associades de l&#8217;AFA Pr\u00e0ctiques i col\u00b7lectius URV*<\/li>\n<li>Descompte per a germans\/es<\/li>\n<\/ul>\n<table style=\"width: 99.6978%; height: 353px;\">\n<tbody>\n<tr style=\"height: 33px;\">\n<td style=\"width: 30.1654%; height: 97px;\" colspan=\"2\" rowspan=\"2\"><span style=\"text-decoration: underline;\"><strong>Serveis<\/strong><\/span><\/p>\n<p>(preus per setmana)<\/td>\n<td style=\"height: 33px; width: 23.5051%;\" colspan=\"2\"><span style=\"text-decoration: underline;\"><strong>Fam\u00edlies associades de l&#8217;AFA Pr\u00e0ctiques +\u00a0 Fam\u00edlies comunitat URV*<\/strong><\/span><\/td>\n<td style=\"width: 23.018%; height: 33px;\" colspan=\"2\"><span style=\"text-decoration: underline;\"><strong>Fam\u00edlies de l&#8217;Escola de Pr\u00e0ctiques no associades a l&#8217;AFA<\/strong><\/span><span style=\"text-decoration: underline;\"><strong><br \/>\n<\/strong><\/span><\/td>\n<td style=\"height: 33px; width: 101.266%;\" colspan=\"2\"><span style=\"text-decoration: underline;\"><strong>Resta de fam\u00edlies (externs)<\/strong><\/span><br \/>\n<span style=\"text-decoration: underline;\"><strong><br \/>\n<\/strong><\/span><\/td>\n<\/tr>\n<tr style=\"height: 33px;\">\n<td style=\"width: 13.3037%; height: 64px;\"><strong>1a setmana<br \/>\n(del 25 al 26 de juny)<\/strong><\/td>\n<td style=\"width: 10.2014%; height: 64px;\"><strong>De la 2a a la 7a setmana<\/strong><\/td>\n<td style=\"width: 12.5983%; height: 64px;\"><strong>1a setmana<br \/>\n(del 25 al 26 de juny)<\/strong><\/td>\n<td style=\"width: 10.4197%; height: 64px;\"><strong>De la 2a a la 7a setmana<\/strong><\/td>\n<td style=\"width: 12.6951%; height: 64px;\"><strong>1a setmana<br \/>\n(del 25 al 26 de juny)<\/strong><\/td>\n<td style=\"width: 88.5714%; height: 64px;\"><strong>De la 2a a la 7a setmana<\/strong><\/td>\n<\/tr>\n<tr style=\"height: 48px;\">\n<td style=\"height: 81px; width: 10.9007%;\" rowspan=\"2\"><strong><br \/>\n<\/strong><strong>Casal<\/strong><strong><br \/>\n<\/strong><\/td>\n<td style=\"width: 19.2647%; height: 48px;\">preu general<\/td>\n<td style=\"width: 13.3037%; height: 48px;\"><strong>23,5 \u20ac<\/strong><\/td>\n<td style=\"width: 10.2014%; height: 48px;\"><strong>58 \u20ac<\/strong><\/td>\n<td style=\"width: 12.5983%; height: 48px;\"><strong>25,75 \u20ac<\/strong><\/td>\n<td style=\"width: 10.4197%; height: 48px;\"><strong>60,50 \u20ac<\/strong><\/td>\n<td style=\"width: 12.6951%; height: 48px;\"><strong>28 \u20ac<\/strong><\/td>\n<td style=\"width: 88.5714%; height: 48px;\"><strong>63 \u20ac<\/strong><\/td>\n<\/tr>\n<tr style=\"height: 24px;\">\n<td style=\"width: 19.2647%; height: 33px;\">germans\/es**<\/td>\n<td style=\"width: 13.3037%; height: 33px;\">21 \u20ac<\/td>\n<td style=\"width: 10.2014%; height: 33px;\">52 \u20ac<\/td>\n<td style=\"width: 12.5983%; height: 33px;\">23,50 \u20ac<\/td>\n<td style=\"width: 10.4197%; height: 33px;\">54,50 \u20ac<\/td>\n<td style=\"width: 12.6951%; height: 33px;\">26 \u20ac<\/td>\n<td style=\"width: 88.5714%; height: 33px;\">57 \u20ac<\/td>\n<\/tr>\n<tr style=\"height: 33px;\">\n<td style=\"width: 10.9007%; height: 76px;\" rowspan=\"3\"><strong>Acollida<\/strong><\/td>\n<td style=\"height: 33px; width: 19.2647%;\">de 8h a 9h (1 h)<\/td>\n<td style=\"height: 33px; width: 13.3037%;\">5 \u20ac<\/td>\n<td style=\"height: 33px; width: 10.2014%;\">12 \u20ac<\/td>\n<td style=\"height: 33px; width: 12.5983%;\">6 \u20ac<\/td>\n<td style=\"height: 33px; width: 10.4197%;\">13 \u20ac<\/td>\n<td style=\"width: 12.6951%; height: 33px;\">8 \u20ac<\/td>\n<td style=\"width: 88.5714%; height: 33px;\">14 \u20ac<\/td>\n<\/tr>\n<tr style=\"height: 33px;\">\n<td style=\"width: 19.2647%; height: 33px;\">de 8:30h a 9h (30 min)<\/td>\n<td style=\"width: 13.3037%; height: 33px;\">3 \u20ac<\/td>\n<td style=\"width: 10.2014%; height: 33px;\">8 \u20ac<\/td>\n<td style=\"width: 12.5983%; height: 33px;\">4 \u20ac<\/td>\n<td style=\"width: 10.4197%; height: 33px;\">9 \u20ac<\/td>\n<td style=\"width: 12.6951%; height: 33px;\">5 \u20ac<\/td>\n<td style=\"width: 88.5714%; height: 33px;\">10 \u20ac<\/td>\n<\/tr>\n<tr style=\"height: 33px;\">\n<td style=\"height: 10px; width: 19.2647%;\">de 15:00h a 15:30h (30 min)<\/td>\n<td style=\"height: 10px; width: 13.3037%;\">3 \u20ac<\/td>\n<td style=\"height: 10px; width: 10.2014%;\">8 \u20ac<\/td>\n<td style=\"height: 10px; width: 12.5983%;\">4 \u20ac<\/td>\n<td style=\"height: 10px; width: 10.4197%;\">9 \u20ac<\/td>\n<td style=\"width: 12.6951%; height: 10px;\">5 \u20ac<\/td>\n<td style=\"width: 88.5714%; height: 10px;\">10 \u20ac<\/td>\n<\/tr>\n<tr style=\"height: 33px;\">\n<td style=\"height: 99px; width: 10.9007%;\" rowspan=\"3\"><strong>\u00a0Menjador<\/strong><strong><br \/>\n<\/strong><\/td>\n<td style=\"width: 19.2647%; height: 33px;\">preu general<\/td>\n<td style=\"width: 13.3037%; height: 33px;\"><strong>16 \u20ac<\/strong><\/td>\n<td style=\"width: 10.2014%; height: 33px;\"><strong>40 \u20ac<\/strong><\/td>\n<td style=\"width: 12.5983%; height: 33px;\"><strong>17,50 \u20ac<\/strong><\/td>\n<td style=\"width: 10.4197%; height: 33px;\"><strong>41,50 \u20ac<\/strong><\/td>\n<td style=\"width: 12.6951%; height: 33px;\"><strong>19 \u20ac<\/strong><\/td>\n<td style=\"width: 88.5714%; height: 33px;\"><strong>43 \u20ac<\/strong><\/td>\n<\/tr>\n<tr style=\"height: 33px;\">\n<td style=\"width: 19.2647%; height: 33px;\">germans\/es**<\/td>\n<td style=\"width: 13.3037%; height: 33px;\">14,50 \u20ac<\/td>\n<td style=\"width: 10.2014%; height: 33px;\">36 \u20ac<\/td>\n<td style=\"width: 12.5983%; height: 33px;\">16 \u20ac<\/td>\n<td style=\"width: 10.4197%; height: 33px;\">37,50 \u20ac<\/td>\n<td style=\"width: 12.6951%; height: 33px;\">17,50 \u20ac<\/td>\n<td style=\"width: 88.5714%; height: 33px;\">39 \u20ac<\/td>\n<\/tr>\n<tr style=\"height: 33px;\">\n<td style=\"width: 19.2647%; height: 33px;\">espor\u00e0dic<\/td>\n<td style=\"width: 23.5051%; height: 33px;\" colspan=\"2\">8,5 \u20ac<\/td>\n<td style=\"width: 23.018%; height: 33px;\" colspan=\"2\">9,5 \u20ac<\/td>\n<td style=\"width: 12.6951%; height: 33px;\" colspan=\"2\">10,5 \u20ac<\/td>\n<\/tr>\n<\/tbody>\n<\/table>\n<p>Recordeu que el Casal estar\u00e0 <strong>obert a totes les fam\u00edlies<\/strong>, tant del centre com de fora.<\/p>\n<table style=\"border-collapse: collapse; width: 99.9001%; height: 47px;\">\n<tbody>\n<tr>\n<td style=\"width: 100%; background-color: #f2f2f2;\"><strong>*Col\u00b7lectius URV: <\/strong>Fills\/filles\/nets\/netes de PTGAS, PDI, Iubilo URV i FURV.<\/p>\n<p><strong>** Preu germans\/es: <\/strong>Aquest descompte s\u2019aplica a partir del 2n germ\u00e0\/ana \u00fanicament a un o m\u00e9s germans\/es d\u2019una mateixa unitat familiar.<br \/>\nPer exemple: Si inscriviu dues criatures, una pagar\u00e0 el preu general i l\u2019altra el preu redu\u00eft per germ\u00e0\/germana. Si en s\u00f3n tres, una pagar\u00e0 el preu general i les altres dues, el preu redu\u00eft.<\/td>\n<\/tr>\n<\/tbody>\n<\/table>\n<p><a href=\"https:\/\/agora.xtec.cat\/ceip-practiques-tarragona\/wp-content\/uploads\/usu583\/2025\/05\/logos_afa_urv_enxarxa.png\"><img loading=\"lazy\" decoding=\"async\" class=\"alignnone size-full wp-image-15714\" src=\"https:\/\/agora.xtec.cat\/ceip-practiques-tarragona\/wp-content\/uploads\/usu583\/2025\/05\/logos_afa_urv_enxarxa.png\" alt=\"\" width=\"2782\" height=\"706\" srcset=\"https:\/\/agora.xtec.cat\/ceip-practiques-tarragona\/wp-content\/uploads\/usu583\/2025\/05\/logos_afa_urv_enxarxa.png 2782w, https:\/\/agora.xtec.cat\/ceip-practiques-tarragona\/wp-content\/uploads\/usu583\/2025\/05\/logos_afa_urv_enxarxa-300x76.png 300w, https:\/\/agora.xtec.cat\/ceip-practiques-tarragona\/wp-content\/uploads\/usu583\/2025\/05\/logos_afa_urv_enxarxa-1024x260.png 1024w, https:\/\/agora.xtec.cat\/ceip-practiques-tarragona\/wp-content\/uploads\/usu583\/2025\/05\/logos_afa_urv_enxarxa-768x195.png 768w, https:\/\/agora.xtec.cat\/ceip-practiques-tarragona\/wp-content\/uploads\/usu583\/2025\/05\/logos_afa_urv_enxarxa-1536x390.png 1536w, https:\/\/agora.xtec.cat\/ceip-practiques-tarragona\/wp-content\/uploads\/usu583\/2025\/05\/logos_afa_urv_enxarxa-2048x520.png 2048w\" sizes=\"auto, (max-width: 2782px) 100vw, 2782px\" \/><\/a><\/p>\n","protected":false},"excerpt":{"rendered":"<p><a href=\"https:\/\/agora.xtec.cat\/ceip-practiques-tarragona\/wp-content\/uploads\/usu583\/2026\/03\/bola.png\"><\/a>Aquest any tamb\u00e9, Casal d&#8217;Estiu al Pr\u00e0ctiques amb la URV!\u00a0<br \/>\nInscripci\u00f3: s&#8217;obrir\u00e0 properament<br \/>\nLa ruta de la maleta perduda<br \/>\nAquest estiu ens convertirem en aut\u00e8ntics investigadors i investigadores. Una misteriosa maleta s&#8217;ha perdut mentre viatjava pel m\u00f3n, i nom\u00e9s nosaltres podrem seguir-ne les pistes. Haurem de rec\u00f3rrer&hellip;  <a href=\"https:\/\/agora.xtec.cat\/ceip-practiques-tarragona\/afa\/iniciatives-afa\/casal-destiu-afa-practiques-urv-edicio-estiu-2026\/\" title=\"Read Casal d\u2019Estiu AFA Pr\u00e0ctiques \u2013 URV (Edici\u00f3 estiu 2026)\">Llegeix m\u00e9s\u00bb<\/a><\/p>\n","protected":false},"author":89,"featured_media":0,"parent":11621,"menu_order":0,"comment_status":"closed","ping_status":"closed","template":"","meta":{"_bbp_topic_count":0,"_bbp_reply_count":0,"_bbp_total_topic_count":0,"_bbp_total_reply_count":0,"_bbp_voice_count":0,"_bbp_anonymous_reply_count":0,"_bbp_topic_count_hidden":0,"_bbp_reply_count_hidden":0,"_bbp_forum_subforum_count":0,"footnotes":""},"class_list":["post-16863","page","type-page","status-publish","hentry"],"post_mailing_queue_ids":[],"_links":{"self":[{"href":"https:\/\/agora.xtec.cat\/ceip-practiques-tarragona\/wp-json\/wp\/v2\/pages\/16863","targetHints":{"allow":["GET"]}}],"collection":[{"href":"https:\/\/agora.xtec.cat\/ceip-practiques-tarragona\/wp-json\/wp\/v2\/pages"}],"about":[{"href":"https:\/\/agora.xtec.cat\/ceip-practiques-tarragona\/wp-json\/wp\/v2\/types\/page"}],"author":[{"embeddable":true,"href":"https:\/\/agora.xtec.cat\/ceip-practiques-tarragona\/wp-json\/wp\/v2\/users\/89"}],"replies":[{"embeddable":true,"href":"https:\/\/agora.xtec.cat\/ceip-practiques-tarragona\/wp-json\/wp\/v2\/comments?post=16863"}],"version-history":[{"count":6,"href":"https:\/\/agora.xtec.cat\/ceip-practiques-tarragona\/wp-json\/wp\/v2\/pages\/16863\/revisions"}],"predecessor-version":[{"id":16952,"href":"https:\/\/agora.xtec.cat\/ceip-practiques-tarragona\/wp-json\/wp\/v2\/pages\/16863\/revisions\/16952"}],"up":[{"embeddable":true,"href":"https:\/\/agora.xtec.cat\/ceip-practiques-tarragona\/wp-json\/wp\/v2\/pages\/11621"}],"wp:attachment":[{"href":"https:\/\/agora.xtec.cat\/ceip-practiques-tarragona\/wp-json\/wp\/v2\/media?parent=16863"}],"curies":[{"name":"wp","href":"https:\/\/api.w.org\/{rel}","templated":true}]}}