{"id":11321,"date":"2020-07-14T12:46:29","date_gmt":"2020-07-14T10:46:29","guid":{"rendered":"http:\/\/agora.xtec.cat\/ceip-pompeufabra-parets\/?page_id=11321"},"modified":"2023-09-26T09:21:56","modified_gmt":"2023-09-26T07:21:56","slug":"recollida-doli-apindep","status":"publish","type":"page","link":"https:\/\/agora.xtec.cat\/ceip-pompeufabra-parets\/serveis\/recollida-doli-apindep\/","title":{"rendered":"Recollida d&#8217;oli APINDEP"},"content":{"rendered":"<div id=\"comp-jvdn6943\" class=\"txtNew\" data-packed=\"false\" data-vertical-text=\"false\" data-min-height=\"497\">\n<h1 class=\"font_0\" style=\"text-align: center;\">Apindep recull l&#8217;oli\u00a0de cuina usat<\/h1>\n<p class=\"font_7\"><span class=\"wixGuard\">\u200b<\/span><\/p>\n<p class=\"font_7\"><img decoding=\"async\" class=\"aligncenter\" src=\"https:\/\/static.wixstatic.com\/media\/0ad15d_91f247f2c80e43648c614349534ca3a5~mv2.png\/v1\/fill\/w_196,h_196,al_c,q_85,usm_0.66_1.00_0.01\/IMG_2609-copia.webp\" alt=\"IMG_2609-copia.png\" \/><\/p>\n<h5><strong>Com funciona aquest servei?\u00a0<\/strong><\/h5>\n<p class=\"font_7\">L&#8217;alumne rep a l&#8217;escola una ampolla <strong><span style=\"color: #339966;\">(claki)<\/span> <\/strong>per a la recollida d&#8217;oli de cuina dom\u00e8stic, amb una boca ampla i de material resistent, juntament amb un fullet\u00f3 informatiu. \u200b<strong>Podeu demanar els clakis a consergeria i retornar-los quan estiguin plens<\/strong>. Apindep s&#8217;encarrega del buidatge dels contenidors de les escoles, del transport de les ampolles plenes d&#8217;oli, de la gesti\u00f3 de l&#8217;oli recuperat, del rentat de les ampolles i del seu retorn a les escoles un cop ben netes per ser reutilitzades<\/p>\n<p class=\"font_7\"><span class=\"wixGuard\">\u200b<\/span>L&#8217;oli usat es recupera per a la seva utilitzaci\u00f3 com a biocombustible que pot ser usat en vehicles di\u00e8sel.<\/p>\n<\/div>\n<div id=\"comp-kc05jhyh\" class=\"txtNew\" data-packed=\"false\" data-vertical-text=\"false\" data-min-height=\"95\">\n<h1 class=\"font_0\"><\/h1>\n<\/div>\n<div id=\"comp-jvdo8fap\" class=\"style-jvf0d2el\" title=\"\" data-is-responsive=\"false\" data-display-mode=\"fill\" data-content-padding-horizontal=\"16\" data-content-padding-vertical=\"16\" data-exact-height=\"497\">\n<div id=\"comp-jvdo8faplink\" class=\"style-jvf0d2ellink\"><img decoding=\"async\" id=\"comp-jvdo8fapimgimage\" class=\"aligncenter\" src=\"https:\/\/static.wixstatic.com\/media\/0ad15d_f170ca4b3c7d4c70a4c917b5cd697925~mv2.jpg\/v1\/fill\/w_273,h_481,al_c,q_80,usm_0.66_1.00_0.01\/oliklak%20(1).webp\" alt=\"oliklak (1).jpg\" data-type=\"image\" \/><\/div>\n<\/div>\n<div id=\"comp-kc05fejl\" class=\"txtNew\" data-packed=\"false\" data-vertical-text=\"false\" data-min-height=\"268\">\n<h5 class=\"font_5\"><span class=\"color_19\">Els objectius que treballem en el projecte s\u00f3n:<\/span><\/h5>\n<p class=\"font_8\"><strong>\u00a0 \u00a0 \u00a0<span style=\"color: #339966;\">&#8211; Ocupacionals i socials<\/span><\/strong><\/p>\n<p class=\"font_8\">Generar oportunitats d\u2019ocupaci\u00f3 per a persones en situaci\u00f3 de risc d\u2019exclusi\u00f3, com s\u00f3n les persones en situaci\u00f3 de desocupaci\u00f3 de llarga durada, menors de 30 anys o majors de 50 anys, i persones amb diversitat funcional.<\/p>\n<p class=\"font_8\">La intenci\u00f3 \u00e9s donar ocupaci\u00f3 a persones que tenen m\u00e9s dif\u00edcil l\u2019acc\u00e9s al mercat de treball, i afavorir la seva formaci\u00f3, optimitzar el seu rendiment en aquesta tasca en concret, ajudant d\u2019aquesta manera a incrementar la seva autonomia laboral, social i personal.<\/p>\n<p class=\"font_8\"><span class=\"wixGuard\">\u200b<\/span><\/p>\n<p class=\"font_8\"><strong>\u00a0 \u00a0<span style=\"color: #339966;\"> \u00a0&#8211; Mediambiental<\/span><\/strong><\/p>\n<p class=\"font_8\">Ampliar la infraestructura existent\u00a0 per a la recollida selectiva, aportant al territori objecte un recurs de millora mediambiental, reduint la quantitat a disposici\u00f3 del rebuig del residu d\u2019oli vegetal d\u2019\u00fas alimentari i la sensibilitzaci\u00f3 de la poblaci\u00f3 envers el reciclatge i el respecte al medi ambient.<\/p>\n<\/div>\n","protected":false},"excerpt":{"rendered":"<p>Apindep recull l&#8217;oli\u00a0de cuina usat \u200b Com funciona aquest servei?\u00a0 L&#8217;alumne rep a l&#8217;escola una ampolla (claki) per a la recollida d&#8217;oli de cuina dom\u00e8stic, amb una boca ampla i de material resistent, juntament amb un fullet\u00f3 informatiu. \u200bPodeu demanar els clakis a consergeria i retornar-los quan estiguin plens. Apindep s&#8217;encarrega del buidatge dels contenidors [&hellip;]<\/p>\n","protected":false},"author":22,"featured_media":0,"parent":66,"menu_order":0,"comment_status":"closed","ping_status":"closed","template":"page-templates\/side-menu.php","meta":{"_bbp_topic_count":0,"_bbp_reply_count":0,"_bbp_total_topic_count":0,"_bbp_total_reply_count":0,"_bbp_voice_count":0,"_bbp_anonymous_reply_count":0,"_bbp_topic_count_hidden":0,"_bbp_reply_count_hidden":0,"_bbp_forum_subforum_count":0,"site-sidebar-layout":"default","site-content-layout":"","ast-site-content-layout":"","site-content-style":"default","site-sidebar-style":"default","ast-global-header-display":"","ast-banner-title-visibility":"","ast-main-header-display":"","ast-hfb-above-header-display":"","ast-hfb-below-header-display":"","ast-hfb-mobile-header-display":"","site-post-title":"","ast-breadcrumbs-content":"","ast-featured-img":"","footer-sml-layout":"","theme-transparent-header-meta":"","adv-header-id-meta":"","stick-header-meta":"","header-above-stick-meta":"","header-main-stick-meta":"","header-below-stick-meta":"","astra-migrate-meta-layouts":"default","ast-page-background-enabled":"default","ast-page-background-meta":{"desktop":{"background-color":"var(--ast-global-color-4)","background-image":"","background-repeat":"repeat","background-position":"center center","background-size":"auto","background-attachment":"scroll","background-type":"","background-media":"","overlay-type":"","overlay-color":"","overlay-opacity":"","overlay-gradient":""},"tablet":{"background-color":"","background-image":"","background-repeat":"repeat","background-position":"center center","background-size":"auto","background-attachment":"scroll","background-type":"","background-media":"","overlay-type":"","overlay-color":"","overlay-opacity":"","overlay-gradient":""},"mobile":{"background-color":"","background-image":"","background-repeat":"repeat","background-position":"center center","background-size":"auto","background-attachment":"scroll","background-type":"","background-media":"","overlay-type":"","overlay-color":"","overlay-opacity":"","overlay-gradient":""}},"ast-content-background-meta":{"desktop":{"background-color":"var(--ast-global-color-5)","background-image":"","background-repeat":"repeat","background-position":"center center","background-size":"auto","background-attachment":"scroll","background-type":"","background-media":"","overlay-type":"","overlay-color":"","overlay-opacity":"","overlay-gradient":""},"tablet":{"background-color":"var(--ast-global-color-5)","background-image":"","background-repeat":"repeat","background-position":"center center","background-size":"auto","background-attachment":"scroll","background-type":"","background-media":"","overlay-type":"","overlay-color":"","overlay-opacity":"","overlay-gradient":""},"mobile":{"background-color":"var(--ast-global-color-5)","background-image":"","background-repeat":"repeat","background-position":"center center","background-size":"auto","background-attachment":"scroll","background-type":"","background-media":"","overlay-type":"","overlay-color":"","overlay-opacity":"","overlay-gradient":""}},"footnotes":""},"class_list":["post-11321","page","type-page","status-publish","hentry"],"post_mailing_queue_ids":[],"_links":{"self":[{"href":"https:\/\/agora.xtec.cat\/ceip-pompeufabra-parets\/wp-json\/wp\/v2\/pages\/11321","targetHints":{"allow":["GET"]}}],"collection":[{"href":"https:\/\/agora.xtec.cat\/ceip-pompeufabra-parets\/wp-json\/wp\/v2\/pages"}],"about":[{"href":"https:\/\/agora.xtec.cat\/ceip-pompeufabra-parets\/wp-json\/wp\/v2\/types\/page"}],"author":[{"embeddable":true,"href":"https:\/\/agora.xtec.cat\/ceip-pompeufabra-parets\/wp-json\/wp\/v2\/users\/22"}],"replies":[{"embeddable":true,"href":"https:\/\/agora.xtec.cat\/ceip-pompeufabra-parets\/wp-json\/wp\/v2\/comments?post=11321"}],"version-history":[{"count":3,"href":"https:\/\/agora.xtec.cat\/ceip-pompeufabra-parets\/wp-json\/wp\/v2\/pages\/11321\/revisions"}],"predecessor-version":[{"id":13973,"href":"https:\/\/agora.xtec.cat\/ceip-pompeufabra-parets\/wp-json\/wp\/v2\/pages\/11321\/revisions\/13973"}],"up":[{"embeddable":true,"href":"https:\/\/agora.xtec.cat\/ceip-pompeufabra-parets\/wp-json\/wp\/v2\/pages\/66"}],"wp:attachment":[{"href":"https:\/\/agora.xtec.cat\/ceip-pompeufabra-parets\/wp-json\/wp\/v2\/media?parent=11321"}],"curies":[{"name":"wp","href":"https:\/\/api.w.org\/{rel}","templated":true}]}}