{"id":11319,"date":"2020-07-14T12:46:29","date_gmt":"2020-07-14T10:46:29","guid":{"rendered":"http:\/\/agora.xtec.cat\/ceip-pompeufabra-parets\/?page_id=11319"},"modified":"2025-03-27T08:56:11","modified_gmt":"2025-03-27T07:56:11","slug":"tokapp-school","status":"publish","type":"page","link":"https:\/\/agora.xtec.cat\/ceip-pompeufabra-parets\/serveis\/tokapp-school\/","title":{"rendered":"Tokapp School"},"content":{"rendered":"<p><a href=\"https:\/\/agora.xtec.cat\/ceip-pompeufabra-parets\/wp-content\/uploads\/usu1289\/2025\/03\/TokApp-School.png\"><img loading=\"lazy\" decoding=\"async\" class=\"aligncenter size-full wp-image-14646\" src=\"https:\/\/agora.xtec.cat\/ceip-pompeufabra-parets\/wp-content\/uploads\/usu1289\/2025\/03\/TokApp-School.png\" alt=\"\" width=\"833\" height=\"343\" srcset=\"https:\/\/agora.xtec.cat\/ceip-pompeufabra-parets\/wp-content\/uploads\/usu1289\/2025\/03\/TokApp-School.png 833w, https:\/\/agora.xtec.cat\/ceip-pompeufabra-parets\/wp-content\/uploads\/usu1289\/2025\/03\/TokApp-School-300x124.png 300w, https:\/\/agora.xtec.cat\/ceip-pompeufabra-parets\/wp-content\/uploads\/usu1289\/2025\/03\/TokApp-School-768x316.png 768w\" sizes=\"auto, (max-width: 833px) 100vw, 833px\" \/><\/a><\/p>\n<p>Per comunicar-nos amb les nostres fam\u00edlies de forma r\u00e0pida i senzilla l\u2019Escola Pompeu Fabra fa \u00fas de la plataforma <strong>Tokapp School. <\/strong>Per aquest motiu, us demanem que us descarregueu de forma gratu\u00efta l\u2019aplicaci\u00f3 en els tel\u00e8fons m\u00f2bils.<\/p>\n<p>A trav\u00e9s d\u2019aquesta app podreu <strong>obtenir circulars i informacions de forma immediata <\/strong>i, a m\u00e9s, podreu <strong>respondre <\/strong>quan el centre ho sol\u00b7liciti.<\/p>\n<p>Destacar que aquesta \u00e9s una app <strong>totalment gratu\u00efta <\/strong>per a tel\u00e8fons Android i iOS. La trobareu disponible tant a <strong>Google Play Store <\/strong>com a <strong>App Store. <\/strong>Per a descarregar-la, heu de seguir els seg\u00fcents passos:<\/p>\n<ol>\n<li>Entrar a la botiga App Store o Google Play des del vostre dispositiu m\u00f2bil.<\/li>\n<li>Buscar l\u2019aplicaci\u00f3 Tokapp School i descarregar-la.<\/li>\n<li>Obrir l\u2019aplicaci\u00f3, seleccionar el pa\u00eds de resid\u00e8ncia i validar el n\u00famero de tel\u00e8fon o el correu electr\u00f2nic que ha facilitat en el centre a l\u2019inici de curs.<\/li>\n<li>Escriure el nom d\u2019usuari i contrasenya que vulgui utilitzar (si est\u00e0 ocupat, escullin un altre).<\/li>\n<li>Esperar que el centre actualitzi la base de dades i detecti el seu registre. Aviat comen\u00e7aran a rebre comunicats. \u00c9s essencial per tant, que les dades del registre coincideixin amb els facilitats al centre.<\/li>\n<\/ol>\n<p>Aix\u00ed mateix, tamb\u00e9 pot obtenir informaci\u00f3 de com descarregar l\u2019aplicaci\u00f3 i donar-se d\u2019alta a trav\u00e9s de l\u2019enlla\u00e7: https:\/\/tokapp.com\/soporte\/<\/p>\n<p>A continuaci\u00f3 us deixem un v\u00eddeo on us expliquen com descarregar l&#8217;app per comen\u00e7ar a fer-ne \u00fas!<\/p>\n<p>&nbsp;<\/p>\n<p>\u27a1 \u00a0<a href=\"https:\/\/www.youtube.com\/watch?v=h5B6V1eX790\">https:\/\/www.youtube.com\/watch?v=h5B6V1eX790<\/a><\/p>\n<p>&nbsp;<\/p>\n","protected":false},"excerpt":{"rendered":"<p>Per comunicar-nos amb les nostres fam\u00edlies de forma r\u00e0pida i senzilla l\u2019Escola Pompeu Fabra fa \u00fas de la plataforma Tokapp School. Per aquest motiu, us demanem que us descarregueu de forma gratu\u00efta l\u2019aplicaci\u00f3 en els tel\u00e8fons m\u00f2bils. A trav\u00e9s d\u2019aquesta app podreu obtenir circulars i informacions de forma immediata i, a m\u00e9s, podreu respondre quan [&hellip;]<\/p>\n","protected":false},"author":22,"featured_media":0,"parent":66,"menu_order":2,"comment_status":"closed","ping_status":"closed","template":"page-templates\/side-menu.php","meta":{"_bbp_topic_count":0,"_bbp_reply_count":0,"_bbp_total_topic_count":0,"_bbp_total_reply_count":0,"_bbp_voice_count":0,"_bbp_anonymous_reply_count":0,"_bbp_topic_count_hidden":0,"_bbp_reply_count_hidden":0,"_bbp_forum_subforum_count":0,"site-sidebar-layout":"default","site-content-layout":"","ast-site-content-layout":"","site-content-style":"default","site-sidebar-style":"default","ast-global-header-display":"","ast-banner-title-visibility":"","ast-main-header-display":"","ast-hfb-above-header-display":"","ast-hfb-below-header-display":"","ast-hfb-mobile-header-display":"","site-post-title":"","ast-breadcrumbs-content":"","ast-featured-img":"","footer-sml-layout":"","theme-transparent-header-meta":"","adv-header-id-meta":"","stick-header-meta":"","header-above-stick-meta":"","header-main-stick-meta":"","header-below-stick-meta":"","astra-migrate-meta-layouts":"default","ast-page-background-enabled":"default","ast-page-background-meta":{"desktop":{"background-color":"var(--ast-global-color-4)","background-image":"","background-repeat":"repeat","background-position":"center center","background-size":"auto","background-attachment":"scroll","background-type":"","background-media":"","overlay-type":"","overlay-color":"","overlay-opacity":"","overlay-gradient":""},"tablet":{"background-color":"","background-image":"","background-repeat":"repeat","background-position":"center center","background-size":"auto","background-attachment":"scroll","background-type":"","background-media":"","overlay-type":"","overlay-color":"","overlay-opacity":"","overlay-gradient":""},"mobile":{"background-color":"","background-image":"","background-repeat":"repeat","background-position":"center center","background-size":"auto","background-attachment":"scroll","background-type":"","background-media":"","overlay-type":"","overlay-color":"","overlay-opacity":"","overlay-gradient":""}},"ast-content-background-meta":{"desktop":{"background-color":"var(--ast-global-color-5)","background-image":"","background-repeat":"repeat","background-position":"center center","background-size":"auto","background-attachment":"scroll","background-type":"","background-media":"","overlay-type":"","overlay-color":"","overlay-opacity":"","overlay-gradient":""},"tablet":{"background-color":"var(--ast-global-color-5)","background-image":"","background-repeat":"repeat","background-position":"center center","background-size":"auto","background-attachment":"scroll","background-type":"","background-media":"","overlay-type":"","overlay-color":"","overlay-opacity":"","overlay-gradient":""},"mobile":{"background-color":"var(--ast-global-color-5)","background-image":"","background-repeat":"repeat","background-position":"center center","background-size":"auto","background-attachment":"scroll","background-type":"","background-media":"","overlay-type":"","overlay-color":"","overlay-opacity":"","overlay-gradient":""}},"footnotes":""},"class_list":["post-11319","page","type-page","status-publish","hentry"],"post_mailing_queue_ids":[],"_links":{"self":[{"href":"https:\/\/agora.xtec.cat\/ceip-pompeufabra-parets\/wp-json\/wp\/v2\/pages\/11319","targetHints":{"allow":["GET"]}}],"collection":[{"href":"https:\/\/agora.xtec.cat\/ceip-pompeufabra-parets\/wp-json\/wp\/v2\/pages"}],"about":[{"href":"https:\/\/agora.xtec.cat\/ceip-pompeufabra-parets\/wp-json\/wp\/v2\/types\/page"}],"author":[{"embeddable":true,"href":"https:\/\/agora.xtec.cat\/ceip-pompeufabra-parets\/wp-json\/wp\/v2\/users\/22"}],"replies":[{"embeddable":true,"href":"https:\/\/agora.xtec.cat\/ceip-pompeufabra-parets\/wp-json\/wp\/v2\/comments?post=11319"}],"version-history":[{"count":5,"href":"https:\/\/agora.xtec.cat\/ceip-pompeufabra-parets\/wp-json\/wp\/v2\/pages\/11319\/revisions"}],"predecessor-version":[{"id":14648,"href":"https:\/\/agora.xtec.cat\/ceip-pompeufabra-parets\/wp-json\/wp\/v2\/pages\/11319\/revisions\/14648"}],"up":[{"embeddable":true,"href":"https:\/\/agora.xtec.cat\/ceip-pompeufabra-parets\/wp-json\/wp\/v2\/pages\/66"}],"wp:attachment":[{"href":"https:\/\/agora.xtec.cat\/ceip-pompeufabra-parets\/wp-json\/wp\/v2\/media?parent=11319"}],"curies":[{"name":"wp","href":"https:\/\/api.w.org\/{rel}","templated":true}]}}