{"id":538,"date":"2017-06-19T19:23:23","date_gmt":"2017-06-19T17:23:23","guid":{"rendered":"http:\/\/agora.xtec.cat\/ceip-pompeufabra-manlleu\/?page_id=538"},"modified":"2020-02-19T16:54:54","modified_gmt":"2020-02-19T15:54:54","slug":"familia-i-escola","status":"publish","type":"page","link":"https:\/\/agora.xtec.cat\/ceip-pompeufabra-manlleu\/familia-i-escola\/","title":{"rendered":"Fam\u00edlia i escola"},"content":{"rendered":"<h3><span style=\"text-decoration: underline;\">Web fam\u00edlia i escola<\/span><\/h3>\n<p>La Generalitat de Catalunya t\u00e9 una p\u00e0gina web &#8220;Fam\u00edlia i Escola&#8221;\u00a0 Junts X l&#8217;Educaci\u00f3 amb orientacions i recomanacions per a les fam\u00edlies. Animeu-vos a visitar-la.<\/p>\n<p><a href=\"http:\/\/familiaiescola.gencat.cat\/ca\/\">FAM\u00cdLIA I ESCOLA<\/a><\/p>\n<p>&nbsp;<\/p>\n<h3 id=\"FW_bloc_c68bc529-5618-11e4-9770-000c29cdf219_1\" class=\"FW_ancora\"><span style=\"text-decoration: underline;\">L&#8217;esmorzar, el carburant del bon estudiant<\/span><\/h3>\n<p>L&#8217;ESMORZAR A CASA, EL PRIMER PAS PER ACONSEGUIR UN BON RENDIMENT ESCOLAR<\/p>\n<p><a href=\"http:\/\/familiaiescola.gencat.cat\/ca\/recomanacions\/recomanacions\/esmorzar\/\"><img loading=\"lazy\" decoding=\"async\" class=\"aligncenter\" src=\"http:\/\/familiaiescola.gencat.cat\/web\/.content\/home\/Home-principal\/recomanacions_home_84x84\/esmorzar\/tema-destacat.jpg\" alt=\"Esmorzar\" width=\"146\" height=\"146\" \/><\/a><\/p>\n<p style=\"text-align: center;\">CLIQUEU LA IMATGE PER ENLLA\u00c7AR AMB L&#8217;ARTICLE<\/p>\n","protected":false},"excerpt":{"rendered":"<p>Web fam\u00edlia i escola La Generalitat de Catalunya t\u00e9 una p\u00e0gina web &#8220;Fam\u00edlia i Escola&#8221;\u00a0 Junts X l&#8217;Educaci\u00f3 amb orientacions i recomanacions per a les fam\u00edlies. Animeu-vos a visitar-la. FAM\u00cdLIA I ESCOLA &nbsp; L&#8217;esmorzar, el carburant del bon estudiant L&#8217;ESMORZAR A CASA, EL PRIMER PAS PER ACONSEGUIR UN BON RENDIMENT ESCOLAR CLIQUEU LA IMATGE PER [&hellip;]<\/p>\n","protected":false},"author":1,"featured_media":0,"parent":0,"menu_order":0,"comment_status":"closed","ping_status":"closed","template":"","meta":{"_bbp_topic_count":0,"_bbp_reply_count":0,"_bbp_total_topic_count":0,"_bbp_total_reply_count":0,"_bbp_voice_count":0,"_bbp_anonymous_reply_count":0,"_bbp_topic_count_hidden":0,"_bbp_reply_count_hidden":0,"_bbp_forum_subforum_count":0,"site-sidebar-layout":"default","site-content-layout":"","ast-site-content-layout":"","site-content-style":"default","site-sidebar-style":"default","ast-global-header-display":"","ast-banner-title-visibility":"","ast-main-header-display":"","ast-hfb-above-header-display":"","ast-hfb-below-header-display":"","ast-hfb-mobile-header-display":"","site-post-title":"","ast-breadcrumbs-content":"","ast-featured-img":"","footer-sml-layout":"","theme-transparent-header-meta":"","adv-header-id-meta":"","stick-header-meta":"","header-above-stick-meta":"","header-main-stick-meta":"","header-below-stick-meta":"","astra-migrate-meta-layouts":"default","ast-page-background-enabled":"default","ast-page-background-meta":{"desktop":{"background-color":"var(--ast-global-color-4)","background-image":"","background-repeat":"repeat","background-position":"center center","background-size":"auto","background-attachment":"scroll","background-type":"","background-media":"","overlay-type":"","overlay-color":"","overlay-opacity":"","overlay-gradient":""},"tablet":{"background-color":"","background-image":"","background-repeat":"repeat","background-position":"center center","background-size":"auto","background-attachment":"scroll","background-type":"","background-media":"","overlay-type":"","overlay-color":"","overlay-opacity":"","overlay-gradient":""},"mobile":{"background-color":"","background-image":"","background-repeat":"repeat","background-position":"center center","background-size":"auto","background-attachment":"scroll","background-type":"","background-media":"","overlay-type":"","overlay-color":"","overlay-opacity":"","overlay-gradient":""}},"ast-content-background-meta":{"desktop":{"background-color":"var(--ast-global-color-5)","background-image":"","background-repeat":"repeat","background-position":"center center","background-size":"auto","background-attachment":"scroll","background-type":"","background-media":"","overlay-type":"","overlay-color":"","overlay-opacity":"","overlay-gradient":""},"tablet":{"background-color":"var(--ast-global-color-5)","background-image":"","background-repeat":"repeat","background-position":"center center","background-size":"auto","background-attachment":"scroll","background-type":"","background-media":"","overlay-type":"","overlay-color":"","overlay-opacity":"","overlay-gradient":""},"mobile":{"background-color":"var(--ast-global-color-5)","background-image":"","background-repeat":"repeat","background-position":"center center","background-size":"auto","background-attachment":"scroll","background-type":"","background-media":"","overlay-type":"","overlay-color":"","overlay-opacity":"","overlay-gradient":""}},"footnotes":""},"class_list":["post-538","page","type-page","status-publish","hentry"],"post_mailing_queue_ids":[],"_links":{"self":[{"href":"https:\/\/agora.xtec.cat\/ceip-pompeufabra-manlleu\/wp-json\/wp\/v2\/pages\/538","targetHints":{"allow":["GET"]}}],"collection":[{"href":"https:\/\/agora.xtec.cat\/ceip-pompeufabra-manlleu\/wp-json\/wp\/v2\/pages"}],"about":[{"href":"https:\/\/agora.xtec.cat\/ceip-pompeufabra-manlleu\/wp-json\/wp\/v2\/types\/page"}],"author":[{"embeddable":true,"href":"https:\/\/agora.xtec.cat\/ceip-pompeufabra-manlleu\/wp-json\/wp\/v2\/users\/1"}],"replies":[{"embeddable":true,"href":"https:\/\/agora.xtec.cat\/ceip-pompeufabra-manlleu\/wp-json\/wp\/v2\/comments?post=538"}],"version-history":[{"count":4,"href":"https:\/\/agora.xtec.cat\/ceip-pompeufabra-manlleu\/wp-json\/wp\/v2\/pages\/538\/revisions"}],"predecessor-version":[{"id":11889,"href":"https:\/\/agora.xtec.cat\/ceip-pompeufabra-manlleu\/wp-json\/wp\/v2\/pages\/538\/revisions\/11889"}],"wp:attachment":[{"href":"https:\/\/agora.xtec.cat\/ceip-pompeufabra-manlleu\/wp-json\/wp\/v2\/media?parent=538"}],"curies":[{"name":"wp","href":"https:\/\/api.w.org\/{rel}","templated":true}]}}