{"id":2650,"date":"2018-02-20T13:23:09","date_gmt":"2018-02-20T12:23:09","guid":{"rendered":"http:\/\/agora.xtec.cat\/ceip-pompeufabra-manlleu\/?page_id=2650"},"modified":"2019-12-10T13:35:09","modified_gmt":"2019-12-10T12:35:09","slug":"activitats-extraescolars-curs-20172018","status":"publish","type":"page","link":"https:\/\/agora.xtec.cat\/ceip-pompeufabra-manlleu\/lescola\/oferta-educativa\/activitats-extraescolars-curs-20172018\/","title":{"rendered":"ACTIVITATS EXTRAESCOLARS 2019\/2020"},"content":{"rendered":"<h1><\/h1>\n<table>\n<tbody>\n<tr>\n<td width=\"197\"><strong>\u00a0<\/strong><\/p>\n<p><strong>ACTIVITAT<\/strong><\/p>\n<p><strong>\u00a0<\/strong><\/td>\n<td width=\"161\"><strong>\u00a0<\/strong><\/p>\n<p><strong>CURS<\/strong><\/td>\n<td width=\"170\"><strong>\u00a0<\/strong><\/p>\n<p><strong>DIES<\/strong><\/td>\n<td width=\"161\"><strong>\u00a0<\/strong><\/p>\n<p><strong>HORARIS<\/strong><\/td>\n<td width=\"180\"><strong>\u00a0<\/strong><\/p>\n<p><strong>IMPORT<\/strong><\/td>\n<\/tr>\n<tr>\n<td width=\"197\"><strong>\u00a0<\/strong><\/p>\n<p><strong>Nataci\u00f3<\/strong><\/p>\n<p><strong>(10 sessions\/trimestre)<\/strong><\/p>\n<p>Places limitades a 12.<\/td>\n<td width=\"161\">P4 i P5<\/p>\n<p>2on a 6\u00e8<\/p>\n<p>&nbsp;<\/td>\n<td width=\"170\">Dimarts<\/p>\n<p>&nbsp;<\/td>\n<td width=\"161\">17:00 a 18:00<\/p>\n<p>&nbsp;<\/td>\n<td width=\"180\">61 \u20ac\/trimestre (10 sessions\/trimestre i amb monitoratge)<\/td>\n<\/tr>\n<tr>\n<td width=\"197\"><strong>\u00a0<\/strong><\/p>\n<p><strong>Nataci\u00f3<\/strong><\/p>\n<p><strong>(10 sessions\/trimestre)<\/strong><\/p>\n<p>Places limitades a 12.<\/td>\n<td width=\"161\">P3<\/p>\n<p>(nom\u00e9s 3er trimestre)<\/td>\n<td width=\"170\">Dimecres<\/p>\n<p>&nbsp;<\/td>\n<td width=\"161\">17:15 a 18:00<\/p>\n<p>&nbsp;<\/td>\n<td width=\"180\">41?? 45?? \u20ac\/trimestre<\/p>\n<p>(10 sessions i amb pares acompanyants)<\/td>\n<\/tr>\n<tr>\n<td width=\"197\"><strong>\u00a0<\/strong><\/p>\n<p><strong>Gimn\u00e0stica Esportiva<\/strong><\/p>\n<p><strong>(Club Gimn\u00e0stic Osona)<\/strong><\/p>\n<p>&nbsp;<\/td>\n<td width=\"161\">1r.\u00a0 a 6\u00e8<\/td>\n<td width=\"170\">Divendres<\/p>\n<p>&nbsp;<\/td>\n<td width=\"161\">17:00 a 18:30<\/td>\n<td width=\"180\">55\u20ac\/trimestre<\/p>\n<p>&nbsp;<\/td>\n<\/tr>\n<tr>\n<td width=\"197\"><strong>\u00a0<\/strong><\/p>\n<p><strong>Baby Gym<\/strong><\/p>\n<p><strong>(Club Gimn\u00e0stic Osona)<\/strong><\/p>\n<p>&nbsp;<\/td>\n<td width=\"161\">P-3, P-4, P-5<\/td>\n<td width=\"170\">Dimarts<\/p>\n<p>&nbsp;<\/td>\n<td width=\"161\">17:00 a 18:00<\/td>\n<td width=\"180\">45\u20ac\/trimestre<\/p>\n<p>&nbsp;<\/td>\n<\/tr>\n<tr>\n<td width=\"197\"><strong>\u00a0<\/strong><\/td>\n<td width=\"161\"><\/td>\n<td width=\"170\"><\/td>\n<td width=\"161\"><\/td>\n<td width=\"180\"><\/td>\n<\/tr>\n<tr>\n<td width=\"197\"><strong>\u00a0<\/strong><\/td>\n<td width=\"161\"><\/td>\n<td width=\"170\"><\/td>\n<td width=\"161\"><\/td>\n<td width=\"180\"><\/td>\n<\/tr>\n<tr>\n<td width=\"197\"><strong>\u00a0<\/strong><\/p>\n<p><strong>Robotica<\/strong><\/p>\n<p><strong>\u00a0<\/strong><\/p>\n<p><strong>\u00a0<\/strong><\/td>\n<td width=\"161\">1er i 2on<\/p>\n<p>3er, 4art i 5\u00ea<\/p>\n<p>6\u00e8<\/td>\n<td width=\"170\">Dimarts<\/td>\n<td width=\"161\">17:00 a 18:30<\/td>\n<td width=\"180\">120\u20ac\/trimestre<\/p>\n<p>126\u20ac\/trimestre<\/p>\n<p>138\u20ac\/trimestre<\/p>\n<p><strong>15 \u20ac\/matricula<\/strong><\/td>\n<\/tr>\n<tr>\n<td width=\"197\"><strong>\u00a0<\/strong><\/p>\n<p><strong>B\u00e0squet<\/strong><\/p>\n<p><strong>Club B\u00e0squet Manlleu<\/strong><\/p>\n<p><strong>\u00a0<\/strong><\/p>\n<p><strong>\u00a0<\/strong><\/td>\n<td width=\"161\">3er a 6\u00e8<\/td>\n<td width=\"170\">Divendres<\/p>\n<p>Dijous<\/td>\n<td width=\"161\">17:15 a 18:15<\/td>\n<td width=\"180\">36\u20ac\/mes<\/p>\n<p><strong>36\u20ac de matricula<\/strong><\/td>\n<\/tr>\n<tr>\n<td width=\"197\"><strong>\u00a0<\/strong><\/p>\n<p><strong>B\u00e0squet Infantil<\/strong><\/p>\n<p><strong>Club B\u00e0squet Manlleu<\/strong><\/p>\n<p><strong>\u00a0<\/strong><\/td>\n<td width=\"161\">P5 a 2on<\/td>\n<td width=\"170\">Dimarts<\/td>\n<td width=\"161\">17:00 a 18:00<\/td>\n<td width=\"180\">100\u20ac\/ l\u2019any<\/td>\n<\/tr>\n<tr>\n<td width=\"197\"><strong>\u00a0<\/strong><\/p>\n<p><strong>Futbol Sala ( UEFSM)<\/strong><\/p>\n<p><strong>\u00a0<\/strong><\/p>\n<p><strong>\u00a0<\/strong><\/td>\n<td width=\"161\">1er a 6\u00e8<\/p>\n<p>&nbsp;<\/td>\n<td width=\"170\">Dilluns,dimecres i divendres<\/td>\n<td width=\"161\">17:15 a 18:15<\/p>\n<p>&nbsp;<\/td>\n<td width=\"180\">55\u20ac\/trimestre<\/td>\n<\/tr>\n<tr>\n<td width=\"197\"><strong>\u00a0<\/strong><\/p>\n<p><strong>Hoquei Patins<\/strong><\/p>\n<p><strong>Club Pat\u00ed Manlleu<\/strong><\/p>\n<p><strong>\u00a0<\/strong><\/td>\n<td width=\"161\">1r a 6\u00e8<\/td>\n<td width=\"170\">Dijous<\/td>\n<td width=\"161\">17:30a 19:00<\/p>\n<p>Opcional:<\/p>\n<p>Dissabtes de 10:00 a 11:30<\/td>\n<td width=\"180\">30\u20ac\/trimestre<\/p>\n<p>(incl\u00f2s material)<\/td>\n<\/tr>\n<tr>\n<td width=\"197\"><strong>\u00a0<\/strong><\/p>\n<p><strong>Angl\u00e8s<\/strong><\/p>\n<p><strong>English is Cool<\/strong><\/p>\n<h1>\u00a0\u00a0\u00a0\u00a0\u00a0\u00a0\u00a0\u00a0\u00a0\u00a0 Novetat<\/h1>\n<\/td>\n<td width=\"161\">P3<\/p>\n<p>P4 i P5<\/p>\n<p>1er i 2on<\/p>\n<p>3er i 4art<\/p>\n<p>5\u00e8 i 6\u00e8<\/p>\n<p>&nbsp;<\/td>\n<td width=\"170\">Dilluns<\/p>\n<p>Dimecres<\/p>\n<p>Divendres<\/td>\n<td width=\"161\">17:00 a 18:00<\/td>\n<td width=\"180\">51\u20ac\/trimestre<\/p>\n<p>(20\u20acmaterial per tot el curs)<\/td>\n<\/tr>\n<tr>\n<td width=\"197\"><strong>\u00a0<\/strong><\/p>\n<p><strong>Street Dance<\/strong><\/p>\n<p><strong>M\u00f3n M\u00e0gic<\/strong><\/p>\n<p>&nbsp;<\/td>\n<td width=\"161\">1er a 6\u00ea<\/td>\n<td width=\"170\">Dilluns<\/td>\n<td width=\"161\">17:00 a 18:00<\/td>\n<td width=\"180\">40 \u20ac\/trimestre<\/td>\n<\/tr>\n<tr>\n<td width=\"197\"><strong>\u00a0<\/strong><\/p>\n<p><strong>Street Dance Infantil<\/strong><\/p>\n<p><strong>M\u00f3n M\u00e0gic<\/strong><\/p>\n<p>&nbsp;<\/td>\n<td width=\"161\">P3 a P5<\/td>\n<td width=\"170\">Dimecres<\/td>\n<td width=\"161\">17:00 a 18:00<\/td>\n<td width=\"180\">40 \u20ac\/trimestre<\/td>\n<\/tr>\n<\/tbody>\n<\/table>\n<p><strong><br \/>\n*<\/strong><strong>Totes les activitats es pagaran a l\u2019inici\u00ef de cada trimestre a l\u2019empresa que fa l\u2019activitat.M\u00e9s endavant us facilitarem els n\u00aa de cte.<\/strong><\/p>\n<p>*Donades les\u00a0 limitacions de places per les activitats (b\u00e0sicament nataci\u00f3) <u>, <strong>les places s\u2019atorgaran a partir d&#8217;un sorteig entre totes les inscripcions.<\/strong><\/u><\/p>\n<p>*L\u2019activitat d\u2019 hoquei patins, \u00e9s una activitat que dep\u00e8n totalment del Club Hoquei Manlleu. <strong><u>La mateixa es portar\u00e0 a terme a les instal\u00b7lacions del Pavell\u00f3 Municipal de Manlleu, i no a l\u2019escola<\/u>.<\/strong><\/p>\n<p>*L\u2019activitat de basquet, \u00e9s una activitat que dep\u00e8n totalment del Club Basquet Manlleu. <strong><u>La mateixa es portar\u00e0 a terme a les instal\u00b7lacions del Pavell\u00f3 Municipal de Manlleu, i no a l\u2019escola.<\/u><\/strong><\/p>\n<p>*L\u2019activitat de Futbol Sala, \u00e9s una activitat que dep\u00e8n totalment del UEFSM. <strong><u>La mateixa es portar\u00e0 a terme a les instal\u00b7lacions del Pavell\u00f3 Municipal de Manlleu, i no a l\u2019escola.<\/u><\/strong><\/p>\n<p><strong><u>*<\/u><\/strong><u>Un cop rebudes les inscripcions i si finalment es pot portar a terme l\u2019extraescolar d\u2019angl\u00e8s; L\u2019acad\u00e8mia s\u2019ofereix per fer una xerrada informativa per tal d\u2019explicar els pares la metodologia que fan servir<\/u><\/p>\n<p>*L\u2019activitat d\u2019inform\u00e0tica per poder-la portar a terme hi han d\u2019haver un m\u00ednim de 6 alumnes.<\/p>\n<p>Per qualsevol dubte contacteu amb l\u2019AMPA:\u00a0 Ra\u00fal 630602989 , \u00a0Montse 669679973<\/p>\n<p><strong><u>NOTA IMPORTANT: DESDE LA COMISSI\u00d3 D\u2019EXTRAESCOLARS DE L\u2019AMPA, US VOLEM INFORMAR QUE DEGUT A LES RETALLADES LES ACTIVITATS EXTRAESCOLARS NO TENEN CAP MENA DE SUBVENCI\u00d3. \u00c9S PER AQUEST MOTIU QUE HEM INTENTAT MANTENIR VIGENTS ELS PREUS DE LES MATEIXES. US PREGUEM SIGUEU RESPECTUOSOS AMB EL PLA\u00c7OS DE PAGAMENT DE LES ACTIVITATS.<\/u><\/strong><\/p>\n<p><strong>GR\u00c0CIES.\u00a0\u00a0\u00a0<\/strong><\/p>\n<p><strong>\u00a0<\/strong><\/p>\n<p><strong>\u00a0<\/strong><\/p>\n<table>\n<tbody>\n<tr>\n<td width=\"806\"><\/td>\n<\/tr>\n<tr>\n<td><\/td>\n<td><\/td>\n<\/tr>\n<\/tbody>\n<\/table>\n","protected":false},"excerpt":{"rendered":"<p>\u00a0 ACTIVITAT \u00a0 \u00a0 CURS \u00a0 DIES \u00a0 HORARIS \u00a0 IMPORT \u00a0 Nataci\u00f3 (10 sessions\/trimestre) Places limitades a 12. P4 i P5 2on a 6\u00e8 &nbsp; Dimarts &nbsp; 17:00 a 18:00 &nbsp; 61 \u20ac\/trimestre (10 sessions\/trimestre i amb monitoratge) \u00a0 Nataci\u00f3 (10 sessions\/trimestre) Places limitades a 12. P3 (nom\u00e9s 3er trimestre) Dimecres &nbsp; 17:15 a [&hellip;]<\/p>\n","protected":false},"author":6,"featured_media":0,"parent":34,"menu_order":0,"comment_status":"closed","ping_status":"closed","template":"","meta":{"_bbp_topic_count":0,"_bbp_reply_count":0,"_bbp_total_topic_count":0,"_bbp_total_reply_count":0,"_bbp_voice_count":0,"_bbp_anonymous_reply_count":0,"_bbp_topic_count_hidden":0,"_bbp_reply_count_hidden":0,"_bbp_forum_subforum_count":0,"site-sidebar-layout":"default","site-content-layout":"","ast-site-content-layout":"","site-content-style":"default","site-sidebar-style":"default","ast-global-header-display":"","ast-banner-title-visibility":"","ast-main-header-display":"","ast-hfb-above-header-display":"","ast-hfb-below-header-display":"","ast-hfb-mobile-header-display":"","site-post-title":"","ast-breadcrumbs-content":"","ast-featured-img":"","footer-sml-layout":"","theme-transparent-header-meta":"","adv-header-id-meta":"","stick-header-meta":"","header-above-stick-meta":"","header-main-stick-meta":"","header-below-stick-meta":"","astra-migrate-meta-layouts":"default","ast-page-background-enabled":"default","ast-page-background-meta":{"desktop":{"background-color":"var(--ast-global-color-4)","background-image":"","background-repeat":"repeat","background-position":"center center","background-size":"auto","background-attachment":"scroll","background-type":"","background-media":"","overlay-type":"","overlay-color":"","overlay-opacity":"","overlay-gradient":""},"tablet":{"background-color":"","background-image":"","background-repeat":"repeat","background-position":"center center","background-size":"auto","background-attachment":"scroll","background-type":"","background-media":"","overlay-type":"","overlay-color":"","overlay-opacity":"","overlay-gradient":""},"mobile":{"background-color":"","background-image":"","background-repeat":"repeat","background-position":"center center","background-size":"auto","background-attachment":"scroll","background-type":"","background-media":"","overlay-type":"","overlay-color":"","overlay-opacity":"","overlay-gradient":""}},"ast-content-background-meta":{"desktop":{"background-color":"var(--ast-global-color-5)","background-image":"","background-repeat":"repeat","background-position":"center center","background-size":"auto","background-attachment":"scroll","background-type":"","background-media":"","overlay-type":"","overlay-color":"","overlay-opacity":"","overlay-gradient":""},"tablet":{"background-color":"var(--ast-global-color-5)","background-image":"","background-repeat":"repeat","background-position":"center center","background-size":"auto","background-attachment":"scroll","background-type":"","background-media":"","overlay-type":"","overlay-color":"","overlay-opacity":"","overlay-gradient":""},"mobile":{"background-color":"var(--ast-global-color-5)","background-image":"","background-repeat":"repeat","background-position":"center center","background-size":"auto","background-attachment":"scroll","background-type":"","background-media":"","overlay-type":"","overlay-color":"","overlay-opacity":"","overlay-gradient":""}},"footnotes":""},"class_list":["post-2650","page","type-page","status-publish","hentry"],"post_mailing_queue_ids":[],"_links":{"self":[{"href":"https:\/\/agora.xtec.cat\/ceip-pompeufabra-manlleu\/wp-json\/wp\/v2\/pages\/2650","targetHints":{"allow":["GET"]}}],"collection":[{"href":"https:\/\/agora.xtec.cat\/ceip-pompeufabra-manlleu\/wp-json\/wp\/v2\/pages"}],"about":[{"href":"https:\/\/agora.xtec.cat\/ceip-pompeufabra-manlleu\/wp-json\/wp\/v2\/types\/page"}],"author":[{"embeddable":true,"href":"https:\/\/agora.xtec.cat\/ceip-pompeufabra-manlleu\/wp-json\/wp\/v2\/users\/6"}],"replies":[{"embeddable":true,"href":"https:\/\/agora.xtec.cat\/ceip-pompeufabra-manlleu\/wp-json\/wp\/v2\/comments?post=2650"}],"version-history":[{"count":3,"href":"https:\/\/agora.xtec.cat\/ceip-pompeufabra-manlleu\/wp-json\/wp\/v2\/pages\/2650\/revisions"}],"predecessor-version":[{"id":11128,"href":"https:\/\/agora.xtec.cat\/ceip-pompeufabra-manlleu\/wp-json\/wp\/v2\/pages\/2650\/revisions\/11128"}],"up":[{"embeddable":true,"href":"https:\/\/agora.xtec.cat\/ceip-pompeufabra-manlleu\/wp-json\/wp\/v2\/pages\/34"}],"wp:attachment":[{"href":"https:\/\/agora.xtec.cat\/ceip-pompeufabra-manlleu\/wp-json\/wp\/v2\/media?parent=2650"}],"curies":[{"name":"wp","href":"https:\/\/api.w.org\/{rel}","templated":true}]}}