{"id":18626,"date":"2023-02-01T11:13:09","date_gmt":"2023-02-01T10:13:09","guid":{"rendered":"https:\/\/agora.xtec.cat\/ceip-pompeufabra-manlleu\/?page_id=18626"},"modified":"2024-06-14T13:36:34","modified_gmt":"2024-06-14T11:36:34","slug":"projecte-cueme","status":"publish","type":"page","link":"https:\/\/agora.xtec.cat\/ceip-pompeufabra-manlleu\/projecte-cueme\/","title":{"rendered":"Projecte CUEME"},"content":{"rendered":"<p class=\"helperbird-font-opendyslexic-regular\">El programa<strong class=\"helperbird-font-opendyslexic-regular\"> CuEmE<\/strong> (Cultura emprenedora a l\u2019escola) fomenta l\u2019esperit emprenedor i les compet\u00e8ncies b\u00e0siques en el Cicle Superior d&#8217;Educaci\u00f3 Prim\u00e0ria.<br class=\"helperbird-font-opendyslexic-regular\" \/>Durant un curs escolar, l&#8217;alumnat de 5\u00e8 crea i gestiona una cooperativa escolar amb el recolzament de la comunitat educativa, l&#8217;administraci\u00f3 i altres agents socials de la localitat.<br class=\"helperbird-font-opendyslexic-regular\" \/>La metodologia educativa \u00e9s el treball per projectes.<\/p>\n<p class=\"helperbird-font-opendyslexic-regular\">Es reforcen valors com la solidaritat, la igualtat d\u2019oportunitats i l\u2019equitat i constitueix una eina d\u2019inclusi\u00f3 social.<\/p>\n<p class=\"helperbird-font-opendyslexic-regular\">La cooperativa centra l\u2019activitat empresarial en la persona i no en el capital, es gestiona de manera democr\u00e0tica i participativa i dona part dels beneficis a projectes socials.<\/p>\n<p class=\"helperbird-font-opendyslexic-regular\"><strong class=\"helperbird-font-opendyslexic-regular\">Curs 23-24<\/strong>: Iniciem de nou el projecte Cuieme amb els alumnes de 5\u00e8:<\/p>\n<table class=\" helperbird-font-opendyslexic-regular\" style=\"border-collapse: collapse; width: 100%;\">\n<tbody class=\"helperbird-font-opendyslexic-regular\">\n<tr class=\"helperbird-font-opendyslexic-regular\">\n<td class=\"helperbird-font-opendyslexic-regular\" style=\"width: 25%;\">FASE 0: ENS PREPAREM PER EMPRENDRE<\/td>\n<td class=\"helperbird-font-opendyslexic-regular\" style=\"width: 25%;\">FASE 1: CREEM LA COOPERATIVA<\/td>\n<td class=\"helperbird-font-opendyslexic-regular\" style=\"width: 25%;\">FASE 2: CREEM LA IMATGE<\/td>\n<\/tr>\n<tr class=\"helperbird-font-opendyslexic-regular\">\n<td class=\"helperbird-font-opendyslexic-regular\" style=\"width: 25%;\"><a class=\"helperbird-font-opendyslexic-regular\" href=\"https:\/\/agora.xtec.cat\/ceip-pompeufabra-manlleu\/wp-content\/uploads\/usu846\/2023\/11\/IMG-20231109-WA0013.jpg\"><img loading=\"lazy\" decoding=\"async\" class=\"alignnone size-full wp-image-19549 helperbird-font-opendyslexic-regular\" src=\"https:\/\/agora.xtec.cat\/ceip-pompeufabra-manlleu\/wp-content\/uploads\/usu846\/2023\/11\/IMG-20231109-WA0013.jpg\" alt=\"\" width=\"2040\" height=\"1530\" srcset=\"https:\/\/agora.xtec.cat\/ceip-pompeufabra-manlleu\/wp-content\/uploads\/usu846\/2023\/11\/IMG-20231109-WA0013.jpg 2040w, https:\/\/agora.xtec.cat\/ceip-pompeufabra-manlleu\/wp-content\/uploads\/usu846\/2023\/11\/IMG-20231109-WA0013-300x225.jpg 300w, https:\/\/agora.xtec.cat\/ceip-pompeufabra-manlleu\/wp-content\/uploads\/usu846\/2023\/11\/IMG-20231109-WA0013-1024x768.jpg 1024w, https:\/\/agora.xtec.cat\/ceip-pompeufabra-manlleu\/wp-content\/uploads\/usu846\/2023\/11\/IMG-20231109-WA0013-768x576.jpg 768w, https:\/\/agora.xtec.cat\/ceip-pompeufabra-manlleu\/wp-content\/uploads\/usu846\/2023\/11\/IMG-20231109-WA0013-1536x1152.jpg 1536w, https:\/\/agora.xtec.cat\/ceip-pompeufabra-manlleu\/wp-content\/uploads\/usu846\/2023\/11\/IMG-20231109-WA0013-200x150.jpg 200w\" sizes=\"auto, (max-width: 2040px) 100vw, 2040px\" \/><\/a><\/td>\n<td class=\"helperbird-font-opendyslexic-regular\" style=\"width: 25%;\"><a class=\"helperbird-font-opendyslexic-regular\" href=\"https:\/\/agora.xtec.cat\/ceip-pompeufabra-manlleu\/wp-content\/uploads\/usu846\/2023\/12\/candidatures-5b.jpg\"><img loading=\"lazy\" decoding=\"async\" class=\"alignnone size-full wp-image-19611 helperbird-font-opendyslexic-regular\" src=\"https:\/\/agora.xtec.cat\/ceip-pompeufabra-manlleu\/wp-content\/uploads\/usu846\/2023\/12\/candidatures-5b.jpg\" alt=\"\" width=\"2048\" height=\"2048\" srcset=\"https:\/\/agora.xtec.cat\/ceip-pompeufabra-manlleu\/wp-content\/uploads\/usu846\/2023\/12\/candidatures-5b.jpg 2048w, https:\/\/agora.xtec.cat\/ceip-pompeufabra-manlleu\/wp-content\/uploads\/usu846\/2023\/12\/candidatures-5b-300x300.jpg 300w, https:\/\/agora.xtec.cat\/ceip-pompeufabra-manlleu\/wp-content\/uploads\/usu846\/2023\/12\/candidatures-5b-1024x1024.jpg 1024w, https:\/\/agora.xtec.cat\/ceip-pompeufabra-manlleu\/wp-content\/uploads\/usu846\/2023\/12\/candidatures-5b-150x150.jpg 150w, https:\/\/agora.xtec.cat\/ceip-pompeufabra-manlleu\/wp-content\/uploads\/usu846\/2023\/12\/candidatures-5b-768x768.jpg 768w, https:\/\/agora.xtec.cat\/ceip-pompeufabra-manlleu\/wp-content\/uploads\/usu846\/2023\/12\/candidatures-5b-1536x1536.jpg 1536w\" sizes=\"auto, (max-width: 2048px) 100vw, 2048px\" \/><\/a><\/td>\n<td class=\"helperbird-font-opendyslexic-regular\" style=\"width: 25%;\">\n<p class=\"helperbird-font-opendyslexic-regular\">\u00a0 \u00a0 \u00a0 \u00a0 \u00a0COOPFABRA\u00a0 \u00a0 \u00a0 \u00a0 \u00a0 \u00a0 \u00a0 \u00a0 \u00a0 \u00a0 \u00a0 \u00a0 \u00a0 \u00a0 \u00a0 \u00a0 L&#8217;AVELLANA FORTA<\/p>\n<p class=\"helperbird-font-opendyslexic-regular\"><a class=\"helperbird-font-opendyslexic-regular\" href=\"https:\/\/agora.xtec.cat\/ceip-pompeufabra-manlleu\/wp-content\/uploads\/usu846\/2023\/12\/collage-1.jpg\"><img loading=\"lazy\" decoding=\"async\" class=\"alignnone size-full wp-image-19613 helperbird-font-opendyslexic-regular\" src=\"https:\/\/agora.xtec.cat\/ceip-pompeufabra-manlleu\/wp-content\/uploads\/usu846\/2023\/12\/collage-1.jpg\" alt=\"\" width=\"1135\" height=\"627\" srcset=\"https:\/\/agora.xtec.cat\/ceip-pompeufabra-manlleu\/wp-content\/uploads\/usu846\/2023\/12\/collage-1.jpg 1135w, https:\/\/agora.xtec.cat\/ceip-pompeufabra-manlleu\/wp-content\/uploads\/usu846\/2023\/12\/collage-1-300x166.jpg 300w, https:\/\/agora.xtec.cat\/ceip-pompeufabra-manlleu\/wp-content\/uploads\/usu846\/2023\/12\/collage-1-1024x566.jpg 1024w, https:\/\/agora.xtec.cat\/ceip-pompeufabra-manlleu\/wp-content\/uploads\/usu846\/2023\/12\/collage-1-768x424.jpg 768w\" sizes=\"auto, (max-width: 1135px) 100vw, 1135px\" \/><\/a><\/p>\n<\/td>\n<\/tr>\n<tr class=\"helperbird-font-opendyslexic-regular\">\n<td class=\"helperbird-font-opendyslexic-regular\" style=\"width: 25%;\">FASE 3: GENEREM IDEES DE PRODUCTES<\/td>\n<td class=\"helperbird-font-opendyslexic-regular\" style=\"width: 25%;\">FASE 4: ESCOLLIM ELS PRODUCTES<\/td>\n<td class=\"helperbird-font-opendyslexic-regular\" style=\"width: 25%;\">FASE 5: CERQUEM FINAN\u00c7AMENT<\/td>\n<\/tr>\n<tr class=\"helperbird-font-opendyslexic-regular\">\n<td class=\"helperbird-font-opendyslexic-regular\" style=\"width: 25%;\"><a class=\"helperbird-font-opendyslexic-regular\" href=\"https:\/\/agora.xtec.cat\/ceip-pompeufabra-manlleu\/wp-content\/uploads\/usu846\/2024\/01\/20240112_120943-scaled.jpg\"><img loading=\"lazy\" decoding=\"async\" class=\"alignnone size-full wp-image-19716 helperbird-font-opendyslexic-regular\" src=\"https:\/\/agora.xtec.cat\/ceip-pompeufabra-manlleu\/wp-content\/uploads\/usu846\/2024\/01\/20240112_120943-scaled.jpg\" alt=\"\" width=\"2560\" height=\"2560\" srcset=\"https:\/\/agora.xtec.cat\/ceip-pompeufabra-manlleu\/wp-content\/uploads\/usu846\/2024\/01\/20240112_120943-scaled.jpg 2560w, https:\/\/agora.xtec.cat\/ceip-pompeufabra-manlleu\/wp-content\/uploads\/usu846\/2024\/01\/20240112_120943-300x300.jpg 300w, https:\/\/agora.xtec.cat\/ceip-pompeufabra-manlleu\/wp-content\/uploads\/usu846\/2024\/01\/20240112_120943-1024x1024.jpg 1024w, https:\/\/agora.xtec.cat\/ceip-pompeufabra-manlleu\/wp-content\/uploads\/usu846\/2024\/01\/20240112_120943-150x150.jpg 150w, https:\/\/agora.xtec.cat\/ceip-pompeufabra-manlleu\/wp-content\/uploads\/usu846\/2024\/01\/20240112_120943-768x768.jpg 768w, https:\/\/agora.xtec.cat\/ceip-pompeufabra-manlleu\/wp-content\/uploads\/usu846\/2024\/01\/20240112_120943-1536x1536.jpg 1536w, https:\/\/agora.xtec.cat\/ceip-pompeufabra-manlleu\/wp-content\/uploads\/usu846\/2024\/01\/20240112_120943-2048x2048.jpg 2048w\" sizes=\"auto, (max-width: 2560px) 100vw, 2560px\" \/><\/a><\/td>\n<td class=\"helperbird-font-opendyslexic-regular\" style=\"width: 25%;\"><a class=\"helperbird-font-opendyslexic-regular\" href=\"https:\/\/agora.xtec.cat\/ceip-pompeufabra-manlleu\/wp-content\/uploads\/usu846\/2024\/04\/Captura-de-pantalla-2024-04-27-181833.jpg\"><img loading=\"lazy\" decoding=\"async\" class=\"wp-image-20100 aligncenter helperbird-font-opendyslexic-regular\" src=\"https:\/\/agora.xtec.cat\/ceip-pompeufabra-manlleu\/wp-content\/uploads\/usu846\/2024\/04\/Captura-de-pantalla-2024-04-27-181833.jpg\" alt=\"\" width=\"211\" height=\"439\" srcset=\"https:\/\/agora.xtec.cat\/ceip-pompeufabra-manlleu\/wp-content\/uploads\/usu846\/2024\/04\/Captura-de-pantalla-2024-04-27-181833.jpg 286w, https:\/\/agora.xtec.cat\/ceip-pompeufabra-manlleu\/wp-content\/uploads\/usu846\/2024\/04\/Captura-de-pantalla-2024-04-27-181833-144x300.jpg 144w\" sizes=\"auto, (max-width: 211px) 100vw, 211px\" \/><\/a><\/td>\n<td class=\"helperbird-font-opendyslexic-regular\" style=\"width: 25%;\"><\/td>\n<\/tr>\n<tr class=\"helperbird-font-opendyslexic-regular\">\n<td class=\"helperbird-font-opendyslexic-regular\" style=\"width: 25%;\">FASE 6: PRODU\u00cfM<\/td>\n<td class=\"helperbird-font-opendyslexic-regular\" style=\"width: 25%;\">FASE 7: FEM LA VENDA<\/td>\n<td class=\"helperbird-font-opendyslexic-regular\" style=\"width: 25%;\">FASE 8: RECOLLIM ELS FRUITS DE LA COOPERATIVA<\/td>\n<\/tr>\n<tr class=\"helperbird-font-opendyslexic-regular\">\n<td class=\"helperbird-font-opendyslexic-regular\" style=\"width: 25%;\"><a class=\"helperbird-font-opendyslexic-regular\" href=\"https:\/\/agora.xtec.cat\/ceip-pompeufabra-manlleu\/wp-content\/uploads\/usu846\/2024\/04\/20240415_095316-scaled.jpg\"><img loading=\"lazy\" decoding=\"async\" class=\"alignnone size-full wp-image-20101 helperbird-font-opendyslexic-regular\" src=\"https:\/\/agora.xtec.cat\/ceip-pompeufabra-manlleu\/wp-content\/uploads\/usu846\/2024\/04\/20240415_095316-scaled.jpg\" alt=\"\" width=\"2560\" height=\"1155\" srcset=\"https:\/\/agora.xtec.cat\/ceip-pompeufabra-manlleu\/wp-content\/uploads\/usu846\/2024\/04\/20240415_095316-scaled.jpg 2560w, https:\/\/agora.xtec.cat\/ceip-pompeufabra-manlleu\/wp-content\/uploads\/usu846\/2024\/04\/20240415_095316-300x135.jpg 300w, https:\/\/agora.xtec.cat\/ceip-pompeufabra-manlleu\/wp-content\/uploads\/usu846\/2024\/04\/20240415_095316-1024x462.jpg 1024w, https:\/\/agora.xtec.cat\/ceip-pompeufabra-manlleu\/wp-content\/uploads\/usu846\/2024\/04\/20240415_095316-768x346.jpg 768w, https:\/\/agora.xtec.cat\/ceip-pompeufabra-manlleu\/wp-content\/uploads\/usu846\/2024\/04\/20240415_095316-1536x693.jpg 1536w, https:\/\/agora.xtec.cat\/ceip-pompeufabra-manlleu\/wp-content\/uploads\/usu846\/2024\/04\/20240415_095316-2048x924.jpg 2048w\" sizes=\"auto, (max-width: 2560px) 100vw, 2560px\" \/><\/a><\/td>\n<td class=\"helperbird-font-opendyslexic-regular\" style=\"width: 25%;\"><a class=\"helperbird-font-opendyslexic-regular\" href=\"https:\/\/agora.xtec.cat\/ceip-pompeufabra-manlleu\/wp-content\/uploads\/usu846\/2024\/05\/20240527_095529.jpg\"><img loading=\"lazy\" decoding=\"async\" class=\"alignnone size-full wp-image-20240 helperbird-font-opendyslexic-regular\" src=\"https:\/\/agora.xtec.cat\/ceip-pompeufabra-manlleu\/wp-content\/uploads\/usu846\/2024\/05\/20240527_095529.jpg\" alt=\"\" width=\"2000\" height=\"900\" srcset=\"https:\/\/agora.xtec.cat\/ceip-pompeufabra-manlleu\/wp-content\/uploads\/usu846\/2024\/05\/20240527_095529.jpg 2000w, https:\/\/agora.xtec.cat\/ceip-pompeufabra-manlleu\/wp-content\/uploads\/usu846\/2024\/05\/20240527_095529-300x135.jpg 300w, https:\/\/agora.xtec.cat\/ceip-pompeufabra-manlleu\/wp-content\/uploads\/usu846\/2024\/05\/20240527_095529-1024x461.jpg 1024w, https:\/\/agora.xtec.cat\/ceip-pompeufabra-manlleu\/wp-content\/uploads\/usu846\/2024\/05\/20240527_095529-768x346.jpg 768w, https:\/\/agora.xtec.cat\/ceip-pompeufabra-manlleu\/wp-content\/uploads\/usu846\/2024\/05\/20240527_095529-1536x691.jpg 1536w\" sizes=\"auto, (max-width: 2000px) 100vw, 2000px\" \/><\/a><\/td>\n<td class=\"helperbird-font-opendyslexic-regular\" style=\"width: 25%;\"><a class=\"helperbird-font-opendyslexic-regular\" href=\"https:\/\/agora.xtec.cat\/ceip-pompeufabra-manlleu\/wp-content\/uploads\/usu846\/2024\/06\/20240614_122227-scaled.jpg\"><img loading=\"lazy\" decoding=\"async\" class=\"alignnone size-full wp-image-20280 helperbird-font-opendyslexic-regular\" src=\"https:\/\/agora.xtec.cat\/ceip-pompeufabra-manlleu\/wp-content\/uploads\/usu846\/2024\/06\/20240614_122227-scaled.jpg\" alt=\"\" width=\"2560\" height=\"1152\" srcset=\"https:\/\/agora.xtec.cat\/ceip-pompeufabra-manlleu\/wp-content\/uploads\/usu846\/2024\/06\/20240614_122227-scaled.jpg 2560w, https:\/\/agora.xtec.cat\/ceip-pompeufabra-manlleu\/wp-content\/uploads\/usu846\/2024\/06\/20240614_122227-300x135.jpg 300w, https:\/\/agora.xtec.cat\/ceip-pompeufabra-manlleu\/wp-content\/uploads\/usu846\/2024\/06\/20240614_122227-1024x461.jpg 1024w, https:\/\/agora.xtec.cat\/ceip-pompeufabra-manlleu\/wp-content\/uploads\/usu846\/2024\/06\/20240614_122227-768x346.jpg 768w, https:\/\/agora.xtec.cat\/ceip-pompeufabra-manlleu\/wp-content\/uploads\/usu846\/2024\/06\/20240614_122227-1536x691.jpg 1536w, https:\/\/agora.xtec.cat\/ceip-pompeufabra-manlleu\/wp-content\/uploads\/usu846\/2024\/06\/20240614_122227-2048x922.jpg 2048w\" sizes=\"auto, (max-width: 2560px) 100vw, 2560px\" \/><\/a><\/td>\n<\/tr>\n<\/tbody>\n<\/table>\n<p class=\"helperbird-font-opendyslexic-regular\">\n","protected":false},"excerpt":{"rendered":"<p>El programa CuEmE (Cultura emprenedora a l\u2019escola) fomenta l\u2019esperit emprenedor i les compet\u00e8ncies b\u00e0siques en el Cicle Superior d&#8217;Educaci\u00f3 Prim\u00e0ria.Durant un curs escolar, l&#8217;alumnat de 5\u00e8 crea i gestiona una cooperativa escolar amb el recolzament de la comunitat educativa, l&#8217;administraci\u00f3 i altres agents socials de la localitat.La metodologia educativa \u00e9s el treball per projectes. Es [&hellip;]<\/p>\n","protected":false},"author":6,"featured_media":0,"parent":0,"menu_order":0,"comment_status":"closed","ping_status":"closed","template":"","meta":{"_bbp_topic_count":0,"_bbp_reply_count":0,"_bbp_total_topic_count":0,"_bbp_total_reply_count":0,"_bbp_voice_count":0,"_bbp_anonymous_reply_count":0,"_bbp_topic_count_hidden":0,"_bbp_reply_count_hidden":0,"_bbp_forum_subforum_count":0,"site-sidebar-layout":"default","site-content-layout":"","ast-site-content-layout":"","site-content-style":"default","site-sidebar-style":"default","ast-global-header-display":"","ast-banner-title-visibility":"","ast-main-header-display":"","ast-hfb-above-header-display":"","ast-hfb-below-header-display":"","ast-hfb-mobile-header-display":"","site-post-title":"","ast-breadcrumbs-content":"","ast-featured-img":"","footer-sml-layout":"","theme-transparent-header-meta":"","adv-header-id-meta":"","stick-header-meta":"","header-above-stick-meta":"","header-main-stick-meta":"","header-below-stick-meta":"","astra-migrate-meta-layouts":"default","ast-page-background-enabled":"default","ast-page-background-meta":{"desktop":{"background-color":"var(--ast-global-color-4)","background-image":"","background-repeat":"repeat","background-position":"center center","background-size":"auto","background-attachment":"scroll","background-type":"","background-media":"","overlay-type":"","overlay-color":"","overlay-opacity":"","overlay-gradient":""},"tablet":{"background-color":"","background-image":"","background-repeat":"repeat","background-position":"center center","background-size":"auto","background-attachment":"scroll","background-type":"","background-media":"","overlay-type":"","overlay-color":"","overlay-opacity":"","overlay-gradient":""},"mobile":{"background-color":"","background-image":"","background-repeat":"repeat","background-position":"center center","background-size":"auto","background-attachment":"scroll","background-type":"","background-media":"","overlay-type":"","overlay-color":"","overlay-opacity":"","overlay-gradient":""}},"ast-content-background-meta":{"desktop":{"background-color":"var(--ast-global-color-5)","background-image":"","background-repeat":"repeat","background-position":"center center","background-size":"auto","background-attachment":"scroll","background-type":"","background-media":"","overlay-type":"","overlay-color":"","overlay-opacity":"","overlay-gradient":""},"tablet":{"background-color":"var(--ast-global-color-5)","background-image":"","background-repeat":"repeat","background-position":"center center","background-size":"auto","background-attachment":"scroll","background-type":"","background-media":"","overlay-type":"","overlay-color":"","overlay-opacity":"","overlay-gradient":""},"mobile":{"background-color":"var(--ast-global-color-5)","background-image":"","background-repeat":"repeat","background-position":"center center","background-size":"auto","background-attachment":"scroll","background-type":"","background-media":"","overlay-type":"","overlay-color":"","overlay-opacity":"","overlay-gradient":""}},"footnotes":""},"class_list":["post-18626","page","type-page","status-publish","hentry"],"post_mailing_queue_ids":[],"_links":{"self":[{"href":"https:\/\/agora.xtec.cat\/ceip-pompeufabra-manlleu\/wp-json\/wp\/v2\/pages\/18626","targetHints":{"allow":["GET"]}}],"collection":[{"href":"https:\/\/agora.xtec.cat\/ceip-pompeufabra-manlleu\/wp-json\/wp\/v2\/pages"}],"about":[{"href":"https:\/\/agora.xtec.cat\/ceip-pompeufabra-manlleu\/wp-json\/wp\/v2\/types\/page"}],"author":[{"embeddable":true,"href":"https:\/\/agora.xtec.cat\/ceip-pompeufabra-manlleu\/wp-json\/wp\/v2\/users\/6"}],"replies":[{"embeddable":true,"href":"https:\/\/agora.xtec.cat\/ceip-pompeufabra-manlleu\/wp-json\/wp\/v2\/comments?post=18626"}],"version-history":[{"count":8,"href":"https:\/\/agora.xtec.cat\/ceip-pompeufabra-manlleu\/wp-json\/wp\/v2\/pages\/18626\/revisions"}],"predecessor-version":[{"id":20282,"href":"https:\/\/agora.xtec.cat\/ceip-pompeufabra-manlleu\/wp-json\/wp\/v2\/pages\/18626\/revisions\/20282"}],"wp:attachment":[{"href":"https:\/\/agora.xtec.cat\/ceip-pompeufabra-manlleu\/wp-json\/wp\/v2\/media?parent=18626"}],"curies":[{"name":"wp","href":"https:\/\/api.w.org\/{rel}","templated":true}]}}