{"id":9,"date":"2014-09-17T15:08:18","date_gmt":"2014-09-17T14:08:18","guid":{"rendered":"http:\/\/agora.xtec.cat\/ceip-pompeu-cunit\/?page_id=9"},"modified":"2026-03-20T12:04:03","modified_gmt":"2026-03-20T11:04:03","slug":"pagina-dinici-buida","status":"publish","type":"page","link":"https:\/\/agora.xtec.cat\/ceip-pompeu-cunit\/","title":{"rendered":"Pagina d&#8217;inici buida"},"content":{"rendered":"<div style=\"width: 100%;\">\n<h1><img loading=\"lazy\" decoding=\"async\" class=\"wp-image-6664 aligncenter\" src=\"https:\/\/agora.xtec.cat\/ceip-pompeu-cunit\/wp-content\/uploads\/usu1061\/2026\/03\/PHOTO-2026-03-19-12-13-31-1.jpg\" alt=\"\" width=\"324\" height=\"334\" srcset=\"https:\/\/agora.xtec.cat\/ceip-pompeu-cunit\/wp-content\/uploads\/usu1061\/2026\/03\/PHOTO-2026-03-19-12-13-31-1.jpg 686w, https:\/\/agora.xtec.cat\/ceip-pompeu-cunit\/wp-content\/uploads\/usu1061\/2026\/03\/PHOTO-2026-03-19-12-13-31-1-291x300.jpg 291w\" sizes=\"auto, (max-width: 324px) 100vw, 324px\" \/><\/h1>\n<h1 style=\"text-align: center;\"><a href=\"https:\/\/drive.google.com\/file\/d\/15t6RwAOX3NovtX4OSq2IJfG837xCHwSB\/view?usp=drive_link\"><strong>Comunicat acords dels Centres Educatius del Baix Pened\u00e8s<\/strong><\/a><\/h1>\n<h1 style=\"text-align: center;\"><span style=\"color: #800080;\">____________________________________<\/span><\/h1>\n<h1 style=\"text-align: center;\"><span style=\"color: #800080;\">Benvinguts a la nostra escola!<\/span><\/h1>\n<\/div>\n<h1 style=\"text-align: center;\"><span style=\"color: #800080;\"><a href=\"https:\/\/sites.google.com\/xtec.cat\/portesobertespompeu\/inici\">\u00b7 Fes clic per con\u00e8ixer el Pompeu! \u00b7<\/a><\/span><\/h1>\n<h1 style=\"text-align: center;\"><span style=\"color: #800080;\">____________________________________<\/span><\/h1>\n<h2 style=\"text-align: center;\"><strong><span style=\"color: #ff6600;\">JORNADA DE PORTES OBERTES 2026<\/span><\/strong><\/h2>\n<p style=\"text-align: center;\">Benvolgudes fam\u00edlies,<\/p>\n<p style=\"text-align: center;\">Us agra\u00efm el vostre inter\u00e8s per la nostra escola.<br \/>\nLa Jornada de Portes Obertes ser\u00e0 el <strong>DISSABTE 28 DE FEBRER<\/strong>. Ens agradaria molt poder comptar amb la vostra assist\u00e8ncia.<\/p>\n<p style=\"text-align: center;\">Per facilitar l&#8217;organitzaci\u00f3 del dia us demanem que feu una inscripci\u00f3 pr\u00e8via i escolliu una franja hor\u00e0ria a trav\u00e9s d&#8217;aquest<\/p>\n<h3 style=\"text-align: center;\"><a href=\"https:\/\/forms.gle\/VrjtpvxCtivgdvLz6\"><strong>FORMULARI<\/strong><\/a>.<\/h3>\n<div style=\"width: 100%;\">\n<div style=\"position: relative; padding-bottom: 200%; padding-top: 0; height: 0;\"><iframe loading=\"lazy\" style=\"position: absolute; top: 0; left: 0; width: 100%; height: 100%;\" title=\"PREINSCRIPCI\u00d3 i matr\u00edcula\" src=\"https:\/\/view.genially.com\/69996ddf105861824fec2aa8\" width=\"800\" height=\"1600\" frameborder=\"0\" scrolling=\"yes\" allowfullscreen=\"allowfullscreen\"><\/iframe><\/div>\n<\/div>\n<p>&nbsp;<\/p>\n","protected":false},"excerpt":{"rendered":"<p><a href=\"https:\/\/drive.google.com\/file\/d\/15t6RwAOX3NovtX4OSq2IJfG837xCHwSB\/view?usp=drive_link\">Comunicat acords dels Centres Educatius del Baix Pened\u00e8s<\/a><br \/>\n____________________________________<br \/>\nBenvinguts a la nostra escola!<\/p>\n<p><a href=\"https:\/\/sites.google.com\/xtec.cat\/portesobertespompeu\/inici\">\u00b7 Fes clic per con\u00e8ixer el Pompeu! \u00b7<\/a><br \/>\n____________________________________<br \/>\nJORNADA DE PORTES OBERTES 2026<br \/>\nBenvolgudes fam\u00edlies,<br \/>\nUs agra\u00efm el vostre inter\u00e8s per la nostra escola.<br \/>\nLa Jornada de Portes Obertes ser\u00e0 el DISSABTE 28 DE FEBRER. Ens&hellip;  <a href=\"https:\/\/agora.xtec.cat\/ceip-pompeu-cunit\/\" title=\"Read Pagina d&#8217;inici buida\">Llegeix m\u00e9s\u00bb<\/a><\/p>\n","protected":false},"author":1,"featured_media":0,"parent":7,"menu_order":0,"comment_status":"closed","ping_status":"closed","template":"page-templates\/front-page.php","meta":{"_bbp_topic_count":0,"_bbp_reply_count":0,"_bbp_total_topic_count":0,"_bbp_total_reply_count":0,"_bbp_voice_count":0,"_bbp_anonymous_reply_count":0,"_bbp_topic_count_hidden":0,"_bbp_reply_count_hidden":0,"_bbp_forum_subforum_count":0,"footnotes":""},"class_list":["post-9","page","type-page","status-publish","hentry"],"post_mailing_queue_ids":[],"_links":{"self":[{"href":"https:\/\/agora.xtec.cat\/ceip-pompeu-cunit\/wp-json\/wp\/v2\/pages\/9","targetHints":{"allow":["GET"]}}],"collection":[{"href":"https:\/\/agora.xtec.cat\/ceip-pompeu-cunit\/wp-json\/wp\/v2\/pages"}],"about":[{"href":"https:\/\/agora.xtec.cat\/ceip-pompeu-cunit\/wp-json\/wp\/v2\/types\/page"}],"author":[{"embeddable":true,"href":"https:\/\/agora.xtec.cat\/ceip-pompeu-cunit\/wp-json\/wp\/v2\/users\/1"}],"replies":[{"embeddable":true,"href":"https:\/\/agora.xtec.cat\/ceip-pompeu-cunit\/wp-json\/wp\/v2\/comments?post=9"}],"version-history":[{"count":6,"href":"https:\/\/agora.xtec.cat\/ceip-pompeu-cunit\/wp-json\/wp\/v2\/pages\/9\/revisions"}],"predecessor-version":[{"id":6668,"href":"https:\/\/agora.xtec.cat\/ceip-pompeu-cunit\/wp-json\/wp\/v2\/pages\/9\/revisions\/6668"}],"up":[{"embeddable":true,"href":"https:\/\/agora.xtec.cat\/ceip-pompeu-cunit\/wp-json\/wp\/v2\/pages\/7"}],"wp:attachment":[{"href":"https:\/\/agora.xtec.cat\/ceip-pompeu-cunit\/wp-json\/wp\/v2\/media?parent=9"}],"curies":[{"name":"wp","href":"https:\/\/api.w.org\/{rel}","templated":true}]}}