{"id":28,"date":"2014-09-18T12:29:35","date_gmt":"2014-09-18T11:29:35","guid":{"rendered":"http:\/\/agora.xtec.cat\/ceip-pompeu-cunit\/?page_id=28"},"modified":"2025-09-08T21:40:00","modified_gmt":"2025-09-08T19:40:00","slug":"consell-escolar","status":"publish","type":"page","link":"https:\/\/agora.xtec.cat\/ceip-pompeu-cunit\/lescola\/consell-escolar\/","title":{"rendered":"Consell escolar"},"content":{"rendered":"<p style=\"text-align: center;\"><span style=\"color: #800080;\"><strong>EQUIP DIRECTIU<\/strong><\/span><\/p>\n<p style=\"text-align: center;\"><span style=\"color: #ff6600;\">Sra. Beatriz Carrelero Saiz<\/span><\/p>\n<p style=\"text-align: center;\"><span style=\"color: #ff6600;\">Sra. T\u00e0nia Ebri Montanes<\/span><\/p>\n<p style=\"text-align: center;\"><span style=\"color: #ff6600;\">Sr. Jos\u00e9 Nicol\u00e1s S\u00e1nchez<\/span><\/p>\n<p style=\"text-align: center;\"><span style=\"color: #800080;\"><strong>SECTOR MESTRES<\/strong><\/span><\/p>\n<p style=\"text-align: center;\"><span style=\"color: #ff6600;\">Sra. Soraya Eslava<\/span><\/p>\n<p style=\"text-align: center;\"><span style=\"color: #ff6600;\">Sra. \u00c0ngels Corredor Guallart<\/span><\/p>\n<p style=\"text-align: center;\"><span style=\"color: #ff6600;\">Sra. Isabel Benseny<\/span><\/p>\n<p style=\"text-align: center;\"><span style=\"color: #ff6600;\">\u00a0Sra. Ana Isabel Garc\u00eda<\/span><\/p>\n<p style=\"text-align: center;\"><span style=\"color: #ff6600;\">Sra. Olga Pascual Vall\u00e8s<\/span><\/p>\n<p style=\"text-align: center;\"><span style=\"color: #ff6600;\">\u00a0Sra. F\u00e0tima V\u00e1zquez L\u00f3pez <\/span><\/p>\n<p style=\"text-align: center;\"><span style=\"color: #800080;\"><strong>SECTOR PARES\/MARES<\/strong><\/span><\/p>\n<p style=\"text-align: center;\"><span style=\"color: #ff6600;\">Sra. Thais Cano Mart\u00ednez<\/span><\/p>\n<p style=\"text-align: center;\"><span style=\"color: #ff6600;\">Sra. Aroa Garc\u00eda Hern\u00e1ndez<\/span><\/p>\n<p style=\"text-align: center;\"><span style=\"color: #ff6600;\">Sra. Dounia Sehraoui<br \/>\n<\/span><\/p>\n<p style=\"text-align: center;\"><span style=\"color: #ff6600;\">Sr. Jes\u00fas Serrano Moreno<br \/>\n<\/span><\/p>\n<p style=\"text-align: center;\"><span style=\"color: #ff6600;\">Sra. Tamara Soria Pizarro<\/span><\/p>\n<p style=\"text-align: center;\"><span style=\"color: #800080;\"><strong>REPRESENTANT PAS<br \/>\n<\/strong><\/span><\/p>\n<p style=\"text-align: center;\"><span style=\"color: #ff6600;\">Sra. Cristina Ricart L\u00f3pez<\/span><\/p>\n<p style=\"text-align: center;\"><span style=\"color: #800080;\"><strong>REPRESENTANT DE L&#8217;AFA<\/strong><\/span><\/p>\n<p style=\"text-align: center;\"><span style=\"color: #ff6600;\"> Gerard S\u00e1nchez Mart\u00ed<\/span><\/p>\n<p style=\"text-align: center;\"><span style=\"color: #800080;\"><strong>REPRESENTANT DE L&#8217;AJUNTAMENT<\/strong><\/span><\/p>\n<p style=\"text-align: center;\"><span style=\"color: #ff6600;\">Sra. Yolanda S\u00e1nchez Monterrubio<\/span><\/p>\n","protected":false},"excerpt":{"rendered":"<p>EQUIP DIRECTIU<br \/>\nSra. Beatriz Carrelero Saiz<br \/>\nSra. T\u00e0nia Ebri Montanes<br \/>\nSr. Jos\u00e9 Nicol\u00e1s S\u00e1nchez<br \/>\nSECTOR MESTRES<br \/>\nSra. Soraya Eslava<br \/>\nSra. \u00c0ngels Corredor Guallart<br \/>\nSra. Isabel Benseny<br \/>\n\u00a0Sra. Ana Isabel Garc\u00eda<br \/>\nSra. Olga Pascual Vall\u00e8s<br \/>\n\u00a0Sra. F\u00e0tima V\u00e1zquez L\u00f3pez<br \/>\nSECTOR PARES\/MARES<br \/>\nSra. Thais Cano Mart\u00ednez<br \/>\nSra. Aroa Garc\u00eda Hern\u00e1ndez<br \/>\nSra. Dounia Sehraoui<\/p>\n<p>Sr. Jes\u00fas Serrano Moreno<\/p>\n<p>Sra. Tamara Soria Pizarro<br \/>\nREPRESENTANT PAS<\/p>\n<p>Sra.&hellip;  <a href=\"https:\/\/agora.xtec.cat\/ceip-pompeu-cunit\/lescola\/consell-escolar\/\" title=\"Read Consell escolar\">Llegeix m\u00e9s\u00bb<\/a><\/p>\n","protected":false},"author":1,"featured_media":0,"parent":22,"menu_order":30,"comment_status":"closed","ping_status":"closed","template":"page-templates\/side-menu.php","meta":{"_bbp_topic_count":0,"_bbp_reply_count":0,"_bbp_total_topic_count":0,"_bbp_total_reply_count":0,"_bbp_voice_count":0,"_bbp_anonymous_reply_count":0,"_bbp_topic_count_hidden":0,"_bbp_reply_count_hidden":0,"_bbp_forum_subforum_count":0,"footnotes":""},"class_list":["post-28","page","type-page","status-publish","hentry"],"post_mailing_queue_ids":[],"_links":{"self":[{"href":"https:\/\/agora.xtec.cat\/ceip-pompeu-cunit\/wp-json\/wp\/v2\/pages\/28","targetHints":{"allow":["GET"]}}],"collection":[{"href":"https:\/\/agora.xtec.cat\/ceip-pompeu-cunit\/wp-json\/wp\/v2\/pages"}],"about":[{"href":"https:\/\/agora.xtec.cat\/ceip-pompeu-cunit\/wp-json\/wp\/v2\/types\/page"}],"author":[{"embeddable":true,"href":"https:\/\/agora.xtec.cat\/ceip-pompeu-cunit\/wp-json\/wp\/v2\/users\/1"}],"replies":[{"embeddable":true,"href":"https:\/\/agora.xtec.cat\/ceip-pompeu-cunit\/wp-json\/wp\/v2\/comments?post=28"}],"version-history":[{"count":6,"href":"https:\/\/agora.xtec.cat\/ceip-pompeu-cunit\/wp-json\/wp\/v2\/pages\/28\/revisions"}],"predecessor-version":[{"id":6443,"href":"https:\/\/agora.xtec.cat\/ceip-pompeu-cunit\/wp-json\/wp\/v2\/pages\/28\/revisions\/6443"}],"up":[{"embeddable":true,"href":"https:\/\/agora.xtec.cat\/ceip-pompeu-cunit\/wp-json\/wp\/v2\/pages\/22"}],"wp:attachment":[{"href":"https:\/\/agora.xtec.cat\/ceip-pompeu-cunit\/wp-json\/wp\/v2\/media?parent=28"}],"curies":[{"name":"wp","href":"https:\/\/api.w.org\/{rel}","templated":true}]}}