{"id":28,"date":"2014-09-18T12:29:35","date_gmt":"2014-09-18T11:29:35","guid":{"rendered":"http:\/\/agora.xtec.cat\/ceip-pirineu\/?page_id=28"},"modified":"2026-03-23T15:50:17","modified_gmt":"2026-03-23T14:50:17","slug":"consell-escolar","status":"publish","type":"page","link":"https:\/\/agora.xtec.cat\/ceip-pirineu\/lescola\/consell-escolar\/","title":{"rendered":"Consell Escolar"},"content":{"rendered":"<p><img loading=\"lazy\" decoding=\"async\" class=\"alignnone size-full wp-image-3302\" src=\"https:\/\/agora.xtec.cat\/ceip-pirineu\/wp-content\/uploads\/usu1653\/2022\/09\/baixa.jpg\" alt=\"\" width=\"233\" height=\"216\" \/><\/p>\n<p>El Consell Escolar del centre \u00e9s l&#8217;<strong>\u00f2rgan col\u00b7legiat de participaci\u00f3<\/strong> de la comunitat escolar en el govern del centre. En el consell escolar hi ha representats tots els col\u00b7lectius que intervenen en la comunitat educativa.<\/p>\n<p>La funci\u00f3 principal del consell escolar \u00e9s participar en la presa de decisions en relaci\u00f3 amb aquells temes importants per al funcionament i l&#8217;organitzaci\u00f3 del centre: el projecte educatiu, la programaci\u00f3 general, la gesti\u00f3 econ\u00f2mica, etc.<\/p>\n<p>Els membres del consell escolar s\u00f3n elegits per un per\u00edode de quatre anys i es renoven per meitats cada dos anys.<\/p>\n<p>El Consell Escolar de l&#8217;escola est\u00e0 integrat per:<\/p>\n<ul>\n<li>La directora, que el presideix.<\/li>\n<li>La cap\u00a0 d&#8217;estudis.<\/li>\n<li>Una representant de l&#8217;ajuntament .<\/li>\n<li>La secret\u00e0ria del centre que assisteix amb veu i sense vot i exerceix la secretaria del consell.<\/li>\n<li>Les representants del professorat s&#8217;elegeixen pel claustre.<\/li>\n<li>Els\u00a0 representants\u00a0 dels pares i mares o tutors, elegits respectivament per ells i entre ells.<\/li>\n<li>Una representant del personal d&#8217;administraci\u00f3 i serveis, elegit per i entre aquest personal.<\/li>\n<\/ul>\n<p>Membres del Consell Escolar del curs 2025-26:<\/p>\n<table style=\"border-collapse: collapse; width: 77.4545%;\">\n<tbody>\n<tr>\n<td style=\"width: 33.3939%;\">Directora<\/td>\n<td style=\"width: 44.0606%;\">Marcela Garrido<\/td>\n<\/tr>\n<tr>\n<td style=\"width: 33.3939%;\">Cap d&#8217;estudis<\/td>\n<td style=\"width: 44.0606%;\">Laura Catena Anfruns<\/td>\n<\/tr>\n<tr>\n<td style=\"width: 33.3939%;\">Representant de l&#8217;Ajuntament<\/td>\n<td style=\"width: 44.0606%;\">Carmen Cazorla<\/td>\n<\/tr>\n<tr>\n<td style=\"width: 33.3939%;\">Secret\u00e0ria<\/td>\n<td style=\"width: 44.0606%;\">Pilar P\u00e9rez Carrasco<\/td>\n<\/tr>\n<tr>\n<td style=\"width: 33.3939%;\">Representant mestres<\/td>\n<td style=\"width: 44.0606%;\">Nuri Mont del Val i Fajula<\/p>\n<p>Eudald Surroca Fossas<\/p>\n<p>Gl\u00f2ria Perarnau Dordas<\/p>\n<p>Anna Magnet Adam<\/p>\n<p>Gemma Vi\u00f1as Basaga\u00f1a<\/p>\n<p>Eva P\u00e9rez Andreu<\/td>\n<\/tr>\n<tr>\n<td style=\"width: 33.3939%;\">Representants pares<\/td>\n<td style=\"width: 44.0606%;\">Carles Alba Rey<\/p>\n<p>Judith Sumell Mart\u00ednez<\/p>\n<p>Vivian Colom\u00e9 Subirana<\/p>\n<p>\u00c8rika Paniagua Rivero<\/p>\n<p>Ona Morral Mart\u00ed<\/p>\n<p>Carina Creixans Tenas (AFA)<\/td>\n<\/tr>\n<tr>\n<td style=\"width: 33.3939%;\">Representat PAS<\/td>\n<td style=\"width: 44.0606%;\">Paqui Olivares Oriola<\/td>\n<\/tr>\n<tr>\n<td style=\"width: 33.3939%;\"><\/td>\n<td style=\"width: 44.0606%;\"><\/td>\n<\/tr>\n<\/tbody>\n<\/table>\n<p>En aquest apartat anirem penjant les actes dels Consells escolars realitzats al llarg del curs per qu\u00e8 pugueu estar assabentats .<\/p>\n<p><a href=\"https:\/\/agora.xtec.cat\/ceip-pirineu\/wp-content\/uploads\/usu1653\/2026\/01\/CE-4.pdf\">ACTA 26 d&#8217;octubre de 2025<\/a><\/p>\n<p><a href=\"https:\/\/agora.xtec.cat\/ceip-pirineu\/wp-content\/uploads\/usu1653\/2026\/03\/CE-5.pdf\">ACTA <\/a><a style=\"font-family: inherit; font-size: 1em;\" href=\"https:\/\/agora.xtec.cat\/ceip-pirineu\/wp-content\/uploads\/usu1653\/2026\/03\/CE-5.pdf\">11 de desembre 2025<\/a><\/p>\n<p><a href=\"https:\/\/agora.xtec.cat\/ceip-pirineu\/wp-content\/uploads\/usu1653\/2026\/03\/NODES-CE-6-29-1.pdf\">ACTA 29 de gener 2026<\/a><\/p>\n<p><a href=\"https:\/\/agora.xtec.cat\/ceip-pirineu\/wp-content\/uploads\/usu1653\/2026\/03\/CE-7.pdf\">ACTA 18 de mar\u00e7 de 2026<\/a><\/p>\n","protected":false},"excerpt":{"rendered":"<p>El Consell Escolar del centre \u00e9s l&#8217;\u00f2rgan col\u00b7legiat de participaci\u00f3 de la comunitat escolar en el govern del centre. En el consell escolar hi ha representats tots els col\u00b7lectius que intervenen en la comunitat educativa.<br \/>\nLa funci\u00f3 principal del consell escolar \u00e9s participar en la presa&hellip;  <a href=\"https:\/\/agora.xtec.cat\/ceip-pirineu\/lescola\/consell-escolar\/\" title=\"Read Consell Escolar\">Llegeix m\u00e9s\u00bb<\/a><\/p>\n","protected":false},"author":1,"featured_media":0,"parent":22,"menu_order":3,"comment_status":"closed","ping_status":"closed","template":"page-templates\/side-menu.php","meta":{"_bbp_topic_count":0,"_bbp_reply_count":0,"_bbp_total_topic_count":0,"_bbp_total_reply_count":0,"_bbp_voice_count":0,"_bbp_anonymous_reply_count":0,"_bbp_topic_count_hidden":0,"_bbp_reply_count_hidden":0,"_bbp_forum_subforum_count":0,"footnotes":""},"class_list":["post-28","page","type-page","status-publish","hentry"],"post_mailing_queue_ids":[],"_links":{"self":[{"href":"https:\/\/agora.xtec.cat\/ceip-pirineu\/wp-json\/wp\/v2\/pages\/28","targetHints":{"allow":["GET"]}}],"collection":[{"href":"https:\/\/agora.xtec.cat\/ceip-pirineu\/wp-json\/wp\/v2\/pages"}],"about":[{"href":"https:\/\/agora.xtec.cat\/ceip-pirineu\/wp-json\/wp\/v2\/types\/page"}],"author":[{"embeddable":true,"href":"https:\/\/agora.xtec.cat\/ceip-pirineu\/wp-json\/wp\/v2\/users\/1"}],"replies":[{"embeddable":true,"href":"https:\/\/agora.xtec.cat\/ceip-pirineu\/wp-json\/wp\/v2\/comments?post=28"}],"version-history":[{"count":8,"href":"https:\/\/agora.xtec.cat\/ceip-pirineu\/wp-json\/wp\/v2\/pages\/28\/revisions"}],"predecessor-version":[{"id":5110,"href":"https:\/\/agora.xtec.cat\/ceip-pirineu\/wp-json\/wp\/v2\/pages\/28\/revisions\/5110"}],"up":[{"embeddable":true,"href":"https:\/\/agora.xtec.cat\/ceip-pirineu\/wp-json\/wp\/v2\/pages\/22"}],"wp:attachment":[{"href":"https:\/\/agora.xtec.cat\/ceip-pirineu\/wp-json\/wp\/v2\/media?parent=28"}],"curies":[{"name":"wp","href":"https:\/\/api.w.org\/{rel}","templated":true}]}}