{"id":9070,"date":"2022-10-17T22:21:51","date_gmt":"2022-10-17T20:21:51","guid":{"rendered":"https:\/\/agora.xtec.cat\/ceip-pins\/?page_id=9070"},"modified":"2024-01-21T18:37:37","modified_gmt":"2024-01-21T17:37:37","slug":"comissio-feminista","status":"publish","type":"page","link":"https:\/\/agora.xtec.cat\/ceip-pins\/afa\/gt_aprenentatge\/comissio-feminista\/","title":{"rendered":"Comissi\u00f3 feminista"},"content":{"rendered":"<p>La comissi\u00f3 feminista del Pins del Vall\u00e8s, va n\u00e8ixer al 2019 amb la inte<img loading=\"lazy\" decoding=\"async\" class=\" wp-image-9071 alignleft\" src=\"https:\/\/agora.xtec.cat\/ceip-pins\/wp-content\/uploads\/usu1715\/2022\/10\/arbre_cures-768x1024.jpg\" alt=\"\" width=\"270\" height=\"360\" srcset=\"https:\/\/agora.xtec.cat\/ceip-pins\/wp-content\/uploads\/usu1715\/2022\/10\/arbre_cures-768x1024.jpg 768w, https:\/\/agora.xtec.cat\/ceip-pins\/wp-content\/uploads\/usu1715\/2022\/10\/arbre_cures-225x300.jpg 225w, https:\/\/agora.xtec.cat\/ceip-pins\/wp-content\/uploads\/usu1715\/2022\/10\/arbre_cures-1152x1536.jpg 1152w, https:\/\/agora.xtec.cat\/ceip-pins\/wp-content\/uploads\/usu1715\/2022\/10\/arbre_cures.jpg 1536w\" sizes=\"auto, (max-width: 270px) 100vw, 270px\" \/>nci\u00f3 de promoure una educaci\u00f3 lliure de discriminaci\u00f3 per ra\u00f3 de g\u00e8nere, la igualtat d\u2019oportunitats i el respecte a la diversitat sexual i a l&#8217;expressi\u00f3 de g\u00e8nere.<\/p>\n<p>Com a comissi\u00f3 formem part del paraig\u00fces d&#8217;Escoles Coeducatives, que aglutina totes les comissions de g\u00e8nere de les escoles p\u00fabliques de Sant Cugat, i des de la que s&#8217;organitzen xerrades al llarg del curs, aix\u00ed com la Festa de Diversitat Familiar (FDF).<\/p>\n<p>La FDF \u00e9s una celebraci\u00f3 destinada a recon\u00e8ixer els diferents models familiars, m\u00e9s enll\u00e0 de la fam\u00edlia tradicional nuclear, que vol situar el seu centre en la cura i en l&#8217;amor entre les persones que la formen, comparteixin sostre o no.<\/p>\n<p>El dia de la dona cient\u00edfica, l&#8217;11F, el 8M, potenciar el llenguatge inclusiu per transformar el m\u00f3n&#8230; s\u00f3n d&#8217;altres temes en els que volem centrar la nostra mirada, perqu\u00e8 els nens i les nenes d&#8217;avui esdevinguin persones adultes que visquin en igualtat, lluny de la viol\u00e8ncia masclista i lliures d&#8217;esterotips sexistes.<\/p>\n<p>Hem realitzat una <a href=\"https:\/\/agora.xtec.cat\/ceip-pins\/wp-content\/uploads\/usu1715\/2024\/01\/PARTICIPACIO-A-LA-VIDA-ESCOLAR.pdf\">enquesta sobre c\u00e0rrega mental 2023<\/a>.<\/p>\n","protected":false},"excerpt":{"rendered":"<p>La comissi\u00f3 feminista del Pins del Vall\u00e8s, va n\u00e8ixer al 2019 amb la intenci\u00f3 de promoure una educaci\u00f3 lliure de discriminaci\u00f3 per ra\u00f3 de g\u00e8nere, la igualtat d\u2019oportunitats i el respecte a la diversitat sexual i a l&#8217;expressi\u00f3 de g\u00e8nere.<br \/>\nCom a comissi\u00f3 formem part del&hellip;  <a href=\"https:\/\/agora.xtec.cat\/ceip-pins\/afa\/gt_aprenentatge\/comissio-feminista\/\" title=\"Read Comissi\u00f3 feminista\">Llegeix m\u00e9s\u00bb<\/a><\/p>\n","protected":false},"author":4,"featured_media":0,"parent":1191,"menu_order":0,"comment_status":"closed","ping_status":"closed","template":"page-templates\/side-menu.php","meta":{"_bbp_topic_count":0,"_bbp_reply_count":0,"_bbp_total_topic_count":0,"_bbp_total_reply_count":0,"_bbp_voice_count":0,"_bbp_anonymous_reply_count":0,"_bbp_topic_count_hidden":0,"_bbp_reply_count_hidden":0,"_bbp_forum_subforum_count":0,"footnotes":""},"class_list":["post-9070","page","type-page","status-publish","hentry"],"post_mailing_queue_ids":[],"_links":{"self":[{"href":"https:\/\/agora.xtec.cat\/ceip-pins\/wp-json\/wp\/v2\/pages\/9070","targetHints":{"allow":["GET"]}}],"collection":[{"href":"https:\/\/agora.xtec.cat\/ceip-pins\/wp-json\/wp\/v2\/pages"}],"about":[{"href":"https:\/\/agora.xtec.cat\/ceip-pins\/wp-json\/wp\/v2\/types\/page"}],"author":[{"embeddable":true,"href":"https:\/\/agora.xtec.cat\/ceip-pins\/wp-json\/wp\/v2\/users\/4"}],"replies":[{"embeddable":true,"href":"https:\/\/agora.xtec.cat\/ceip-pins\/wp-json\/wp\/v2\/comments?post=9070"}],"version-history":[{"count":4,"href":"https:\/\/agora.xtec.cat\/ceip-pins\/wp-json\/wp\/v2\/pages\/9070\/revisions"}],"predecessor-version":[{"id":10053,"href":"https:\/\/agora.xtec.cat\/ceip-pins\/wp-json\/wp\/v2\/pages\/9070\/revisions\/10053"}],"up":[{"embeddable":true,"href":"https:\/\/agora.xtec.cat\/ceip-pins\/wp-json\/wp\/v2\/pages\/1191"}],"wp:attachment":[{"href":"https:\/\/agora.xtec.cat\/ceip-pins\/wp-json\/wp\/v2\/media?parent=9070"}],"curies":[{"name":"wp","href":"https:\/\/api.w.org\/{rel}","templated":true}]}}

Comissió feminista

<p>La comissió feminista del Pins del Vallès, va nèixer al 2019 amb la inte<img loading="lazy" decoding="async" class=" wp-image-9071 alignleft" src="https://agora.xtec.cat/ceip-pins/wp-content/uploads/usu1715/2022/10/arbre_cures-768x1024.jpg" alt="" width="270" height="360" srcset="https://agora.xtec.cat/ceip-pins/wp-content/uploads/usu1715/2022/10/arbre_cures-768x1024.jpg 768w, https://agora.xtec.cat/ceip-pins/wp-content/uploads/usu1715/2022/10/arbre_cures-225x300.jpg 225w, https://agora.xtec.cat/ceip-pins/wp-content/uploads/usu1715/2022/10/arbre_cures-1152x1536.jpg 1152w, https://agora.xtec.cat/ceip-pins/wp-content/uploads/usu1715/2022/10/arbre_cures.jpg 1536w" sizes="auto, (max-width: 270px) 100vw, 270px" />nció de promoure una educació lliure de discriminació per raó de gènere, la igualtat d’oportunitats i el respecte a la diversitat sexual i a l&#8217;expressió de gènere.</p>
<p>Com a comissió formem part del paraigües d&#8217;Escoles Coeducatives, que aglutina totes les comissions de gènere de les escoles públiques de Sant Cugat, i des de la que s&#8217;organitzen xerrades al llarg del curs, així com la Festa de Diversitat Familiar (FDF).</p>
<p>La FDF és una celebració destinada a reconèixer els diferents models familiars, més enllà de la família tradicional nuclear, que vol situar el seu centre en la cura i en l&#8217;amor entre les persones que la formen, comparteixin sostre o no.</p>
<p>El dia de la dona científica, l&#8217;11F, el 8M, potenciar el llenguatge inclusiu per transformar el món&#8230; són d&#8217;altres temes en els que volem centrar la nostra mirada, perquè els nens i les nenes d&#8217;avui esdevinguin persones adultes que visquin en igualtat, lluny de la violència masclista i lliures d&#8217;esterotips sexistes.</p>
<p>Hem realitzat una <a href="https://agora.xtec.cat/ceip-pins/wp-content/uploads/usu1715/2024/01/PARTICIPACIO-A-LA-VIDA-ESCOLAR.pdf">enquesta sobre càrrega mental 2023</a>.</p>

<p>La comissió feminista del Pins del Vallès, va nèixer al 2019 amb la intenció de promoure una educació lliure de discriminació per raó de gènere, la igualtat d’oportunitats i el respecte a la diversitat sexual i a l&#8217;expressió de gènere.<br />
Com a comissió formem part del&hellip;  <a href="https://agora.xtec.cat/ceip-pins/afa/gt_aprenentatge/comissio-feminista/" title="Read Comissió feminista">Llegeix més»</a></p>
