{"id":77,"date":"2014-09-18T14:05:08","date_gmt":"2014-09-18T13:05:08","guid":{"rendered":"http:\/\/agora.xtec.cat\/ceip-pins\/?page_id=77"},"modified":"2018-02-28T23:56:20","modified_gmt":"2018-02-28T22:56:20","slug":"acollida","status":"publish","type":"page","link":"https:\/\/agora.xtec.cat\/ceip-pins\/acollida\/","title":{"rendered":"Acollida"},"content":{"rendered":"<p>Des del primer dia d&#8217;escola fins finalitzar el curs, l&#8217;escola disposa de dues franges d&#8217;acollida dels alumnes,\u00a0per a tots els nivells de P3 fins a 6\u00e8.<\/p>\n<p>La primera acollida, \u00e9s la de mat\u00ed, tamb\u00e9 coneguda com &#8220;<a href=\"http:\/\/agora.xtec.cat\/ceip-pins\/serveis\/acollida\/bon-dia-acollida-de-mati\/\">Bon dia<\/a>&#8221; de 7:30h del mat\u00ed a 9h amb el comen\u00e7ament de les classes.<\/p>\n<p>La segona acollida, \u00e9s la de tarda, tamb\u00e9 coneguda com &#8220;<a href=\"http:\/\/agora.xtec.cat\/ceip-pins\/serveis\/acollida\/esplai-tarda\/\">l&#8217;Esplai<\/a>&#8221; de 16:30h a la sortida de l&#8217;escola fins les 18h.<\/p>\n<p><a href=\"https:\/\/www.paidos.cat\/escola\/Pins-del-Valles\"><img loading=\"lazy\" decoding=\"async\" class=\"wp-image-598 alignleft\" src=\"http:\/\/agora.xtec.cat\/ceip-pins\/wp-content\/uploads\/usu1715\/2017\/11\/logo-fundesplaipaidos.jpg\" alt=\"\" width=\"224\" height=\"66\" srcset=\"https:\/\/agora.xtec.cat\/ceip-pins\/wp-content\/uploads\/usu1715\/2017\/11\/logo-fundesplaipaidos.jpg 591w, https:\/\/agora.xtec.cat\/ceip-pins\/wp-content\/uploads\/usu1715\/2017\/11\/logo-fundesplaipaidos-300x88.jpg 300w\" sizes=\"auto, (max-width: 224px) 100vw, 224px\" \/><\/a><\/p>\n<p>&nbsp;<\/p>\n<p>\u00c9s l&#8217;organitzador i responsable dels serveis d&#8217;acollida.<\/p>\n","protected":false},"excerpt":{"rendered":"<p>Des del primer dia d&#8217;escola fins finalitzar el curs, l&#8217;escola disposa de dues franges d&#8217;acollida dels alumnes,\u00a0per a tots els nivells de P3 fins a 6\u00e8.<br \/>\nLa primera acollida, \u00e9s la de mat\u00ed, tamb\u00e9 coneguda com &#8220;<a href=\"http:\/\/agora.xtec.cat\/ceip-pins\/serveis\/acollida\/bon-dia-acollida-de-mati\/\">Bon dia<\/a>&#8221; de 7:30h del mat\u00ed a 9h amb&hellip;  <a href=\"https:\/\/agora.xtec.cat\/ceip-pins\/acollida\/\" title=\"Read Acollida\">Llegeix m\u00e9s\u00bb<\/a><\/p>\n","protected":false},"author":1,"featured_media":0,"parent":0,"menu_order":20,"comment_status":"closed","ping_status":"closed","template":"page-templates\/side-menu.php","meta":{"_bbp_topic_count":0,"_bbp_reply_count":0,"_bbp_total_topic_count":0,"_bbp_total_reply_count":0,"_bbp_voice_count":0,"_bbp_anonymous_reply_count":0,"_bbp_topic_count_hidden":0,"_bbp_reply_count_hidden":0,"_bbp_forum_subforum_count":0,"footnotes":""},"class_list":["post-77","page","type-page","status-publish","hentry"],"post_mailing_queue_ids":[],"_links":{"self":[{"href":"https:\/\/agora.xtec.cat\/ceip-pins\/wp-json\/wp\/v2\/pages\/77","targetHints":{"allow":["GET"]}}],"collection":[{"href":"https:\/\/agora.xtec.cat\/ceip-pins\/wp-json\/wp\/v2\/pages"}],"about":[{"href":"https:\/\/agora.xtec.cat\/ceip-pins\/wp-json\/wp\/v2\/types\/page"}],"author":[{"embeddable":true,"href":"https:\/\/agora.xtec.cat\/ceip-pins\/wp-json\/wp\/v2\/users\/1"}],"replies":[{"embeddable":true,"href":"https:\/\/agora.xtec.cat\/ceip-pins\/wp-json\/wp\/v2\/comments?post=77"}],"version-history":[{"count":4,"href":"https:\/\/agora.xtec.cat\/ceip-pins\/wp-json\/wp\/v2\/pages\/77\/revisions"}],"predecessor-version":[{"id":1890,"href":"https:\/\/agora.xtec.cat\/ceip-pins\/wp-json\/wp\/v2\/pages\/77\/revisions\/1890"}],"wp:attachment":[{"href":"https:\/\/agora.xtec.cat\/ceip-pins\/wp-json\/wp\/v2\/media?parent=77"}],"curies":[{"name":"wp","href":"https:\/\/api.w.org\/{rel}","templated":true}]}}

<p>Des del primer dia d&#8217;escola fins finalitzar el curs, l&#8217;escola disposa de dues franges d&#8217;acollida dels alumnes, per a tots els nivells de P3 fins a 6è.</p>
<p>La primera acollida, és la de matí, també coneguda com &#8220;<a href="http://agora.xtec.cat/ceip-pins/serveis/acollida/bon-dia-acollida-de-mati/">Bon dia</a>&#8221; de 7:30h del matí a 9h amb el començament de les classes.</p>
<p>La segona acollida, és la de tarda, també coneguda com &#8220;<a href="http://agora.xtec.cat/ceip-pins/serveis/acollida/esplai-tarda/">l&#8217;Esplai</a>&#8221; de 16:30h a la sortida de l&#8217;escola fins les 18h.</p>
<p><a href="https://www.paidos.cat/escola/Pins-del-Valles"><img loading="lazy" decoding="async" class="wp-image-598 alignleft" src="http://agora.xtec.cat/ceip-pins/wp-content/uploads/usu1715/2017/11/logo-fundesplaipaidos.jpg" alt="" width="224" height="66" srcset="https://agora.xtec.cat/ceip-pins/wp-content/uploads/usu1715/2017/11/logo-fundesplaipaidos.jpg 591w, https://agora.xtec.cat/ceip-pins/wp-content/uploads/usu1715/2017/11/logo-fundesplaipaidos-300x88.jpg 300w" sizes="auto, (max-width: 224px) 100vw, 224px" /></a></p>
<p>&nbsp;</p>
<p>És l&#8217;organitzador i responsable dels serveis d&#8217;acollida.</p>

<p>Des del primer dia d&#8217;escola fins finalitzar el curs, l&#8217;escola disposa de dues franges d&#8217;acollida dels alumnes, per a tots els nivells de P3 fins a 6è.<br />
La primera acollida, és la de matí, també coneguda com &#8220;<a href="http://agora.xtec.cat/ceip-pins/serveis/acollida/bon-dia-acollida-de-mati/">Bon dia</a>&#8221; de 7:30h del matí a 9h amb&hellip;  <a href="https://agora.xtec.cat/ceip-pins/acollida/" title="Read Acollida">Llegeix més»</a></p>
