{"id":739,"date":"2017-11-12T21:46:29","date_gmt":"2017-11-12T20:46:29","guid":{"rendered":"http:\/\/agora.xtec.cat\/ceip-pins\/?page_id=739"},"modified":"2017-11-12T21:46:29","modified_gmt":"2017-11-12T20:46:29","slug":"hort-ecologic","status":"publish","type":"page","link":"https:\/\/agora.xtec.cat\/ceip-pins\/projectes-de-centre\/escola-verda\/hort-ecologic\/","title":{"rendered":"El nostre hort ecol\u00f2gic"},"content":{"rendered":"<p>Ja fa molts anys que tenim en marxa el projecte d\u2019hort ecol\u00f2gic a l\u2019escola, un espai on els nostres alumnes viuen i experimenten amb la natura. Aix\u00f2 fa que la sentin m\u00e9s propera i puguin valorar i respectar l\u2019hort, el seu entorn i els aliments que en creixen.<\/p>\n<p>L\u2019activitat es duu a terme en hores lectives, integrant aix\u00ed la mat\u00e8ria dins del curr\u00edculum, normalment combinat amb medi, on mig grup fa activitats d\u2019hort i l\u2019altre mig fa medi, aix\u00ed que cada alumne passa per l\u2019hort de forma quinzenal.<\/p>\n<p>Cada curs te un programa educatiu per tal que treballin tots els temes que envolten l\u2019hort al llarg de l\u2019educaci\u00f3 infantil i prim\u00e0ria:<\/p>\n<p><b>Educaci\u00f3 Infantil:<\/b>\u00a0A partir de contes treballen diferents aspectes de l\u2019hort, tals com, el compostatge amb el \u201cCuc Baduc\u201d, les llavors amb \u201cEl senyor Esparraguera\u201d o les herbes remeieres amb \u201cLa bruixa Marduix\u201d.<\/p>\n<p><b>Cicle Inicial:<\/b>\u00a0Es treballen els cereals en la seva globalitat, des de que com es planten, fins a com ens els mengem, i tamb\u00e9 s\u2019aprenen d\u2019una forma practica les parts de les plantes i quina part ens mengem de cada una.<\/p>\n<p><b>Cicle Mitj\u00e0:<\/b>\u00a0En aquest cicle intentem aprofundir una mica m\u00e9s, i intentar esbrinar quin proc\u00e9s pateixen les fruites i verdures que nosaltres consumim, i quin \u00e9s el seu origen. Tamb\u00e9 treballem amb l\u2019hivernacle, aprofitant-lo a l\u2019hivern i entenent perqu\u00e8 diuen que a la Terra hi ha l\u2019efecte hivernacle.<\/p>\n<p><b>Cicle Superior:<\/b>\u00a0Anem una mica m\u00e9s enll\u00e0 i treballem la biodiversitat que es dona a l\u2019hort, el compostatge i els seus diferents tipus, la sostenibilitat i tamb\u00e9 volem que siguin ells els que decideixin qu\u00e8 es fa a l\u2019hort, quan i perqu\u00e8 ho fem, etc.<\/p>\n<p>Aquests son els temes que es tracten d\u2019una forma m\u00e9s especifica a cada curs, tot i que en general i adaptat a cada curs es treballen les feines de l\u2019hort, com pot ser fer planter, trasplantar, tenir cura de les plantes, collir, treure herbes, etc. En definitiva l\u2019hort es un espai d\u2019experimentaci\u00f3 amb la natura.<\/p>\n","protected":false},"excerpt":{"rendered":"<p>Ja fa molts anys que tenim en marxa el projecte d\u2019hort ecol\u00f2gic a l\u2019escola, un espai on els nostres alumnes viuen i experimenten amb la natura. Aix\u00f2 fa que la sentin m\u00e9s propera i puguin valorar i respectar l\u2019hort, el seu entorn i els aliments&hellip;  <a href=\"https:\/\/agora.xtec.cat\/ceip-pins\/projectes-de-centre\/escola-verda\/hort-ecologic\/\" title=\"Read El nostre hort ecol\u00f2gic\">Llegeix m\u00e9s\u00bb<\/a><\/p>\n","protected":false},"author":3,"featured_media":0,"parent":583,"menu_order":10,"comment_status":"closed","ping_status":"closed","template":"page-templates\/side-menu.php","meta":{"_bbp_topic_count":0,"_bbp_reply_count":0,"_bbp_total_topic_count":0,"_bbp_total_reply_count":0,"_bbp_voice_count":0,"_bbp_anonymous_reply_count":0,"_bbp_topic_count_hidden":0,"_bbp_reply_count_hidden":0,"_bbp_forum_subforum_count":0,"footnotes":""},"class_list":["post-739","page","type-page","status-publish","hentry"],"post_mailing_queue_ids":[],"_links":{"self":[{"href":"https:\/\/agora.xtec.cat\/ceip-pins\/wp-json\/wp\/v2\/pages\/739","targetHints":{"allow":["GET"]}}],"collection":[{"href":"https:\/\/agora.xtec.cat\/ceip-pins\/wp-json\/wp\/v2\/pages"}],"about":[{"href":"https:\/\/agora.xtec.cat\/ceip-pins\/wp-json\/wp\/v2\/types\/page"}],"author":[{"embeddable":true,"href":"https:\/\/agora.xtec.cat\/ceip-pins\/wp-json\/wp\/v2\/users\/3"}],"replies":[{"embeddable":true,"href":"https:\/\/agora.xtec.cat\/ceip-pins\/wp-json\/wp\/v2\/comments?post=739"}],"version-history":[{"count":1,"href":"https:\/\/agora.xtec.cat\/ceip-pins\/wp-json\/wp\/v2\/pages\/739\/revisions"}],"predecessor-version":[{"id":740,"href":"https:\/\/agora.xtec.cat\/ceip-pins\/wp-json\/wp\/v2\/pages\/739\/revisions\/740"}],"up":[{"embeddable":true,"href":"https:\/\/agora.xtec.cat\/ceip-pins\/wp-json\/wp\/v2\/pages\/583"}],"wp:attachment":[{"href":"https:\/\/agora.xtec.cat\/ceip-pins\/wp-json\/wp\/v2\/media?parent=739"}],"curies":[{"name":"wp","href":"https:\/\/api.w.org\/{rel}","templated":true}]}}

El nostre hort ecològic

<p>Ja fa molts anys que tenim en marxa el projecte d’hort ecològic a l’escola, un espai on els nostres alumnes viuen i experimenten amb la natura. Això fa que la sentin més propera i puguin valorar i respectar l’hort, el seu entorn i els aliments que en creixen.</p>
<p>L’activitat es duu a terme en hores lectives, integrant així la matèria dins del currículum, normalment combinat amb medi, on mig grup fa activitats d’hort i l’altre mig fa medi, així que cada alumne passa per l’hort de forma quinzenal.</p>
<p>Cada curs te un programa educatiu per tal que treballin tots els temes que envolten l’hort al llarg de l’educació infantil i primària:</p>
<p><b>Educació Infantil:</b> A partir de contes treballen diferents aspectes de l’hort, tals com, el compostatge amb el “Cuc Baduc”, les llavors amb “El senyor Esparraguera” o les herbes remeieres amb “La bruixa Marduix”.</p>
<p><b>Cicle Inicial:</b> Es treballen els cereals en la seva globalitat, des de que com es planten, fins a com ens els mengem, i també s’aprenen d’una forma practica les parts de les plantes i quina part ens mengem de cada una.</p>
<p><b>Cicle Mitjà:</b> En aquest cicle intentem aprofundir una mica més, i intentar esbrinar quin procés pateixen les fruites i verdures que nosaltres consumim, i quin és el seu origen. També treballem amb l’hivernacle, aprofitant-lo a l’hivern i entenent perquè diuen que a la Terra hi ha l’efecte hivernacle.</p>
<p><b>Cicle Superior:</b> Anem una mica més enllà i treballem la biodiversitat que es dona a l’hort, el compostatge i els seus diferents tipus, la sostenibilitat i també volem que siguin ells els que decideixin què es fa a l’hort, quan i perquè ho fem, etc.</p>
<p>Aquests son els temes que es tracten d’una forma més especifica a cada curs, tot i que en general i adaptat a cada curs es treballen les feines de l’hort, com pot ser fer planter, trasplantar, tenir cura de les plantes, collir, treure herbes, etc. En definitiva l’hort es un espai d’experimentació amb la natura.</p>

<p>Ja fa molts anys que tenim en marxa el projecte d’hort ecològic a l’escola, un espai on els nostres alumnes viuen i experimenten amb la natura. Això fa que la sentin més propera i puguin valorar i respectar l’hort, el seu entorn i els aliments&hellip;  <a href="https://agora.xtec.cat/ceip-pins/projectes-de-centre/escola-verda/hort-ecologic/" title="Read El nostre hort ecològic">Llegeix més»</a></p>
