{"id":32,"date":"2014-09-18T12:31:33","date_gmt":"2014-09-18T11:31:33","guid":{"rendered":"http:\/\/agora.xtec.cat\/ceip-pins\/?page_id=32"},"modified":"2025-10-06T16:13:13","modified_gmt":"2025-10-06T14:13:13","slug":"calendari-del-curs","status":"publish","type":"page","link":"https:\/\/agora.xtec.cat\/ceip-pins\/lescola\/calendari-del-curs\/","title":{"rendered":"Calendari del curs"},"content":{"rendered":"<h4><a href=\"https:\/\/agora.xtec.cat\/ceip-pins\/wp-content\/uploads\/usu1715\/2025\/10\/calendari-curs-25-26.pdf\" target=\"_blank\" rel=\"noopener\">Descarrega aqu\u00ed el calendari del curs 25-26<\/a><\/h4>\n<h4><\/h4>\n<h4><\/h4>\n<h4><strong>Inici de curs:<\/strong><\/h4>\n<p>8 de setembre de 2025<\/p>\n<h4><strong>Vacances<\/strong><\/h4>\n<p><strong><em>Nadal:<\/em><\/strong> Del 22 de desembre de 2025 al 7 de gener de 2026\u00a0 (ambd\u00f3s inclosos)<\/p>\n<p><strong><em>Setmana Santa:<\/em><\/strong> Del 28 de mar\u00e7 al 6 d\u2019abril de 2026 (ambd\u00f3s inclosos)<\/p>\n<p><strong><em>Estiu<\/em>:<\/strong> A partir del 19 de juny de 2025<\/p>\n<h4><strong>Celebracions a l&#8217;escola:<\/strong><\/h4>\n<p><em><strong>Castanyada:<\/strong><\/em> 30 d&#8217;octubre<\/p>\n<p><em><strong>Dia de la m\u00fasica:<\/strong><\/em> 21 de novembre<\/p>\n<p><em><strong>Carnestoltes:<\/strong><\/em> 13 de febrer<\/p>\n<p><em><strong>Sant Jordi:<\/strong><\/em> 23 d&#8217;abril<\/p>\n<h4><strong>Festius nacionals:<\/strong><\/h4>\n<p>11 de setembre de 2025<\/p>\n<p>8 de desembre de 2025<\/p>\n<p>1 de maig 2026<\/p>\n<h4><strong>Dies festius de lliure disposici\u00f3:<\/strong><\/h4>\n<p>31 d&#8217;octubre de 2025<\/p>\n<p>5 de desembre de 2025<\/p>\n<p>16 de febrer de 2026<\/p>\n<p>2 de mar\u00e7 de 2026<\/p>\n<p>25 de maig de 2026<\/p>\n<h4><strong>Festius locals:<\/strong><\/h4>\n<p>3 de mar\u00e7 de 2026 (Sant Medir)<\/p>\n<p>25 de maig de 2026 (2a Pasqua)<\/p>\n<p>29 de juny de 2026 (Sant Pere)<\/p>\n<h4><strong>Altres dates d&#8217;inter\u00e8s:<\/strong><\/h4>\n<p><em><strong>Col\u00f2nies<\/strong><\/em>:<\/p>\n<p>i5: 28 i 29 de maig del 2026.<\/p>\n<p>2n: 12 i 13 de maig del 2026.<\/p>\n<p>4t: 6, 7, i 8 de maig del 2026.<\/p>\n<p>6\u00e8: 20, 21 i 22 de maig del 2026.<\/p>\n<p><em><strong>Altres:<\/strong><\/em><\/p>\n<p><em><strong><a href=\"http:\/\/agora.xtec.cat\/ceip-pins\/afa\/pinscience\/\">PinsScience:\u00a0<\/a>per determinar<\/strong><\/em><\/p>\n<p><em><strong><a href=\"http:\/\/agora.xtec.cat\/ceip-pins\/afa\/activitats-familiars\/pinsapiens\/\">PinsSapiens:\u00a0<\/a>per determinar<\/strong><\/em><\/p>\n<h4><strong>Jornada intensiva:<\/strong><\/h4>\n<p>El 19 de desembre de 2025 i del 8 al 19 de juny de 2026 (ambd\u00f3s inclosos).<\/p>\n<p>L\u2019<b>horari lectiu<\/b> del centre \u00e9s de 9 a 12,30 h i de 15,00 a 16,30 h per a tots els alumnes del centre. El dia 19 de desembre de 2025 i a partir del 8 de juny de 2026 es realitza horari compactat de 9 a 13h. (Els alumnes que utilitzen el servei de menjador surten a les 16:30h i els que NO utilitzen el servei de menjador marxen a les 13:00h.)<\/p>\n<p>Per als alumnes que inicien l\u2019escolaritzaci\u00f3 a I3 s\u2019organitza un breu per\u00edode d\u2019adaptaci\u00f3 que suposa una certa modificaci\u00f3 dels horaris dels dos primers dies de classe, i que es fa saber a les fam\u00edlies en les reunions pr\u00e8vies corresponents.<\/p>\n","protected":false},"excerpt":{"rendered":"<p><a href=\"https:\/\/agora.xtec.cat\/ceip-pins\/wp-content\/uploads\/usu1715\/2025\/10\/calendari-curs-25-26.pdf\" target=\"_blank\" rel=\"noopener\">Descarrega aqu\u00ed el calendari del curs 25-26<\/a><\/p>\n<p>Inici de curs:<br \/>\n8 de setembre de 2025<br \/>\nVacances<br \/>\nNadal: Del 22 de desembre de 2025 al 7 de gener de 2026\u00a0 (ambd\u00f3s inclosos)<br \/>\nSetmana Santa: Del 28 de mar\u00e7 al 6 d\u2019abril de 2026 (ambd\u00f3s inclosos)<br \/>\nEstiu: A partir del&hellip;  <a href=\"https:\/\/agora.xtec.cat\/ceip-pins\/lescola\/calendari-del-curs\/\" title=\"Read Calendari del curs\">Llegeix m\u00e9s\u00bb<\/a><\/p>\n","protected":false},"author":1,"featured_media":0,"parent":22,"menu_order":50,"comment_status":"closed","ping_status":"closed","template":"page-templates\/side-menu.php","meta":{"_bbp_topic_count":0,"_bbp_reply_count":0,"_bbp_total_topic_count":0,"_bbp_total_reply_count":0,"_bbp_voice_count":0,"_bbp_anonymous_reply_count":0,"_bbp_topic_count_hidden":0,"_bbp_reply_count_hidden":0,"_bbp_forum_subforum_count":0,"footnotes":""},"class_list":["post-32","page","type-page","status-publish","hentry"],"post_mailing_queue_ids":[],"_links":{"self":[{"href":"https:\/\/agora.xtec.cat\/ceip-pins\/wp-json\/wp\/v2\/pages\/32","targetHints":{"allow":["GET"]}}],"collection":[{"href":"https:\/\/agora.xtec.cat\/ceip-pins\/wp-json\/wp\/v2\/pages"}],"about":[{"href":"https:\/\/agora.xtec.cat\/ceip-pins\/wp-json\/wp\/v2\/types\/page"}],"author":[{"embeddable":true,"href":"https:\/\/agora.xtec.cat\/ceip-pins\/wp-json\/wp\/v2\/users\/1"}],"replies":[{"embeddable":true,"href":"https:\/\/agora.xtec.cat\/ceip-pins\/wp-json\/wp\/v2\/comments?post=32"}],"version-history":[{"count":6,"href":"https:\/\/agora.xtec.cat\/ceip-pins\/wp-json\/wp\/v2\/pages\/32\/revisions"}],"predecessor-version":[{"id":11381,"href":"https:\/\/agora.xtec.cat\/ceip-pins\/wp-json\/wp\/v2\/pages\/32\/revisions\/11381"}],"up":[{"embeddable":true,"href":"https:\/\/agora.xtec.cat\/ceip-pins\/wp-json\/wp\/v2\/pages\/22"}],"wp:attachment":[{"href":"https:\/\/agora.xtec.cat\/ceip-pins\/wp-json\/wp\/v2\/media?parent=32"}],"curies":[{"name":"wp","href":"https:\/\/api.w.org\/{rel}","templated":true}]}}

<h4><a href="https://agora.xtec.cat/ceip-pins/wp-content/uploads/usu1715/2025/10/calendari-curs-25-26.pdf" target="_blank" rel="noopener">Descarrega aquí el calendari del curs 25-26</a></h4>
<h4></h4>
<h4></h4>
<h4><strong>Inici de curs:</strong></h4>
<p>8 de setembre de 2025</p>
<h4><strong>Vacances</strong></h4>
<p><strong><em>Nadal:</em></strong> Del 22 de desembre de 2025 al 7 de gener de 2026  (ambdós inclosos)</p>
<p><strong><em>Setmana Santa:</em></strong> Del 28 de març al 6 d’abril de 2026 (ambdós inclosos)</p>
<p><strong><em>Estiu</em>:</strong> A partir del 19 de juny de 2025</p>
<h4><strong>Celebracions a l&#8217;escola:</strong></h4>
<p><em><strong>Castanyada:</strong></em> 30 d&#8217;octubre</p>
<p><em><strong>Dia de la música:</strong></em> 21 de novembre</p>
<p><em><strong>Carnestoltes:</strong></em> 13 de febrer</p>
<p><em><strong>Sant Jordi:</strong></em> 23 d&#8217;abril</p>
<h4><strong>Festius nacionals:</strong></h4>
<p>11 de setembre de 2025</p>
<p>8 de desembre de 2025</p>
<p>1 de maig 2026</p>
<h4><strong>Dies festius de lliure disposició:</strong></h4>
<p>31 d&#8217;octubre de 2025</p>
<p>5 de desembre de 2025</p>
<p>16 de febrer de 2026</p>
<p>2 de març de 2026</p>
<p>25 de maig de 2026</p>
<h4><strong>Festius locals:</strong></h4>
<p>3 de març de 2026 (Sant Medir)</p>
<p>25 de maig de 2026 (2a Pasqua)</p>
<p>29 de juny de 2026 (Sant Pere)</p>
<h4><strong>Altres dates d&#8217;interès:</strong></h4>
<p><em><strong>Colònies</strong></em>:</p>
<p>i5: 28 i 29 de maig del 2026.</p>
<p>2n: 12 i 13 de maig del 2026.</p>
<p>4t: 6, 7, i 8 de maig del 2026.</p>
<p>6è: 20, 21 i 22 de maig del 2026.</p>
<p><em><strong>Altres:</strong></em></p>
<p><em><strong><a href="http://agora.xtec.cat/ceip-pins/afa/pinscience/">PinsScience: </a>per determinar</strong></em></p>
<p><em><strong><a href="http://agora.xtec.cat/ceip-pins/afa/activitats-familiars/pinsapiens/">PinsSapiens: </a>per determinar</strong></em></p>
<h4><strong>Jornada intensiva:</strong></h4>
<p>El 19 de desembre de 2025 i del 8 al 19 de juny de 2026 (ambdós inclosos).</p>
<p>L’<b>horari lectiu</b> del centre és de 9 a 12,30 h i de 15,00 a 16,30 h per a tots els alumnes del centre. El dia 19 de desembre de 2025 i a partir del 8 de juny de 2026 es realitza horari compactat de 9 a 13h. (Els alumnes que utilitzen el servei de menjador surten a les 16:30h i els que NO utilitzen el servei de menjador marxen a les 13:00h.)</p>
<p>Per als alumnes que inicien l’escolarització a I3 s’organitza un breu període d’adaptació que suposa una certa modificació dels horaris dels dos primers dies de classe, i que es fa saber a les famílies en les reunions prèvies corresponents.</p>

<p><a href="https://agora.xtec.cat/ceip-pins/wp-content/uploads/usu1715/2025/10/calendari-curs-25-26.pdf" target="_blank" rel="noopener">Descarrega aquí el calendari del curs 25-26</a></p>
<p>Inici de curs:<br />
8 de setembre de 2025<br />
Vacances<br />
Nadal: Del 22 de desembre de 2025 al 7 de gener de 2026  (ambdós inclosos)<br />
Setmana Santa: Del 28 de març al 6 d’abril de 2026 (ambdós inclosos)<br />
Estiu: A partir del&hellip;  <a href="https://agora.xtec.cat/ceip-pins/lescola/calendari-del-curs/" title="Read Calendari del curs">Llegeix més»</a></p>
