{"id":28,"date":"2014-09-18T12:29:35","date_gmt":"2014-09-18T11:29:35","guid":{"rendered":"http:\/\/agora.xtec.cat\/ceip-pins\/?page_id=28"},"modified":"2017-11-11T01:46:17","modified_gmt":"2017-11-11T00:46:17","slug":"consell-escolar","status":"publish","type":"page","link":"https:\/\/agora.xtec.cat\/ceip-pins\/lescola\/consell-escolar\/","title":{"rendered":"Consell escolar"},"content":{"rendered":"<p style=\"color: #444444;\">Exerceix les responsabilitats i compet\u00e8ncies pr\u00f2pies de les AFA, tal com estableix la legislaci\u00f3, participant en la gesti\u00f3 i control del centre.<\/p>\n<p>L\u2019AFA est\u00e0 representada en el Consell Escolar pel seu president\/a, la seva tasca \u00e9s transmetre les opinions i les decisions de l\u2019Associaci\u00f3, fer-li arribar totes les q\u00fcestions que els associats demanen al Consell. T\u00e9 la responsabilitat de fer possible una col\u00b7laboraci\u00f3 constant, estreta i directa amb la direcci\u00f3 i els mestres de l\u2019escola.<\/p>\n<p>Actuacions: preparaci\u00f3 de documents i participaci\u00f3 en el Consell Escolar i altres estaments tal com determina la legislaci\u00f3. Tamb\u00e9 informa els membres de l\u2019AFA de les decisions i acords presos en el Consell i exerceix la coordinaci\u00f3 de tots els pares i mares membres del Consell.<\/p>\n","protected":false},"excerpt":{"rendered":"<p>Exerceix les responsabilitats i compet\u00e8ncies pr\u00f2pies de les AFA, tal com estableix la legislaci\u00f3, participant en la gesti\u00f3 i control del centre.<br \/>\nL\u2019AFA est\u00e0 representada en el Consell Escolar pel seu president\/a, la seva tasca \u00e9s transmetre les opinions i les decisions de l\u2019Associaci\u00f3, fer-li arribar&hellip;  <a href=\"https:\/\/agora.xtec.cat\/ceip-pins\/lescola\/consell-escolar\/\" title=\"Read Consell escolar\">Llegeix m\u00e9s\u00bb<\/a><\/p>\n","protected":false},"author":1,"featured_media":0,"parent":22,"menu_order":30,"comment_status":"closed","ping_status":"closed","template":"page-templates\/side-menu.php","meta":{"_bbp_topic_count":0,"_bbp_reply_count":0,"_bbp_total_topic_count":0,"_bbp_total_reply_count":0,"_bbp_voice_count":0,"_bbp_anonymous_reply_count":0,"_bbp_topic_count_hidden":0,"_bbp_reply_count_hidden":0,"_bbp_forum_subforum_count":0,"footnotes":""},"class_list":["post-28","page","type-page","status-publish","hentry"],"post_mailing_queue_ids":[],"_links":{"self":[{"href":"https:\/\/agora.xtec.cat\/ceip-pins\/wp-json\/wp\/v2\/pages\/28","targetHints":{"allow":["GET"]}}],"collection":[{"href":"https:\/\/agora.xtec.cat\/ceip-pins\/wp-json\/wp\/v2\/pages"}],"about":[{"href":"https:\/\/agora.xtec.cat\/ceip-pins\/wp-json\/wp\/v2\/types\/page"}],"author":[{"embeddable":true,"href":"https:\/\/agora.xtec.cat\/ceip-pins\/wp-json\/wp\/v2\/users\/1"}],"replies":[{"embeddable":true,"href":"https:\/\/agora.xtec.cat\/ceip-pins\/wp-json\/wp\/v2\/comments?post=28"}],"version-history":[{"count":1,"href":"https:\/\/agora.xtec.cat\/ceip-pins\/wp-json\/wp\/v2\/pages\/28\/revisions"}],"predecessor-version":[{"id":678,"href":"https:\/\/agora.xtec.cat\/ceip-pins\/wp-json\/wp\/v2\/pages\/28\/revisions\/678"}],"up":[{"embeddable":true,"href":"https:\/\/agora.xtec.cat\/ceip-pins\/wp-json\/wp\/v2\/pages\/22"}],"wp:attachment":[{"href":"https:\/\/agora.xtec.cat\/ceip-pins\/wp-json\/wp\/v2\/media?parent=28"}],"curies":[{"name":"wp","href":"https:\/\/api.w.org\/{rel}","templated":true}]}}

<p style="color: #444444;">Exerceix les responsabilitats i competències pròpies de les AFA, tal com estableix la legislació, participant en la gestió i control del centre.</p>
<p>L’AFA està representada en el Consell Escolar pel seu president/a, la seva tasca és transmetre les opinions i les decisions de l’Associació, fer-li arribar totes les qüestions que els associats demanen al Consell. Té la responsabilitat de fer possible una col·laboració constant, estreta i directa amb la direcció i els mestres de l’escola.</p>
<p>Actuacions: preparació de documents i participació en el Consell Escolar i altres estaments tal com determina la legislació. També informa els membres de l’AFA de les decisions i acords presos en el Consell i exerceix la coordinació de tots els pares i mares membres del Consell.</p>

<p>Exerceix les responsabilitats i competències pròpies de les AFA, tal com estableix la legislació, participant en la gestió i control del centre.<br />
L’AFA està representada en el Consell Escolar pel seu president/a, la seva tasca és transmetre les opinions i les decisions de l’Associació, fer-li arribar&hellip;  <a href="https://agora.xtec.cat/ceip-pins/lescola/consell-escolar/" title="Read Consell escolar">Llegeix més»</a></p>
