{"id":1284,"date":"2018-01-22T17:13:34","date_gmt":"2018-01-22T16:13:34","guid":{"rendered":"http:\/\/agora.xtec.cat\/ceip-pins\/?page_id=1284"},"modified":"2025-09-11T23:04:36","modified_gmt":"2025-09-11T21:04:36","slug":"extraescolars","status":"publish","type":"page","link":"https:\/\/agora.xtec.cat\/ceip-pins\/afa\/extraescolars\/","title":{"rendered":"Comissi\u00f3 Extraescolars"},"content":{"rendered":"<p>Les activitats extraescolars de l\u2019escola Pins del Vall\u00e8s s\u00f3n gestionades i coordinades per PAIDOS+FUNDESPLAI i el seguiment del projecte es fa conjuntament entre AFA, PAIDOS i l\u2019Equip directiu del centre.<\/p>\n<p><b>La coordinadora d&#8217;extraescolars \u00e9s la Maria Be\u00e0 Recasens. Contacte: <a href=\"mailto:paidospinsdelvalles@fundesplai.org\">paidospinsdelvalles@fundesplai.org<\/a>, tel\u00e8fon 638060718, o Dinantia a Paidos. Horari d&#8217;atenci\u00f3 de 9 a 9.30h i de 16.30 a 17h a la secretaria de l&#8217;Escola.<\/b><\/p>\n<p>La proposta de Paidos vol anar m\u00e9s enll\u00e0 de ser un servei d\u2019activitats. Pret\u00e9n dotar al projecte d\u2019extraescolars d\u2019una organitzaci\u00f3 global dins d\u2019un marc conceptual i educatiu que es fonamenta en els seg\u00fcents trets:<\/p>\n<ul>\n<li>Organitzaci\u00f3 presencial que facilita el contacte i la comunicaci\u00f3 entre alumnes, familiars i especialistes.<\/li>\n<li>Proposta d\u2019activitats variada. Ofereix una \u00e0mplia oferta de propostes que compr\u00e8n aspectes creatius, expressius, formatius, l\u00fadics o esportius. Les extraescolars pretenen donar resposta a les inquietuds de tots\/es els nens i nenes i ajuden al desenvolupament integral dels infants.<\/li>\n<li>Desenvolupament de les activitats extraescolars: segueix un itinerari al llarg dels cursos que comen\u00e7a amb una descoberta inicial o sensibilitzaci\u00f3, segueix amb un aprenentatge espec\u00edfic i, finalment, culmina amb la tecnificaci\u00f3. Al mateix temps, s\u2019incideix en la formaci\u00f3 integral de la persona ja que, a part dels aspectes t\u00e8cnics, tamb\u00e9 es treballen els valors personals i de conviv\u00e8ncia amb el grup i l\u2019entorn.<\/li>\n<li>Gesti\u00f3 local de les activitats extraescolars amb l\u2019objectiu de garantir la qualitat, continu\u00eftat i estabilitat de la proposta, cercant vincles amb associacions que ens aportin el programa i personal de les activitats, tot intentant promoure la xarxa associativa local.<\/li>\n<li>Treball conjunt amb la comunitat educativa.<\/li>\n<li>Seguiment d\u2019un\/a coordinador\/a general de PAIDOS dels serveis extraescolars per supervisar tots els aspectes que di\u00e0riament es deriven de la realitzaci\u00f3 d\u2019activitats (assist\u00e8ncia de monitores i monitors i supervisi\u00f3 d\u2019activitats, inici i final d\u2019activitats, recollida dels nens\/es, dies de pluja, utilitzaci\u00f3 d\u2019espais\u2026)<\/li>\n<\/ul>\n<p><span style=\"font-family: inherit; font-size: 1em;\">Totes les activitats extraescolars\u00a0<u>de la tarda<\/u>\u00a0a la nostra escola, els casals de Nadal, Setmana Santa i estiu, aix\u00ed com les col\u00f2nies d&#8217;estiu, s\u00f3n gestionades per\u00a0 <\/span><a style=\"font-family: inherit; font-size: 1em;\" href=\"https:\/\/paidos.fundesplai.org\/escoles\/escola-pins-del-valles\/\"><img loading=\"lazy\" decoding=\"async\" class=\"alignnone wp-image-598\" src=\"http:\/\/agora.xtec.cat\/ceip-pins\/wp-content\/uploads\/usu1715\/2017\/11\/logo-fundesplaipaidos.jpg\" alt=\"\" width=\"224\" height=\"66\" srcset=\"https:\/\/agora.xtec.cat\/ceip-pins\/wp-content\/uploads\/usu1715\/2017\/11\/logo-fundesplaipaidos.jpg 591w, https:\/\/agora.xtec.cat\/ceip-pins\/wp-content\/uploads\/usu1715\/2017\/11\/logo-fundesplaipaidos-300x88.jpg 300w\" sizes=\"auto, (max-width: 224px) 100vw, 224px\" \/><\/a>.<\/p>\n<p align=\"center\"><img decoding=\"async\" src=\"https:\/\/paidos.fundesplai.org\/wp-content\/uploads\/2025\/07\/GRAELLA-25-26-PINS-EXTRAESCOLARS-1-1280x905.png\"\/><\/p>\n<p align=\"center\"><iframe loading=\"lazy\" src=\"https:\/\/paidos.fundesplai.org\/escoles\/escola-pins-del-valles\/\" width=\"100%\" height=\"600\"><\/iframe><!-- img class=\"alignnone size-large wp-image-10184\" src=\"https:\/\/agora.xtec.cat\/ceip-pins\/wp-content\/uploads\/usu1715\/2024\/02\/Graella-Pins-23-24-500x1024.jpg\" alt=\"\" width=\"500\" height=\"1024\" \/ --><\/p>\n","protected":false},"excerpt":{"rendered":"<p>Les activitats extraescolars de l\u2019escola Pins del Vall\u00e8s s\u00f3n gestionades i coordinades per PAIDOS+FUNDESPLAI i el seguiment del projecte es fa conjuntament entre AFA, PAIDOS i l\u2019Equip directiu del centre.<br \/>\nLa coordinadora d&#8217;extraescolars \u00e9s la Maria Be\u00e0 Recasens. Contacte: <a href=\"mailto:paidospinsdelvalles@fundesplai.org\">paidospinsdelvalles@fundesplai.org<\/a>, tel\u00e8fon 638060718, o Dinantia a&hellip;  <a href=\"https:\/\/agora.xtec.cat\/ceip-pins\/afa\/extraescolars\/\" title=\"Read Comissi\u00f3 Extraescolars\">Llegeix m\u00e9s\u00bb<\/a><\/p>\n","protected":false},"author":4,"featured_media":0,"parent":1069,"menu_order":2,"comment_status":"closed","ping_status":"closed","template":"page-templates\/side-menu.php","meta":{"_bbp_topic_count":0,"_bbp_reply_count":0,"_bbp_total_topic_count":0,"_bbp_total_reply_count":0,"_bbp_voice_count":0,"_bbp_anonymous_reply_count":0,"_bbp_topic_count_hidden":0,"_bbp_reply_count_hidden":0,"_bbp_forum_subforum_count":0,"footnotes":""},"class_list":["post-1284","page","type-page","status-publish","hentry"],"post_mailing_queue_ids":[],"_links":{"self":[{"href":"https:\/\/agora.xtec.cat\/ceip-pins\/wp-json\/wp\/v2\/pages\/1284","targetHints":{"allow":["GET"]}}],"collection":[{"href":"https:\/\/agora.xtec.cat\/ceip-pins\/wp-json\/wp\/v2\/pages"}],"about":[{"href":"https:\/\/agora.xtec.cat\/ceip-pins\/wp-json\/wp\/v2\/types\/page"}],"author":[{"embeddable":true,"href":"https:\/\/agora.xtec.cat\/ceip-pins\/wp-json\/wp\/v2\/users\/4"}],"replies":[{"embeddable":true,"href":"https:\/\/agora.xtec.cat\/ceip-pins\/wp-json\/wp\/v2\/comments?post=1284"}],"version-history":[{"count":7,"href":"https:\/\/agora.xtec.cat\/ceip-pins\/wp-json\/wp\/v2\/pages\/1284\/revisions"}],"predecessor-version":[{"id":11376,"href":"https:\/\/agora.xtec.cat\/ceip-pins\/wp-json\/wp\/v2\/pages\/1284\/revisions\/11376"}],"up":[{"embeddable":true,"href":"https:\/\/agora.xtec.cat\/ceip-pins\/wp-json\/wp\/v2\/pages\/1069"}],"wp:attachment":[{"href":"https:\/\/agora.xtec.cat\/ceip-pins\/wp-json\/wp\/v2\/media?parent=1284"}],"curies":[{"name":"wp","href":"https:\/\/api.w.org\/{rel}","templated":true}]}}

Comissió Extraescolars

<p>Les activitats extraescolars de l’escola Pins del Vallès són gestionades i coordinades per PAIDOS+FUNDESPLAI i el seguiment del projecte es fa conjuntament entre AFA, PAIDOS i l’Equip directiu del centre.</p>
<p><b>La coordinadora d&#8217;extraescolars és la Maria Beà Recasens. Contacte: <a href="mailto:paidospinsdelvalles@fundesplai.org">paidospinsdelvalles@fundesplai.org</a>, telèfon 638060718, o Dinantia a Paidos. Horari d&#8217;atenció de 9 a 9.30h i de 16.30 a 17h a la secretaria de l&#8217;Escola.</b></p>
<p>La proposta de Paidos vol anar més enllà de ser un servei d’activitats. Pretén dotar al projecte d’extraescolars d’una organització global dins d’un marc conceptual i educatiu que es fonamenta en els següents trets:</p>
<ul>
<li>Organització presencial que facilita el contacte i la comunicació entre alumnes, familiars i especialistes.</li>
<li>Proposta d’activitats variada. Ofereix una àmplia oferta de propostes que comprèn aspectes creatius, expressius, formatius, lúdics o esportius. Les extraescolars pretenen donar resposta a les inquietuds de tots/es els nens i nenes i ajuden al desenvolupament integral dels infants.</li>
<li>Desenvolupament de les activitats extraescolars: segueix un itinerari al llarg dels cursos que comença amb una descoberta inicial o sensibilització, segueix amb un aprenentatge específic i, finalment, culmina amb la tecnificació. Al mateix temps, s’incideix en la formació integral de la persona ja que, a part dels aspectes tècnics, també es treballen els valors personals i de convivència amb el grup i l’entorn.</li>
<li>Gestió local de les activitats extraescolars amb l’objectiu de garantir la qualitat, continuïtat i estabilitat de la proposta, cercant vincles amb associacions que ens aportin el programa i personal de les activitats, tot intentant promoure la xarxa associativa local.</li>
<li>Treball conjunt amb la comunitat educativa.</li>
<li>Seguiment d’un/a coordinador/a general de PAIDOS dels serveis extraescolars per supervisar tots els aspectes que diàriament es deriven de la realització d’activitats (assistència de monitores i monitors i supervisió d’activitats, inici i final d’activitats, recollida dels nens/es, dies de pluja, utilització d’espais…)</li>
</ul>
<p><span style="font-family: inherit; font-size: 1em;">Totes les activitats extraescolars <u>de la tarda</u> a la nostra escola, els casals de Nadal, Setmana Santa i estiu, així com les colònies d&#8217;estiu, són gestionades per  </span><a style="font-family: inherit; font-size: 1em;" href="https://paidos.fundesplai.org/escoles/escola-pins-del-valles/"><img loading="lazy" decoding="async" class="alignnone wp-image-598" src="http://agora.xtec.cat/ceip-pins/wp-content/uploads/usu1715/2017/11/logo-fundesplaipaidos.jpg" alt="" width="224" height="66" srcset="https://agora.xtec.cat/ceip-pins/wp-content/uploads/usu1715/2017/11/logo-fundesplaipaidos.jpg 591w, https://agora.xtec.cat/ceip-pins/wp-content/uploads/usu1715/2017/11/logo-fundesplaipaidos-300x88.jpg 300w" sizes="auto, (max-width: 224px) 100vw, 224px" /></a>.</p>
<p align="center"><img decoding="async" src="https://paidos.fundesplai.org/wp-content/uploads/2025/07/GRAELLA-25-26-PINS-EXTRAESCOLARS-1-1280x905.png"/></p>
<p align="center"><iframe loading="lazy" src="https://paidos.fundesplai.org/escoles/escola-pins-del-valles/" width="100%" height="600"></iframe><!-- img class="alignnone size-large wp-image-10184" src="https://agora.xtec.cat/ceip-pins/wp-content/uploads/usu1715/2024/02/Graella-Pins-23-24-500x1024.jpg" alt="" width="500" height="1024" / --></p>

<p>Les activitats extraescolars de l’escola Pins del Vallès són gestionades i coordinades per PAIDOS+FUNDESPLAI i el seguiment del projecte es fa conjuntament entre AFA, PAIDOS i l’Equip directiu del centre.<br />
La coordinadora d&#8217;extraescolars és la Maria Beà Recasens. Contacte: <a href="mailto:paidospinsdelvalles@fundesplai.org">paidospinsdelvalles@fundesplai.org</a>, telèfon 638060718, o Dinantia a&hellip;  <a href="https://agora.xtec.cat/ceip-pins/afa/extraescolars/" title="Read Comissió Extraescolars">Llegeix més»</a></p>
