{"id":1197,"date":"2018-01-20T00:44:28","date_gmt":"2018-01-19T23:44:28","guid":{"rendered":"http:\/\/agora.xtec.cat\/ceip-pins\/?page_id=1197"},"modified":"2025-04-06T23:02:13","modified_gmt":"2025-04-06T21:02:13","slug":"comissio_activitats_familiars","status":"publish","type":"page","link":"https:\/\/agora.xtec.cat\/ceip-pins\/afa\/gt_aprenentatge\/comissio_activitats_familiars\/","title":{"rendered":"Comissi\u00f3 d&#8217;activitats familiars"},"content":{"rendered":"<p>Des de l&#8217;AFA organitzem activitats exclusives per a pares, mares i fam\u00edlies de l&#8217;escola.<\/p>\n<p>Participem en xerrades i tallers d&#8217;inter\u00e8s (ioga, catal\u00e0, cuina&#8230;) que acostumen a ser objecte de consulta entre les fam\u00edlies sobre acompanyament, orientaci\u00f3&#8230;i tot el que engloba la gran tasca d&#8217;educar als infants.<\/p>\n<p><center><\/center>Tenim la <a href=\"https:\/\/agora.xtec.cat\/ceip-pins\/afa\/%f0%9f%a5%81batu-pins-pam-pum-%f0%9f%a5%81-sessions-gratuites-i-de-portes-obertes-els-dimarts-17-i-dimarts-24-doctubre-de-2030h-a-2200h\/\" target=\"_blank\" rel=\"noopener noreferrer\">nostra pr\u00f2pia banda de batucada<\/a> que assaja dimarts de 20:30h a 22:00h. <img decoding=\"async\" src=\"https:\/\/static.wixstatic.com\/media\/220896_009ed6ee6a1449ef8da2dee81cc604d4.png\" width=\"20%\" \/><\/p>\n<p><a href=\"https:\/\/lapinya.wordpress.com\/\">La Pinya<\/a> \u00e9s la coral d\u2019adults de l\u2019escola que assaja dijous de 21:30h a 22:30h. <img decoding=\"async\" src=\"https:\/\/lapinya.files.wordpress.com\/2017\/12\/logo-pinya-facebook.png\" width=\"10%\" \/><\/p>\n<p>I, sempre estem buscant noves activitats per enfortir els vincles entre les fam\u00edlies!<\/p>\n<p>Podeu contactar amb la Comissi\u00f3 d&#8217;activitats familiars a trav\u00e9s de l&#8217;email <a href=\"mailto:c.activitatsfamiliars@gmail.com\">c.activitatsfamiliars@gmail.com<\/a><\/p>\n<p>&nbsp;<\/p>\n<p>&nbsp;<\/p>\n","protected":false},"excerpt":{"rendered":"<p>Des de l&#8217;AFA organitzem activitats exclusives per a pares, mares i fam\u00edlies de l&#8217;escola.<br \/>\nParticipem en xerrades i tallers d&#8217;inter\u00e8s (ioga, catal\u00e0, cuina&#8230;) que acostumen a ser objecte de consulta entre les fam\u00edlies sobre acompanyament, orientaci\u00f3&#8230;i tot el que engloba la gran tasca d&#8217;educar als infants.<br \/>\nTenim&hellip;  <a href=\"https:\/\/agora.xtec.cat\/ceip-pins\/afa\/gt_aprenentatge\/comissio_activitats_familiars\/\" title=\"Read Comissi\u00f3 d&#8217;activitats familiars\">Llegeix m\u00e9s\u00bb<\/a><\/p>\n","protected":false},"author":4,"featured_media":0,"parent":1191,"menu_order":3,"comment_status":"closed","ping_status":"closed","template":"page-templates\/side-menu.php","meta":{"_bbp_topic_count":0,"_bbp_reply_count":0,"_bbp_total_topic_count":0,"_bbp_total_reply_count":0,"_bbp_voice_count":0,"_bbp_anonymous_reply_count":0,"_bbp_topic_count_hidden":0,"_bbp_reply_count_hidden":0,"_bbp_forum_subforum_count":0,"footnotes":""},"class_list":["post-1197","page","type-page","status-publish","hentry"],"post_mailing_queue_ids":[],"_links":{"self":[{"href":"https:\/\/agora.xtec.cat\/ceip-pins\/wp-json\/wp\/v2\/pages\/1197","targetHints":{"allow":["GET"]}}],"collection":[{"href":"https:\/\/agora.xtec.cat\/ceip-pins\/wp-json\/wp\/v2\/pages"}],"about":[{"href":"https:\/\/agora.xtec.cat\/ceip-pins\/wp-json\/wp\/v2\/types\/page"}],"author":[{"embeddable":true,"href":"https:\/\/agora.xtec.cat\/ceip-pins\/wp-json\/wp\/v2\/users\/4"}],"replies":[{"embeddable":true,"href":"https:\/\/agora.xtec.cat\/ceip-pins\/wp-json\/wp\/v2\/comments?post=1197"}],"version-history":[{"count":6,"href":"https:\/\/agora.xtec.cat\/ceip-pins\/wp-json\/wp\/v2\/pages\/1197\/revisions"}],"predecessor-version":[{"id":11210,"href":"https:\/\/agora.xtec.cat\/ceip-pins\/wp-json\/wp\/v2\/pages\/1197\/revisions\/11210"}],"up":[{"embeddable":true,"href":"https:\/\/agora.xtec.cat\/ceip-pins\/wp-json\/wp\/v2\/pages\/1191"}],"wp:attachment":[{"href":"https:\/\/agora.xtec.cat\/ceip-pins\/wp-json\/wp\/v2\/media?parent=1197"}],"curies":[{"name":"wp","href":"https:\/\/api.w.org\/{rel}","templated":true}]}}

Comissió d&#8217;activitats familiars

<p>Des de l&#8217;AFA organitzem activitats exclusives per a pares, mares i famílies de l&#8217;escola.</p>
<p>Participem en xerrades i tallers d&#8217;interès (ioga, català, cuina&#8230;) que acostumen a ser objecte de consulta entre les famílies sobre acompanyament, orientació&#8230;i tot el que engloba la gran tasca d&#8217;educar als infants.</p>
<p><center></center>Tenim la <a href="https://agora.xtec.cat/ceip-pins/afa/%f0%9f%a5%81batu-pins-pam-pum-%f0%9f%a5%81-sessions-gratuites-i-de-portes-obertes-els-dimarts-17-i-dimarts-24-doctubre-de-2030h-a-2200h/" target="_blank" rel="noopener noreferrer">nostra pròpia banda de batucada</a> que assaja dimarts de 20:30h a 22:00h. <img decoding="async" src="https://static.wixstatic.com/media/220896_009ed6ee6a1449ef8da2dee81cc604d4.png" width="20%" /></p>
<p><a href="https://lapinya.wordpress.com/">La Pinya</a> és la coral d’adults de l’escola que assaja dijous de 21:30h a 22:30h. <img decoding="async" src="https://lapinya.files.wordpress.com/2017/12/logo-pinya-facebook.png" width="10%" /></p>
<p>I, sempre estem buscant noves activitats per enfortir els vincles entre les famílies!</p>
<p>Podeu contactar amb la Comissió d&#8217;activitats familiars a través de l&#8217;email <a href="mailto:c.activitatsfamiliars@gmail.com">c.activitatsfamiliars@gmail.com</a></p>
<p>&nbsp;</p>
<p>&nbsp;</p>

<p>Des de l&#8217;AFA organitzem activitats exclusives per a pares, mares i famílies de l&#8217;escola.<br />
Participem en xerrades i tallers d&#8217;interès (ioga, català, cuina&#8230;) que acostumen a ser objecte de consulta entre les famílies sobre acompanyament, orientació&#8230;i tot el que engloba la gran tasca d&#8217;educar als infants.<br />
Tenim&hellip;  <a href="https://agora.xtec.cat/ceip-pins/afa/gt_aprenentatge/comissio_activitats_familiars/" title="Read Comissió d&#8217;activitats familiars">Llegeix més»</a></p>
