{"id":1187,"date":"2018-01-20T00:41:41","date_gmt":"2018-01-19T23:41:41","guid":{"rendered":"http:\/\/agora.xtec.cat\/ceip-pins\/?page_id=1187"},"modified":"2024-01-21T17:42:06","modified_gmt":"2024-01-21T16:42:06","slug":"comissio_festa_gegantera","status":"publish","type":"page","link":"https:\/\/agora.xtec.cat\/ceip-pins\/afa\/gt_festes\/comissio_festa_gegantera\/","title":{"rendered":"Comissi\u00f3 Colla Gegantera"},"content":{"rendered":"<p><!-- \n\n<h5><strong>La popera Festa Gegantera ser\u00e0 el 12 de mar\u00e7 de 2023 i participarem a la 9a cercavila d'escoles de Sant Cugat<\/strong><\/h5>\n\n --><\/p>\n<p>Un grup de fam\u00edlies des del curs 2017-2018 vam iniciar la Colla gegantera del Pins.<\/p>\n<p>El nostre objectiu \u00e9s mantenir al dia els gegants i fer-los part\u00edcips de les festes internes de l&#8217;escola aix\u00ed com participar en les cercaviles que ens convidin, com la cercavila d&#8217;escoles que organitzen els Geganters de Sant Cugat cada dos anys.<\/p>\n<p>Actualment a l&#8217;escola hi tenim les figures seg\u00fcents:<\/p>\n<ul>\n<li>Els gegants <strong>Lluc<\/strong> i <strong>Pepa<\/strong>, que es va crear com a capgrossos l&#8217;any 2005, per\u00f2 que actualment s&#8217;han transformat com a gegants des del 2019 i 2018 respectivament<\/li>\n<li>Els gegantons <strong>\u00c0liga del Bec Groc<\/strong> i en <strong>Drac Pinxo<\/strong>, que es van crear com a projecte educatiu durant el curs de P5 l&#8217;any 2014<\/li>\n<li>Els capgrossos <strong>Roc<\/strong> i la nana <strong>J\u00falia<\/strong> (l\u2019\u00fanica nana de Sant Cugat!), que es van fer tamb\u00e9 com a projecte educatiu de P5 l&#8217;any 2015<\/li>\n<li>El capgr\u00f2s <strong>Pinya<\/strong> \u00e9s el m\u00e9s jove de tots, va ser creat el 2018 per una mare de l&#8217;escola<\/li>\n<\/ul>\n<p><img loading=\"lazy\" decoding=\"async\" class=\"size-full wp-image-8673 aligncenter\" src=\"https:\/\/agora.xtec.cat\/ceip-pins\/wp-content\/uploads\/usu1715\/2022\/04\/gegants_pins.jpg\" alt=\"\" width=\"384\" height=\"512\" srcset=\"https:\/\/agora.xtec.cat\/ceip-pins\/wp-content\/uploads\/usu1715\/2022\/04\/gegants_pins.jpg 384w, https:\/\/agora.xtec.cat\/ceip-pins\/wp-content\/uploads\/usu1715\/2022\/04\/gegants_pins-225x300.jpg 225w\" sizes=\"auto, (max-width: 384px) 100vw, 384px\" \/><\/p>\n<p>I esperem ser-ne m\u00e9s ben aviat!<\/p>\n<p>El nostre desig \u00e9s aconseguir la m\u00e0xima participaci\u00f3 de tota l\u2019escola en les sortides que fem. Per aix\u00f2 us animem a que us apunteu a la colla o a participar a les trobades!<\/p>\n<p>Ja ho sabeu, animeu-vos a participar i apunteu-vos-hi enviant un correu a\u00a0<a href=\"mailto:afa@pinsdelvalles.cat\" target=\"_blank\" rel=\"noopener noreferrer\">afa@pinsdelvalles.cat<\/a>.<\/p>\n<h2>Recull de sortides<\/h2>\n<ul>\n<li><a href=\"https:\/\/agora.xtec.cat\/ceip-pins\/afa\/torna-la-cercavila-descoles-despres-de-4-anys\/\">9a cercavila d&#8217;escoles de Sant Cugat<\/a> (12 de mar\u00e7 de 2023)<\/li>\n<\/ul>\n<p><img loading=\"lazy\" decoding=\"async\" class=\"alignnone size-full wp-image-8675 aligncenter\" src=\"https:\/\/agora.xtec.cat\/ceip-pins\/wp-content\/uploads\/usu1715\/2023\/03\/9a_Trobada_gegants_2023-03-12_2.jpeg\" alt=\"\" width=\"512\" height=\"384\" \/><\/p>\n<ul>\n<li><a href=\"https:\/\/www.youtube.com\/watch?v=NC3_VPjcM8Q\">8a cercavila d&#8217;escoles de Sant Cugat<\/a> (17 d&#8217;abril a 5 de juny de 2021)<\/li>\n<\/ul>\n<p><center><iframe loading=\"lazy\" width=\"560\" height=\"315\" src=\"https:\/\/www.youtube.com\/embed\/NC3_VPjcM8Q\" title=\"YouTube video player\" frameborder=\"0\" allow=\"accelerometer; autoplay; clipboard-write; encrypted-media; gyroscope; picture-in-picture\" allowfullscreen><\/iframe><\/center><br \/>\n&nbsp;<\/p>\n<ul>\n<li><a href=\"https:\/\/agora.xtec.cat\/ceip-pins\/afa\/exit-de-participacio-a-la-7a-cercavila-descoles\/\">7a cercavila d&#8217;escoles de Sant Cugat<\/a> (13 d&#8217;octubre de 2019)<\/li>\n<\/ul>\n<p><img loading=\"lazy\" decoding=\"async\" class=\"alignnone size-full wp-image-8675 aligncenter\" src=\"https:\/\/agora.xtec.cat\/ceip-pins\/wp-content\/uploads\/usu1715\/2022\/04\/gegants_pins_7a_cercavila.jpg\" alt=\"\" width=\"512\" height=\"384\" srcset=\"https:\/\/agora.xtec.cat\/ceip-pins\/wp-content\/uploads\/usu1715\/2022\/04\/gegants_pins_7a_cercavila.jpg 512w, https:\/\/agora.xtec.cat\/ceip-pins\/wp-content\/uploads\/usu1715\/2022\/04\/gegants_pins_7a_cercavila-300x225.jpg 300w, https:\/\/agora.xtec.cat\/ceip-pins\/wp-content\/uploads\/usu1715\/2022\/04\/gegants_pins_7a_cercavila-200x150.jpg 200w\" sizes=\"auto, (max-width: 512px) 100vw, 512px\" \/><\/p>\n<ul>\n<li><a href=\"https:\/\/agora.xtec.cat\/ceip-pins\/afa\/us-presentem-la-pinya\/\">IX Trobada gegantera a l&#8217;Escola Teresa Altet a Rub\u00ed (26 de maig de 2018)<\/a> que va ser la primera!<\/li>\n<\/ul>\n<p><img loading=\"lazy\" decoding=\"async\" class=\"alignnone size-full wp-image-8675 aligncenter\" src=\"http:\/\/agora.xtec.cat\/ceip-pins\/wp-content\/uploads\/usu1715\/2018\/06\/Sortida-Gegantera-3.jpeg\" alt=\"\" width=\"512\" height=\"384\" \/><\/p>\n<p>&nbsp;<\/p>\n<p>&nbsp;<\/p>\n","protected":false},"excerpt":{"rendered":"<p>Un grup de fam\u00edlies des del curs 2017-2018 vam iniciar la Colla gegantera del Pins.<br \/>\nEl nostre objectiu \u00e9s mantenir al dia els gegants i fer-los part\u00edcips de les festes internes de l&#8217;escola aix\u00ed com participar en les cercaviles que ens convidin, com la cercavila d&#8217;escoles&hellip;  <a href=\"https:\/\/agora.xtec.cat\/ceip-pins\/afa\/gt_festes\/comissio_festa_gegantera\/\" title=\"Read Comissi\u00f3 Colla Gegantera\">Llegeix m\u00e9s\u00bb<\/a><\/p>\n","protected":false},"author":4,"featured_media":0,"parent":1179,"menu_order":4,"comment_status":"closed","ping_status":"closed","template":"page-templates\/side-menu.php","meta":{"_bbp_topic_count":0,"_bbp_reply_count":0,"_bbp_total_topic_count":0,"_bbp_total_reply_count":0,"_bbp_voice_count":0,"_bbp_anonymous_reply_count":0,"_bbp_topic_count_hidden":0,"_bbp_reply_count_hidden":0,"_bbp_forum_subforum_count":0,"footnotes":""},"class_list":["post-1187","page","type-page","status-publish","hentry"],"post_mailing_queue_ids":[],"_links":{"self":[{"href":"https:\/\/agora.xtec.cat\/ceip-pins\/wp-json\/wp\/v2\/pages\/1187","targetHints":{"allow":["GET"]}}],"collection":[{"href":"https:\/\/agora.xtec.cat\/ceip-pins\/wp-json\/wp\/v2\/pages"}],"about":[{"href":"https:\/\/agora.xtec.cat\/ceip-pins\/wp-json\/wp\/v2\/types\/page"}],"author":[{"embeddable":true,"href":"https:\/\/agora.xtec.cat\/ceip-pins\/wp-json\/wp\/v2\/users\/4"}],"replies":[{"embeddable":true,"href":"https:\/\/agora.xtec.cat\/ceip-pins\/wp-json\/wp\/v2\/comments?post=1187"}],"version-history":[{"count":4,"href":"https:\/\/agora.xtec.cat\/ceip-pins\/wp-json\/wp\/v2\/pages\/1187\/revisions"}],"predecessor-version":[{"id":10034,"href":"https:\/\/agora.xtec.cat\/ceip-pins\/wp-json\/wp\/v2\/pages\/1187\/revisions\/10034"}],"up":[{"embeddable":true,"href":"https:\/\/agora.xtec.cat\/ceip-pins\/wp-json\/wp\/v2\/pages\/1179"}],"wp:attachment":[{"href":"https:\/\/agora.xtec.cat\/ceip-pins\/wp-json\/wp\/v2\/media?parent=1187"}],"curies":[{"name":"wp","href":"https:\/\/api.w.org\/{rel}","templated":true}]}}

Comissió Colla Gegantera

<p><!-- 

<h5><strong>La popera Festa Gegantera serà el 12 de març de 2023 i participarem a la 9a cercavila d'escoles de Sant Cugat</strong></h5>

 --></p>
<p>Un grup de famílies des del curs 2017-2018 vam iniciar la Colla gegantera del Pins.</p>
<p>El nostre objectiu és mantenir al dia els gegants i fer-los partícips de les festes internes de l&#8217;escola així com participar en les cercaviles que ens convidin, com la cercavila d&#8217;escoles que organitzen els Geganters de Sant Cugat cada dos anys.</p>
<p>Actualment a l&#8217;escola hi tenim les figures següents:</p>
<ul>
<li>Els gegants <strong>Lluc</strong> i <strong>Pepa</strong>, que es va crear com a capgrossos l&#8217;any 2005, però que actualment s&#8217;han transformat com a gegants des del 2019 i 2018 respectivament</li>
<li>Els gegantons <strong>Àliga del Bec Groc</strong> i en <strong>Drac Pinxo</strong>, que es van crear com a projecte educatiu durant el curs de P5 l&#8217;any 2014</li>
<li>Els capgrossos <strong>Roc</strong> i la nana <strong>Júlia</strong> (l’única nana de Sant Cugat!), que es van fer també com a projecte educatiu de P5 l&#8217;any 2015</li>
<li>El capgròs <strong>Pinya</strong> és el més jove de tots, va ser creat el 2018 per una mare de l&#8217;escola</li>
</ul>
<p><img loading="lazy" decoding="async" class="size-full wp-image-8673 aligncenter" src="https://agora.xtec.cat/ceip-pins/wp-content/uploads/usu1715/2022/04/gegants_pins.jpg" alt="" width="384" height="512" srcset="https://agora.xtec.cat/ceip-pins/wp-content/uploads/usu1715/2022/04/gegants_pins.jpg 384w, https://agora.xtec.cat/ceip-pins/wp-content/uploads/usu1715/2022/04/gegants_pins-225x300.jpg 225w" sizes="auto, (max-width: 384px) 100vw, 384px" /></p>
<p>I esperem ser-ne més ben aviat!</p>
<p>El nostre desig és aconseguir la màxima participació de tota l’escola en les sortides que fem. Per això us animem a que us apunteu a la colla o a participar a les trobades!</p>
<p>Ja ho sabeu, animeu-vos a participar i apunteu-vos-hi enviant un correu a <a href="mailto:afa@pinsdelvalles.cat" target="_blank" rel="noopener noreferrer">afa@pinsdelvalles.cat</a>.</p>
<h2>Recull de sortides</h2>
<ul>
<li><a href="https://agora.xtec.cat/ceip-pins/afa/torna-la-cercavila-descoles-despres-de-4-anys/">9a cercavila d&#8217;escoles de Sant Cugat</a> (12 de març de 2023)</li>
</ul>
<p><img loading="lazy" decoding="async" class="alignnone size-full wp-image-8675 aligncenter" src="https://agora.xtec.cat/ceip-pins/wp-content/uploads/usu1715/2023/03/9a_Trobada_gegants_2023-03-12_2.jpeg" alt="" width="512" height="384" /></p>
<ul>
<li><a href="https://www.youtube.com/watch?v=NC3_VPjcM8Q">8a cercavila d&#8217;escoles de Sant Cugat</a> (17 d&#8217;abril a 5 de juny de 2021)</li>
</ul>
<p><center><iframe loading="lazy" width="560" height="315" src="https://www.youtube.com/embed/NC3_VPjcM8Q" title="YouTube video player" frameborder="0" allow="accelerometer; autoplay; clipboard-write; encrypted-media; gyroscope; picture-in-picture" allowfullscreen></iframe></center><br />
&nbsp;</p>
<ul>
<li><a href="https://agora.xtec.cat/ceip-pins/afa/exit-de-participacio-a-la-7a-cercavila-descoles/">7a cercavila d&#8217;escoles de Sant Cugat</a> (13 d&#8217;octubre de 2019)</li>
</ul>
<p><img loading="lazy" decoding="async" class="alignnone size-full wp-image-8675 aligncenter" src="https://agora.xtec.cat/ceip-pins/wp-content/uploads/usu1715/2022/04/gegants_pins_7a_cercavila.jpg" alt="" width="512" height="384" srcset="https://agora.xtec.cat/ceip-pins/wp-content/uploads/usu1715/2022/04/gegants_pins_7a_cercavila.jpg 512w, https://agora.xtec.cat/ceip-pins/wp-content/uploads/usu1715/2022/04/gegants_pins_7a_cercavila-300x225.jpg 300w, https://agora.xtec.cat/ceip-pins/wp-content/uploads/usu1715/2022/04/gegants_pins_7a_cercavila-200x150.jpg 200w" sizes="auto, (max-width: 512px) 100vw, 512px" /></p>
<ul>
<li><a href="https://agora.xtec.cat/ceip-pins/afa/us-presentem-la-pinya/">IX Trobada gegantera a l&#8217;Escola Teresa Altet a Rubí (26 de maig de 2018)</a> que va ser la primera!</li>
</ul>
<p><img loading="lazy" decoding="async" class="alignnone size-full wp-image-8675 aligncenter" src="http://agora.xtec.cat/ceip-pins/wp-content/uploads/usu1715/2018/06/Sortida-Gegantera-3.jpeg" alt="" width="512" height="384" /></p>
<p>&nbsp;</p>
<p>&nbsp;</p>

<p>Un grup de famílies des del curs 2017-2018 vam iniciar la Colla gegantera del Pins.<br />
El nostre objectiu és mantenir al dia els gegants i fer-los partícips de les festes internes de l&#8217;escola així com participar en les cercaviles que ens convidin, com la cercavila d&#8217;escoles&hellip;  <a href="https://agora.xtec.cat/ceip-pins/afa/gt_festes/comissio_festa_gegantera/" title="Read Comissió Colla Gegantera">Llegeix més»</a></p>
